CRAN Package Check Results for Package SpATS

Last updated on 2019-11-14 21:47:16 CET.

Flavor Version Tinstall Tcheck Ttotal Status Flags
r-devel-linux-x86_64-debian-clang 1.0-10 6.56 69.00 75.56 OK
r-devel-linux-x86_64-debian-gcc 1.0-10 6.04 53.23 59.27 OK
r-devel-linux-x86_64-fedora-clang 1.0-10 94.05 NOTE
r-devel-linux-x86_64-fedora-gcc 1.0-10 93.17 NOTE
r-devel-windows-ix86+x86_64 1.0-10 19.00 98.00 117.00 OK
r-patched-linux-x86_64 1.0-10 5.91 66.75 72.66 OK
r-patched-solaris-x86 1.0-10 133.40 NOTE
r-release-linux-x86_64 1.0-10 5.93 66.23 72.16 OK
r-release-windows-ix86+x86_64 1.0-10 13.00 70.00 83.00 OK
r-release-osx-x86_64 1.0-10 NOTE
r-oldrel-windows-ix86+x86_64 1.0-10 9.00 97.00 106.00 OK
r-oldrel-osx-x86_64 1.0-10 NOTE

Check Details

Version: 1.0-10
Check: dependencies in R code
Result: NOTE
    Namespace in Imports field not imported from: ‘methods’
     All declared Imports should be used.
Flavors: r-devel-linux-x86_64-fedora-clang, r-devel-linux-x86_64-fedora-gcc, r-patched-solaris-x86

Version: 1.0-10
Check: dependencies in R code
Result: NOTE
    No protocol specified
    Namespace in Imports field not imported from: ‘methods’
     All declared Imports should be used.
Flavors: r-release-osx-x86_64, r-oldrel-osx-x86_64