CRAN Package Check Results for Package SpaDES.addins

Last updated on 2018-10-17 11:49:10 CEST.

Flavor Version Tinstall Tcheck Ttotal Status Flags
r-devel-linux-x86_64-debian-clang 0.1.1 13.51 159.44 172.95 OK
r-devel-linux-x86_64-debian-gcc 0.1.1 12.78 136.64 149.42 OK
r-devel-linux-x86_64-fedora-clang 0.1.1 221.71 NOTE
r-devel-linux-x86_64-fedora-gcc 0.1.1 211.72 NOTE
r-devel-windows-ix86+x86_64 0.1.1 39.00 227.00 266.00 OK
r-patched-linux-x86_64 0.1.1 10.97 134.90 145.87 OK
r-patched-solaris-x86 0.1.1 301.50 NOTE
r-release-linux-x86_64 0.1.1 12.18 134.33 146.51 OK
r-release-windows-ix86+x86_64 0.1.1 34.00 229.00 263.00 OK
r-release-osx-x86_64 0.1.1 NOTE
r-oldrel-windows-ix86+x86_64 0.1.1 41.00 231.00 272.00 OK
r-oldrel-osx-x86_64 0.1.1 NOTE

Check Details

Version: 0.1.1
Check: dependencies in R code
Result: NOTE
    Namespaces in Imports field not imported from:
     ‘devtools’ ‘rstudioapi’
     All declared Imports should be used.
Flavors: r-devel-linux-x86_64-fedora-clang, r-devel-linux-x86_64-fedora-gcc, r-patched-solaris-x86, r-release-osx-x86_64, r-oldrel-osx-x86_64