CRAN Package Check Results for Package SpaDES.addins

Last updated on 2018-08-14 15:48:46 CEST.

Flavor Version Tinstall Tcheck Ttotal Status Flags
r-devel-linux-x86_64-debian-clang 0.1.1 13.59 157.57 171.16 OK
r-devel-linux-x86_64-debian-gcc 0.1.1 11.81 127.87 139.68 OK
r-devel-linux-x86_64-fedora-clang 0.1.1 206.42 NOTE
r-devel-linux-x86_64-fedora-gcc 0.1.1 198.25 NOTE
r-devel-windows-ix86+x86_64 0.1.1 42.00 258.00 300.00 OK
r-patched-linux-x86_64 0.1.1 10.29 132.99 143.28 OK
r-patched-solaris-x86 0.1.1 299.40 NOTE
r-release-linux-x86_64 0.1.1 12.61 134.34 146.95 OK
r-release-windows-ix86+x86_64 0.1.1 22.00 217.00 239.00 OK
r-release-osx-x86_64 0.1.1 NOTE
r-oldrel-windows-ix86+x86_64 0.1.1 41.00 172.00 213.00 OK
r-oldrel-osx-x86_64 0.1.1 NOTE

Check Details

Version: 0.1.1
Check: dependencies in R code
Result: NOTE
    Namespaces in Imports field not imported from:
     ‘devtools’ ‘rstudioapi’
     All declared Imports should be used.
Flavors: r-devel-linux-x86_64-fedora-clang, r-devel-linux-x86_64-fedora-gcc, r-patched-solaris-x86, r-release-osx-x86_64, r-oldrel-osx-x86_64