CRAN Package Check Results for Package SpaDES.addins

Last updated on 2018-06-18 07:48:20 CEST.

Flavor Version Tinstall Tcheck Ttotal Status Flags
r-devel-linux-x86_64-debian-clang 0.1.1 12.60 135.10 147.70 OK
r-devel-linux-x86_64-debian-gcc 0.1.1 10.55 114.30 124.85 OK
r-devel-linux-x86_64-fedora-clang 0.1.1 106.20 NOTE
r-devel-linux-x86_64-fedora-gcc 0.1.1 99.33 NOTE
r-devel-windows-ix86+x86_64 0.1.1 36.00 198.00 234.00 OK
r-patched-linux-x86_64 0.1.1 10.50 123.19 133.69 OK
r-patched-solaris-x86 0.1.1 249.90 NOTE
r-release-linux-x86_64 0.1.1 9.35 122.88 132.23 OK
r-release-windows-ix86+x86_64 0.1.1 38.00 177.00 215.00 OK
r-release-osx-x86_64 0.1.1 NOTE
r-oldrel-windows-ix86+x86_64 0.1.1 25.00 165.00 190.00 OK
r-oldrel-osx-x86_64 0.1.1 NOTE

Check Details

Version: 0.1.1
Check: dependencies in R code
Result: NOTE
    Namespaces in Imports field not imported from:
     ‘devtools’ ‘rstudioapi’
     All declared Imports should be used.
Flavors: r-devel-linux-x86_64-fedora-clang, r-devel-linux-x86_64-fedora-gcc, r-patched-solaris-x86, r-release-osx-x86_64, r-oldrel-osx-x86_64