CRAN Package Check Results for Package SpaDES.addins

Last updated on 2019-01-16 20:50:26 CET.

Flavor Version Tinstall Tcheck Ttotal Status Flags
r-devel-linux-x86_64-debian-clang 0.1.1 12.08 148.34 160.42 OK
r-devel-linux-x86_64-debian-gcc 0.1.1 10.97 120.45 131.42 OK
r-devel-linux-x86_64-fedora-clang 0.1.1 193.62 NOTE
r-devel-linux-x86_64-fedora-gcc 0.1.1 181.27 NOTE
r-devel-windows-ix86+x86_64 0.1.1 26.00 144.00 170.00 OK
r-patched-linux-x86_64 0.1.1 11.31 141.13 152.44 OK
r-patched-solaris-x86 0.1.1 308.80 NOTE
r-release-linux-x86_64 0.1.1 10.77 138.47 149.24 OK
r-release-windows-ix86+x86_64 0.1.1 45.00 152.00 197.00 OK
r-release-osx-x86_64 0.1.1 NOTE
r-oldrel-windows-ix86+x86_64 0.1.1 22.00 161.00 183.00 OK
r-oldrel-osx-x86_64 0.1.1 NOTE

Check Details

Version: 0.1.1
Check: dependencies in R code
Result: NOTE
    Namespaces in Imports field not imported from:
     ‘devtools’ ‘rstudioapi’
     All declared Imports should be used.
Flavors: r-devel-linux-x86_64-fedora-clang, r-devel-linux-x86_64-fedora-gcc, r-patched-solaris-x86, r-release-osx-x86_64, r-oldrel-osx-x86_64