CRAN Package Check Results for Package SpaDES.addins

Last updated on 2019-05-20 22:53:53 CEST.

Flavor Version Tinstall Tcheck Ttotal Status Flags
r-devel-linux-x86_64-debian-clang 0.1.2 17.13 148.66 165.79 OK
r-devel-linux-x86_64-debian-gcc 0.1.2 15.54 115.98 131.52 OK
r-devel-linux-x86_64-fedora-clang 0.1.2 198.20 NOTE
r-devel-linux-x86_64-fedora-gcc 0.1.2 195.14 NOTE
r-devel-windows-ix86+x86_64 0.1.2 44.00 211.00 255.00 OK
r-patched-linux-x86_64 0.1.2 16.28 144.25 160.53 OK
r-patched-solaris-x86 0.1.2 336.40 NOTE
r-release-linux-x86_64 0.1.2 16.60 147.41 164.01 OK
r-release-windows-ix86+x86_64 0.1.2 55.00 213.00 268.00 OK
r-release-osx-x86_64 0.1.2 NOTE
r-oldrel-windows-ix86+x86_64 0.1.2 21.00 143.00 164.00 OK
r-oldrel-osx-x86_64 0.1.2 NOTE

Check Details

Version: 0.1.2
Check: dependencies in R code
Result: NOTE
    Namespaces in Imports field not imported from:
     ‘devtools’ ‘rstudioapi’
     All declared Imports should be used.
Flavors: r-devel-linux-x86_64-fedora-clang, r-devel-linux-x86_64-fedora-gcc, r-patched-solaris-x86, r-release-osx-x86_64, r-oldrel-osx-x86_64