CRAN Package Check Results for Package SpaDES

Last updated on 2021-06-17 19:51:41 CEST.

Flavor Version Tinstall Tcheck Ttotal Status Flags
r-devel-linux-x86_64-debian-clang 2.0.7 13.60 141.99 155.59 OK
r-devel-linux-x86_64-debian-gcc 2.0.7 14.10 106.25 120.35 OK
r-devel-linux-x86_64-fedora-clang 2.0.7 193.67 OK
r-devel-linux-x86_64-fedora-gcc 2.0.7 114.40 OK
r-devel-windows-x86_64 2.0.7 25.00 167.00 192.00 OK
r-patched-solaris-x86 2.0.7 272.50 OK
r-release-linux-x86_64 2.0.7 15.72 132.71 148.43 OK
r-release-macos-arm64 2.0.6 ERROR
r-release-macos-x86_64 2.0.7 OK
r-release-windows-ix86+x86_64 2.0.7 6.00 11.00 17.00 ERROR
r-oldrel-macos-x86_64 2.0.7 OK
r-oldrel-windows-ix86+x86_64 2.0.7 35.00 140.00 175.00 OK

Check Details

Version: 2.0.6
Check: package dependencies
Result: ERROR
    Packages required but not available: 'SpaDES.addins', 'SpaDES.core'
    
    See section ‘The DESCRIPTION file’ in the ‘Writing R Extensions’
    manual.
Flavor: r-release-macos-arm64

Version: 2.0.7
Check: whether package can be installed
Result: ERROR
    Installation failed.
Flavor: r-release-windows-ix86+x86_64