CRAN Package Check Results for Package SpaDES

Last updated on 2018-08-21 01:46:43 CEST.

Flavor Version Tinstall Tcheck Ttotal Status Flags
r-devel-linux-x86_64-debian-clang 2.0.2 15.25 239.26 254.51 OK
r-devel-linux-x86_64-debian-gcc 2.0.2 14.90 189.96 204.86 OK
r-devel-linux-x86_64-fedora-clang 2.0.2 302.71 OK
r-devel-linux-x86_64-fedora-gcc 2.0.2 295.03 OK
r-devel-windows-ix86+x86_64 2.0.2 52.00 227.00 279.00 OK
r-patched-linux-x86_64 2.0.2 14.92 206.32 221.24 OK
r-patched-solaris-x86 2.0.2 468.90 OK
r-release-linux-x86_64 2.0.2 12.09 207.91 220.00 OK
r-release-windows-ix86+x86_64 2.0.2 46.00 277.00 323.00 OK
r-release-osx-x86_64 2.0.2 OK
r-oldrel-windows-ix86+x86_64 2.0.2 32.00 262.00 294.00 OK
r-oldrel-osx-x86_64 2.0.2 WARN

Check Details

Version: 2.0.2
Check: whether package can be installed
Result: WARN
    Found the following significant warnings:
     Warning: replacing previous import ‘SpaDES.tools::checkGDALVersion’ by ‘reproducible::checkGDALVersion’ when loading ‘SpaDES’
     Warning: replacing previous import ‘SpaDES.tools::getGDALVersion’ by ‘reproducible::getGDALVersion’ when loading ‘SpaDES’
     Warning: replacing previous import ‘SpaDES.tools::fastMask’ by ‘reproducible::fastMask’ when loading ‘SpaDES’
Flavor: r-oldrel-osx-x86_64

Version: 2.0.2
Check: re-building of vignette outputs
Result: WARN
    Error in re-building vignettes:
     ...
    
     decompose, spectrum
    
    The following object is masked from 'package:base':
    
     union
    
    Loading required package: sp
    loading reproducible 0.2.0
    loading quickPlot 0.1.4
    loading SpaDES.core 0.1.1
    loading SpaDES.tools 0.2.0
    loading SpaDES.addins 0.1.1
    
    Default paths for SpaDES directories set to:
     cachePath: /tmp/RtmpOSOMev/SpaDES/cache
     inputPath: /tmp/RtmpOSOMev/SpaDES/inputs
     modulePath: /tmp/RtmpOSOMev/SpaDES/modules
     outputPath: /tmp/RtmpOSOMev/SpaDES/outputs
    These can be changed using 'setPaths()'. See '?setPaths'.
    Loading required package: RColorBrewer
    Quitting from lines 66-68 (iii-cache.Rmd)
    Error: processing vignette 'iii-cache.Rmd' failed with diagnostics:
    could not find symbol "compareRasterFileLength" in environment of the generic function
    Execution halted
Flavor: r-oldrel-osx-x86_64