CRAN Package Check Results for Package SpaDES

Last updated on 2018-10-23 05:50:49 CEST.

Flavor Version Tinstall Tcheck Ttotal Status Flags
r-devel-linux-x86_64-debian-clang 2.0.2 18.53 228.99 247.52 WARN
r-devel-linux-x86_64-debian-gcc 2.0.2 14.88 205.43 220.31 OK
r-devel-linux-x86_64-fedora-clang 2.0.2 311.74 OK
r-devel-linux-x86_64-fedora-gcc 2.0.2 305.61 OK
r-devel-windows-ix86+x86_64 2.0.2 50.00 335.00 385.00 OK
r-patched-linux-x86_64 2.0.2 13.15 220.39 233.54 OK
r-patched-solaris-x86 2.0.2 468.20 OK
r-release-linux-x86_64 2.0.2 15.42 219.75 235.17 ERROR
r-release-windows-ix86+x86_64 2.0.2 44.00 277.00 321.00 OK
r-release-osx-x86_64 2.0.2 OK
r-oldrel-windows-ix86+x86_64 2.0.2 33.00 271.00 304.00 OK
r-oldrel-osx-x86_64 2.0.2 WARN

Check Details

Version: 2.0.2
Check: re-building of vignette outputs
Result: WARN
    Error in re-building vignettes:
     ...
    
    Attaching package: 'igraph'
    
    The following objects are masked from 'package:stats':
    
     decompose, spectrum
    
    The following object is masked from 'package:base':
    
     union
    
    Loading required package: sp
    loading reproducible 0.2.3
    loading quickPlot 0.1.5
    loading SpaDES.core 0.2.2
    loading SpaDES.tools 0.3.0
    loading SpaDES.addins 0.1.1
    
    Default paths for SpaDES directories set to:
     cachePath: /tmp/RtmplpZZNC/SpaDES/cache
     inputPath: /tmp/RtmplpZZNC/SpaDES/inputs
     modulePath: /tmp/RtmplpZZNC/SpaDES/modules
     outputPath: /tmp/RtmplpZZNC/SpaDES/outputs
    These can be changed using 'setPaths()'. See '?setPaths'.
    Loading required package: RColorBrewer
    ###### Module Code Checking - Still experimental - please report problems ########
    /home/hornik/tmp/R.check/r-devel-clang/Work/build/Packages/SpaDES.core/sampleModules/randomLandscapes/randomLandscapes.R
    randomLandscapes: defineParameter: '.useCache' is not of specified type 'logical'.
    randomLandscapes: module code appears clean
    /home/hornik/tmp/R.check/r-devel-clang/Work/build/Packages/SpaDES.core/sampleModules/fireSpread/fireSpread.R
    fireSpread: module code: landscape, testStats are declared in inputObjects, but no default(s) are provided in .inputObjects
    fireSpread: inputObjects: DEM, Fires are used from sim inside doEvent.fireSpread, but are not declared in inputObjects
    ###### Module Code Checking ########
    Quitting from lines 66-68 (iii-cache.Rmd)
    Error: processing vignette ‘iii-cache.Rmd’ failed with diagnostics:
    replacement has 2 rows, data has 1
    Execution halted
Flavor: r-devel-linux-x86_64-debian-clang

Version: 2.0.2
Check: package dependencies
Result: ERROR
    Packages required but not available: ‘SpaDES.addins’ ‘SpaDES.core’
    
    See section ‘The DESCRIPTION file’ in the ‘Writing R Extensions’
    manual.
Flavor: r-release-linux-x86_64

Version: 2.0.2
Check: whether package can be installed
Result: WARN
    Found the following significant warnings:
     Warning: replacing previous import ‘SpaDES.tools::checkGDALVersion’ by ‘reproducible::checkGDALVersion’ when loading ‘SpaDES’
     Warning: replacing previous import ‘SpaDES.tools::getGDALVersion’ by ‘reproducible::getGDALVersion’ when loading ‘SpaDES’
     Warning: replacing previous import ‘SpaDES.tools::fastMask’ by ‘reproducible::fastMask’ when loading ‘SpaDES’
Flavor: r-oldrel-osx-x86_64

Version: 2.0.2
Check: re-building of vignette outputs
Result: WARN
    Error in re-building vignettes:
     ...
    
     decompose, spectrum
    
    The following object is masked from 'package:base':
    
     union
    
    Loading required package: sp
    loading reproducible 0.2.0
    loading quickPlot 0.1.4
    loading SpaDES.core 0.1.1
    loading SpaDES.tools 0.2.0
    loading SpaDES.addins 0.1.1
    
    Default paths for SpaDES directories set to:
     cachePath: /tmp/RtmpOSOMev/SpaDES/cache
     inputPath: /tmp/RtmpOSOMev/SpaDES/inputs
     modulePath: /tmp/RtmpOSOMev/SpaDES/modules
     outputPath: /tmp/RtmpOSOMev/SpaDES/outputs
    These can be changed using 'setPaths()'. See '?setPaths'.
    Loading required package: RColorBrewer
    Quitting from lines 66-68 (iii-cache.Rmd)
    Error: processing vignette 'iii-cache.Rmd' failed with diagnostics:
    could not find symbol "compareRasterFileLength" in environment of the generic function
    Execution halted
Flavor: r-oldrel-osx-x86_64