CRAN Package Check Results for Package SpaDES

Last updated on 2019-02-18 10:47:24 CET.

Flavor Version Tinstall Tcheck Ttotal Status Flags
r-devel-linux-x86_64-debian-clang 2.0.3 13.43 148.66 162.09 OK
r-devel-linux-x86_64-debian-gcc 2.0.3 12.60 122.80 135.40 OK
r-devel-linux-x86_64-fedora-clang 2.0.3 208.17 OK
r-devel-linux-x86_64-fedora-gcc 2.0.3 189.06 OK
r-devel-windows-ix86+x86_64 2.0.3 37.00 148.00 185.00 OK
r-patched-linux-x86_64 2.0.3 12.69 144.87 157.56 OK
r-patched-solaris-x86 2.0.3 309.10 NOTE
r-release-linux-x86_64 2.0.3 OK
r-release-windows-ix86+x86_64 2.0.3 34.00 143.00 177.00 OK
r-release-osx-x86_64 2.0.3 OK
r-oldrel-windows-ix86+x86_64 2.0.3 26.00 185.00 211.00 OK
r-oldrel-osx-x86_64 2.0.3 OK

Check Details

Version: 2.0.3
Check: package dependencies
Result: NOTE
    Package suggested but not available for checking: ‘RandomFields’
Flavor: r-patched-solaris-x86