CRAN Package Check Results for Package SpaDES.tools

Last updated on 2019-05-20 22:53:53 CEST.

Flavor Version Tinstall Tcheck Ttotal Status Flags
r-devel-linux-x86_64-debian-clang 0.3.2 44.78 342.53 387.31 OK
r-devel-linux-x86_64-debian-gcc 0.3.2 39.27 446.15 485.42 ERROR
r-devel-linux-x86_64-fedora-clang 0.3.2 376.37 OK
r-devel-linux-x86_64-fedora-gcc 0.3.2 431.25 OK
r-devel-windows-ix86+x86_64 0.3.2 98.00 494.00 592.00 OK
r-patched-linux-x86_64 0.3.2 44.35 386.29 430.64 OK
r-patched-solaris-x86 0.3.2 448.10 OK
r-release-linux-x86_64 0.3.2 43.50 409.25 452.75 OK
r-release-windows-ix86+x86_64 0.3.2 128.00 475.00 603.00 OK
r-release-osx-x86_64 0.3.2 OK
r-oldrel-windows-ix86+x86_64 0.3.2 63.00 318.00 381.00 OK
r-oldrel-osx-x86_64 0.3.2 OK

Check Details

Version: 0.3.2
Check: tests
Result: ERROR
     Running ‘test-all.R’ [313s/302s]
    Running the tests in ‘tests/test-all.R’ failed.
    Complete output:
     > library(testthat)
     > test_check("SpaDES.tools")
     Loading required package: SpaDES.tools
     ── 1. Failure: spread2 tests (@test-spread2.R#162) ────────────────────────────
     st1[1] is not strictly less than 1. Difference: 0.087
    
     [1] "Scales with number of starts, not maxSize of raster"
     ══ testthat results ═══════════════════════════════════════════════════════════
     OK: 1047 SKIPPED: 11 WARNINGS: 0 FAILED: 1
     1. Failure: spread2 tests (@test-spread2.R#162)
    
     Error: testthat unit tests failed
     Execution halted
Flavor: r-devel-linux-x86_64-debian-gcc