CRAN Package Check Results for Package SpaDES.tools

Last updated on 2018-06-18 20:51:13 CEST.

Flavor Version Tinstall Tcheck Ttotal Status Flags
r-devel-linux-x86_64-debian-clang 0.1.1 41.93 225.06 266.99 ERROR
r-devel-linux-x86_64-debian-gcc 0.1.1 34.99 215.39 250.38 ERROR
r-devel-linux-x86_64-fedora-clang 0.1.1 218.99 ERROR
r-devel-linux-x86_64-fedora-gcc 0.1.1 179.12 ERROR
r-devel-windows-ix86+x86_64 0.1.1 98.00 501.00 599.00 ERROR
r-patched-linux-x86_64 0.1.1 40.42 242.39 282.81 ERROR
r-patched-solaris-x86 0.1.1 422.00 ERROR
r-release-linux-x86_64 0.1.1 39.98 222.79 262.77 ERROR
r-release-windows-ix86+x86_64 0.1.1 65.00 350.00 415.00 ERROR
r-release-osx-x86_64 0.1.1 NOTE
r-oldrel-windows-ix86+x86_64 0.1.1 70.00 346.00 416.00 ERROR
r-oldrel-osx-x86_64 0.1.1 NOTE

Check Details

Version: 0.1.1
Check: for unstated dependencies in ‘tests’
Result: WARN
    'library' or 'require' call not declared from: ‘mgcv’
Flavors: r-devel-linux-x86_64-debian-clang, r-devel-linux-x86_64-debian-gcc, r-devel-linux-x86_64-fedora-clang, r-devel-linux-x86_64-fedora-gcc

Version: 0.1.1
Check: tests
Result: ERROR
     Running ‘test-all.R’ [87s/87s]
    Running the tests in ‘tests/test-all.R’ failed.
    Complete output:
     > library(testthat)
     > test_check("SpaDES.tools")
     Loading required package: SpaDES.tools
     [1] "Scales with number of starts, not maxSize of raster"
     ── 1. Failure: spread2 tests -- asymmetry (@test-spread2.R#630) ───────────────
     `... <- NULL` produced warnings.
    
     ── 2. Failure: spread2 tests -- asymmetry (@test-spread2.R#630) ───────────────
     `... <- NULL` produced warnings.
    
     ── 3. Failure: spread2 tests -- asymmetry (@test-spread2.R#630) ───────────────
     `... <- NULL` produced warnings.
    
     ── 4. Failure: spread2 tests -- asymmetry (@test-spread2.R#630) ───────────────
     `... <- NULL` produced warnings.
    
     ── 5. Failure: spread2 tests -- asymmetry (@test-spread2.R#630) ───────────────
     `... <- NULL` produced warnings.
    
     ── 6. Failure: spread2 tests -- asymmetry (@test-spread2.R#630) ───────────────
     `... <- NULL` produced warnings.
    
     ── 7. Failure: spread2 tests -- asymmetry (@test-spread2.R#630) ───────────────
     `... <- NULL` produced warnings.
    
     ── 8. Failure: spread2 tests -- asymmetry (@test-spread2.R#630) ───────────────
     `... <- NULL` produced warnings.
    
     ── 9. Failure: spread2 tests -- asymmetry (@test-spread2.R#630) ───────────────
     `... <- NULL` produced warnings.
    
     ── 10. Failure: spread2 tests -- asymmetry (@test-spread2.R#630) ──────────────
     `... <- NULL` produced warnings.
    
     ── 11. Failure: spread2 tests -- asymmetry (@test-spread2.R#630) ──────────────
     `... <- NULL` produced warnings.
    
     ── 12. Failure: spread2 tests -- asymmetry (@test-spread2.R#630) ──────────────
     `... <- NULL` produced warnings.
    
     ── 13. Failure: spread2 tests -- asymmetry (@test-spread2.R#630) ──────────────
     `... <- NULL` produced warnings.
    
     ── 14. Failure: spread2 tests -- asymmetry (@test-spread2.R#630) ──────────────
     `... <- NULL` produced warnings.
    
     ── 15. Failure: spread2 tests -- asymmetry (@test-spread2.R#630) ──────────────
     `... <- NULL` produced warnings.
    
     ── 16. Failure: spread2 tests -- asymmetry (@test-spread2.R#630) ──────────────
     `... <- NULL` produced warnings.
    
     ── 17. Failure: spread2 tests -- asymmetry (@test-spread2.R#630) ──────────────
     `... <- NULL` produced warnings.
    
     ── 18. Failure: spread2 tests -- asymmetry (@test-spread2.R#630) ──────────────
     `... <- NULL` produced warnings.
    
     ── 19. Failure: spread2 tests -- asymmetry (@test-spread2.R#630) ──────────────
     `... <- NULL` produced warnings.
    
     ── 20. Failure: spread2 tests -- asymmetry (@test-spread2.R#630) ──────────────
     `... <- NULL` produced warnings.
    
     ── 21. Failure: spread2 returnFrom (@test-spread2.R#846) ──────────────────────
     `out <- spread2(a, start = sams, 0.215, asRaster = FALSE, returnFrom = TRUE)` produced warnings.
    
     ── 22. Failure: spread2 returnFrom (@test-spread2.R#846) ──────────────────────
     `out <- spread2(a, start = sams, 0.215, asRaster = FALSE, returnFrom = TRUE)` produced warnings.
    
     ── 23. Failure: spread2 returnFrom (@test-spread2.R#846) ──────────────────────
     `out <- spread2(a, start = sams, 0.215, asRaster = FALSE, returnFrom = TRUE)` produced warnings.
    
     ── 24. Failure: spread2 returnFrom (@test-spread2.R#846) ──────────────────────
     `out <- spread2(a, start = sams, 0.215, asRaster = FALSE, returnFrom = TRUE)` produced warnings.
    
     ── 25. Failure: spread2 returnFrom (@test-spread2.R#846) ──────────────────────
     `out <- spread2(a, start = sams, 0.215, asRaster = FALSE, returnFrom = TRUE)` produced warnings.
    
     ── 26. Failure: spread2 returnFrom (@test-spread2.R#846) ──────────────────────
     `out <- spread2(a, start = sams, 0.215, asRaster = FALSE, returnFrom = TRUE)` produced warnings.
    
     ── 27. Failure: spread2 returnFrom (@test-spread2.R#846) ──────────────────────
     `out <- spread2(a, start = sams, 0.215, asRaster = FALSE, returnFrom = TRUE)` produced warnings.
    
     ── 28. Failure: spread2 returnFrom (@test-spread2.R#846) ──────────────────────
     `out <- spread2(a, start = sams, 0.215, asRaster = FALSE, returnFrom = TRUE)` produced warnings.
    
     ── 29. Failure: spread2 returnFrom (@test-spread2.R#846) ──────────────────────
     `out <- spread2(a, start = sams, 0.215, asRaster = FALSE, returnFrom = TRUE)` produced warnings.
    
     ── 30. Failure: spread2 returnFrom (@test-spread2.R#846) ──────────────────────
     `out <- spread2(a, start = sams, 0.215, asRaster = FALSE, returnFrom = TRUE)` produced warnings.
    
     ── 31. Failure: spread2 returnFrom (@test-spread2.R#846) ──────────────────────
     `out <- spread2(a, start = sams, 0.215, asRaster = FALSE, returnFrom = TRUE)` produced warnings.
    
     ── 32. Failure: spread2 returnFrom (@test-spread2.R#846) ──────────────────────
     `out <- spread2(a, start = sams, 0.215, asRaster = FALSE, returnFrom = TRUE)` produced warnings.
    
     ── 33. Failure: spread2 returnFrom (@test-spread2.R#846) ──────────────────────
     `out <- spread2(a, start = sams, 0.215, asRaster = FALSE, returnFrom = TRUE)` produced warnings.
    
     ── 34. Failure: spread2 returnFrom (@test-spread2.R#846) ──────────────────────
     `out <- spread2(a, start = sams, 0.215, asRaster = FALSE, returnFrom = TRUE)` produced warnings.
    
     ── 35. Failure: spread2 returnFrom (@test-spread2.R#846) ──────────────────────
     `out <- spread2(a, start = sams, 0.215, asRaster = FALSE, returnFrom = TRUE)` produced warnings.
    
     ── 36. Failure: spread2 returnFrom (@test-spread2.R#846) ──────────────────────
     `out <- spread2(a, start = sams, 0.215, asRaster = FALSE, returnFrom = TRUE)` produced warnings.
    
     ── 37. Failure: spread2 returnFrom (@test-spread2.R#846) ──────────────────────
     `out <- spread2(a, start = sams, 0.215, asRaster = FALSE, returnFrom = TRUE)` produced warnings.
    
     ── 38. Failure: spread2 returnFrom (@test-spread2.R#846) ──────────────────────
     `out <- spread2(a, start = sams, 0.215, asRaster = FALSE, returnFrom = TRUE)` produced warnings.
    
     ── 39. Failure: spread2 returnFrom (@test-spread2.R#846) ──────────────────────
     `out <- spread2(a, start = sams, 0.215, asRaster = FALSE, returnFrom = TRUE)` produced warnings.
    
     ── 40. Failure: spread2 returnFrom (@test-spread2.R#846) ──────────────────────
     `out <- spread2(a, start = sams, 0.215, asRaster = FALSE, returnFrom = TRUE)` produced warnings.
    
     ══ testthat results ═══════════════════════════════════════════════════════════
     OK: 1595 SKIPPED: 23 FAILED: 40
     1. Failure: spread2 tests -- asymmetry (@test-spread2.R#630)
     2. Failure: spread2 tests -- asymmetry (@test-spread2.R#630)
     3. Failure: spread2 tests -- asymmetry (@test-spread2.R#630)
     4. Failure: spread2 tests -- asymmetry (@test-spread2.R#630)
     5. Failure: spread2 tests -- asymmetry (@test-spread2.R#630)
     6. Failure: spread2 tests -- asymmetry (@test-spread2.R#630)
     7. Failure: spread2 tests -- asymmetry (@test-spread2.R#630)
     8. Failure: spread2 tests -- asymmetry (@test-spread2.R#630)
     9. Failure: spread2 tests -- asymmetry (@test-spread2.R#630)
     1. ...
    
     Error: testthat unit tests failed
     Execution halted
Flavor: r-devel-linux-x86_64-debian-clang

Version: 0.1.1
Check: tests
Result: ERROR
     Running ‘test-all.R’ [76s/111s]
    Running the tests in ‘tests/test-all.R’ failed.
    Complete output:
     > library(testthat)
     > test_check("SpaDES.tools")
     Loading required package: SpaDES.tools
     [1] "Scales with number of starts, not maxSize of raster"
     ── 1. Failure: spread2 tests -- asymmetry (@test-spread2.R#630) ───────────────
     `... <- NULL` produced warnings.
    
     ── 2. Failure: spread2 tests -- asymmetry (@test-spread2.R#630) ───────────────
     `... <- NULL` produced warnings.
    
     ── 3. Failure: spread2 tests -- asymmetry (@test-spread2.R#630) ───────────────
     `... <- NULL` produced warnings.
    
     ── 4. Failure: spread2 tests -- asymmetry (@test-spread2.R#630) ───────────────
     `... <- NULL` produced warnings.
    
     ── 5. Failure: spread2 tests -- asymmetry (@test-spread2.R#630) ───────────────
     `... <- NULL` produced warnings.
    
     ── 6. Failure: spread2 tests -- asymmetry (@test-spread2.R#630) ───────────────
     `... <- NULL` produced warnings.
    
     ── 7. Failure: spread2 tests -- asymmetry (@test-spread2.R#630) ───────────────
     `... <- NULL` produced warnings.
    
     ── 8. Failure: spread2 tests -- asymmetry (@test-spread2.R#630) ───────────────
     `... <- NULL` produced warnings.
    
     ── 9. Failure: spread2 tests -- asymmetry (@test-spread2.R#630) ───────────────
     `... <- NULL` produced warnings.
    
     ── 10. Failure: spread2 tests -- asymmetry (@test-spread2.R#630) ──────────────
     `... <- NULL` produced warnings.
    
     ── 11. Failure: spread2 tests -- asymmetry (@test-spread2.R#630) ──────────────
     `... <- NULL` produced warnings.
    
     ── 12. Failure: spread2 tests -- asymmetry (@test-spread2.R#630) ──────────────
     `... <- NULL` produced warnings.
    
     ── 13. Failure: spread2 tests -- asymmetry (@test-spread2.R#630) ──────────────
     `... <- NULL` produced warnings.
    
     ── 14. Failure: spread2 tests -- asymmetry (@test-spread2.R#630) ──────────────
     `... <- NULL` produced warnings.
    
     ── 15. Failure: spread2 tests -- asymmetry (@test-spread2.R#630) ──────────────
     `... <- NULL` produced warnings.
    
     ── 16. Failure: spread2 tests -- asymmetry (@test-spread2.R#630) ──────────────
     `... <- NULL` produced warnings.
    
     ── 17. Failure: spread2 tests -- asymmetry (@test-spread2.R#630) ──────────────
     `... <- NULL` produced warnings.
    
     ── 18. Failure: spread2 tests -- asymmetry (@test-spread2.R#630) ──────────────
     `... <- NULL` produced warnings.
    
     ── 19. Failure: spread2 tests -- asymmetry (@test-spread2.R#630) ──────────────
     `... <- NULL` produced warnings.
    
     ── 20. Failure: spread2 tests -- asymmetry (@test-spread2.R#630) ──────────────
     `... <- NULL` produced warnings.
    
     ── 21. Failure: spread2 returnFrom (@test-spread2.R#846) ──────────────────────
     `out <- spread2(a, start = sams, 0.215, asRaster = FALSE, returnFrom = TRUE)` produced warnings.
    
     ── 22. Failure: spread2 returnFrom (@test-spread2.R#846) ──────────────────────
     `out <- spread2(a, start = sams, 0.215, asRaster = FALSE, returnFrom = TRUE)` produced warnings.
    
     ── 23. Failure: spread2 returnFrom (@test-spread2.R#846) ──────────────────────
     `out <- spread2(a, start = sams, 0.215, asRaster = FALSE, returnFrom = TRUE)` produced warnings.
    
     ── 24. Failure: spread2 returnFrom (@test-spread2.R#846) ──────────────────────
     `out <- spread2(a, start = sams, 0.215, asRaster = FALSE, returnFrom = TRUE)` produced warnings.
    
     ── 25. Failure: spread2 returnFrom (@test-spread2.R#846) ──────────────────────
     `out <- spread2(a, start = sams, 0.215, asRaster = FALSE, returnFrom = TRUE)` produced warnings.
    
     ── 26. Failure: spread2 returnFrom (@test-spread2.R#846) ──────────────────────
     `out <- spread2(a, start = sams, 0.215, asRaster = FALSE, returnFrom = TRUE)` produced warnings.
    
     ── 27. Failure: spread2 returnFrom (@test-spread2.R#846) ──────────────────────
     `out <- spread2(a, start = sams, 0.215, asRaster = FALSE, returnFrom = TRUE)` produced warnings.
    
     ── 28. Failure: spread2 returnFrom (@test-spread2.R#846) ──────────────────────
     `out <- spread2(a, start = sams, 0.215, asRaster = FALSE, returnFrom = TRUE)` produced warnings.
    
     ── 29. Failure: spread2 returnFrom (@test-spread2.R#846) ──────────────────────
     `out <- spread2(a, start = sams, 0.215, asRaster = FALSE, returnFrom = TRUE)` produced warnings.
    
     ── 30. Failure: spread2 returnFrom (@test-spread2.R#846) ──────────────────────
     `out <- spread2(a, start = sams, 0.215, asRaster = FALSE, returnFrom = TRUE)` produced warnings.
    
     ── 31. Failure: spread2 returnFrom (@test-spread2.R#846) ──────────────────────
     `out <- spread2(a, start = sams, 0.215, asRaster = FALSE, returnFrom = TRUE)` produced warnings.
    
     ── 32. Failure: spread2 returnFrom (@test-spread2.R#846) ──────────────────────
     `out <- spread2(a, start = sams, 0.215, asRaster = FALSE, returnFrom = TRUE)` produced warnings.
    
     ── 33. Failure: spread2 returnFrom (@test-spread2.R#846) ──────────────────────
     `out <- spread2(a, start = sams, 0.215, asRaster = FALSE, returnFrom = TRUE)` produced warnings.
    
     ── 34. Failure: spread2 returnFrom (@test-spread2.R#846) ──────────────────────
     `out <- spread2(a, start = sams, 0.215, asRaster = FALSE, returnFrom = TRUE)` produced warnings.
    
     ── 35. Failure: spread2 returnFrom (@test-spread2.R#846) ──────────────────────
     `out <- spread2(a, start = sams, 0.215, asRaster = FALSE, returnFrom = TRUE)` produced warnings.
    
     ── 36. Failure: spread2 returnFrom (@test-spread2.R#846) ──────────────────────
     `out <- spread2(a, start = sams, 0.215, asRaster = FALSE, returnFrom = TRUE)` produced warnings.
    
     ── 37. Failure: spread2 returnFrom (@test-spread2.R#846) ──────────────────────
     `out <- spread2(a, start = sams, 0.215, asRaster = FALSE, returnFrom = TRUE)` produced warnings.
    
     ── 38. Failure: spread2 returnFrom (@test-spread2.R#846) ──────────────────────
     `out <- spread2(a, start = sams, 0.215, asRaster = FALSE, returnFrom = TRUE)` produced warnings.
    
     ── 39. Failure: spread2 returnFrom (@test-spread2.R#846) ──────────────────────
     `out <- spread2(a, start = sams, 0.215, asRaster = FALSE, returnFrom = TRUE)` produced warnings.
    
     ── 40. Failure: spread2 returnFrom (@test-spread2.R#846) ──────────────────────
     `out <- spread2(a, start = sams, 0.215, asRaster = FALSE, returnFrom = TRUE)` produced warnings.
    
     ══ testthat results ═══════════════════════════════════════════════════════════
     OK: 1595 SKIPPED: 23 FAILED: 40
     1. Failure: spread2 tests -- asymmetry (@test-spread2.R#630)
     2. Failure: spread2 tests -- asymmetry (@test-spread2.R#630)
     3. Failure: spread2 tests -- asymmetry (@test-spread2.R#630)
     4. Failure: spread2 tests -- asymmetry (@test-spread2.R#630)
     5. Failure: spread2 tests -- asymmetry (@test-spread2.R#630)
     6. Failure: spread2 tests -- asymmetry (@test-spread2.R#630)
     7. Failure: spread2 tests -- asymmetry (@test-spread2.R#630)
     8. Failure: spread2 tests -- asymmetry (@test-spread2.R#630)
     9. Failure: spread2 tests -- asymmetry (@test-spread2.R#630)
     1. ...
    
     Error: testthat unit tests failed
     Execution halted
Flavor: r-devel-linux-x86_64-debian-gcc

Version: 0.1.1
Check: dependencies in R code
Result: NOTE
    Namespaces in Imports field not imported from:
     ‘fastdigest’ ‘httr’
     All declared Imports should be used.
Flavors: r-devel-linux-x86_64-fedora-clang, r-devel-linux-x86_64-fedora-gcc, r-patched-solaris-x86, r-release-osx-x86_64, r-oldrel-osx-x86_64

Version: 0.1.1
Check: tests
Result: ERROR
     Running ‘test-all.R’ [88s/95s]
    Running the tests in ‘tests/test-all.R’ failed.
    Complete output:
     > library(testthat)
     > test_check("SpaDES.tools")
     Loading required package: SpaDES.tools
     [1] "Scales with number of starts, not maxSize of raster"
     ── 1. Failure: spread2 tests -- asymmetry (@test-spread2.R#630) ───────────────
     `... <- NULL` produced warnings.
    
     ── 2. Failure: spread2 tests -- asymmetry (@test-spread2.R#630) ───────────────
     `... <- NULL` produced warnings.
    
     ── 3. Failure: spread2 tests -- asymmetry (@test-spread2.R#630) ───────────────
     `... <- NULL` produced warnings.
    
     ── 4. Failure: spread2 tests -- asymmetry (@test-spread2.R#630) ───────────────
     `... <- NULL` produced warnings.
    
     ── 5. Failure: spread2 tests -- asymmetry (@test-spread2.R#630) ───────────────
     `... <- NULL` produced warnings.
    
     ── 6. Failure: spread2 tests -- asymmetry (@test-spread2.R#630) ───────────────
     `... <- NULL` produced warnings.
    
     ── 7. Failure: spread2 tests -- asymmetry (@test-spread2.R#630) ───────────────
     `... <- NULL` produced warnings.
    
     ── 8. Failure: spread2 tests -- asymmetry (@test-spread2.R#630) ───────────────
     `... <- NULL` produced warnings.
    
     ── 9. Failure: spread2 tests -- asymmetry (@test-spread2.R#630) ───────────────
     `... <- NULL` produced warnings.
    
     ── 10. Failure: spread2 tests -- asymmetry (@test-spread2.R#630) ──────────────
     `... <- NULL` produced warnings.
    
     ── 11. Failure: spread2 tests -- asymmetry (@test-spread2.R#630) ──────────────
     `... <- NULL` produced warnings.
    
     ── 12. Failure: spread2 tests -- asymmetry (@test-spread2.R#630) ──────────────
     `... <- NULL` produced warnings.
    
     ── 13. Failure: spread2 tests -- asymmetry (@test-spread2.R#630) ──────────────
     `... <- NULL` produced warnings.
    
     ── 14. Failure: spread2 tests -- asymmetry (@test-spread2.R#630) ──────────────
     `... <- NULL` produced warnings.
    
     ── 15. Failure: spread2 tests -- asymmetry (@test-spread2.R#630) ──────────────
     `... <- NULL` produced warnings.
    
     ── 16. Failure: spread2 tests -- asymmetry (@test-spread2.R#630) ──────────────
     `... <- NULL` produced warnings.
    
     ── 17. Failure: spread2 tests -- asymmetry (@test-spread2.R#630) ──────────────
     `... <- NULL` produced warnings.
    
     ── 18. Failure: spread2 tests -- asymmetry (@test-spread2.R#630) ──────────────
     `... <- NULL` produced warnings.
    
     ── 19. Failure: spread2 tests -- asymmetry (@test-spread2.R#630) ──────────────
     `... <- NULL` produced warnings.
    
     ── 20. Failure: spread2 tests -- asymmetry (@test-spread2.R#630) ──────────────
     `... <- NULL` produced warnings.
    
     ── 21. Failure: spread2 returnFrom (@test-spread2.R#846) ──────────────────────
     `out <- spread2(a, start = sams, 0.215, asRaster = FALSE, returnFrom = TRUE)` produced warnings.
    
     ── 22. Failure: spread2 returnFrom (@test-spread2.R#846) ──────────────────────
     `out <- spread2(a, start = sams, 0.215, asRaster = FALSE, returnFrom = TRUE)` produced warnings.
    
     ── 23. Failure: spread2 returnFrom (@test-spread2.R#846) ──────────────────────
     `out <- spread2(a, start = sams, 0.215, asRaster = FALSE, returnFrom = TRUE)` produced warnings.
    
     ── 24. Failure: spread2 returnFrom (@test-spread2.R#846) ──────────────────────
     `out <- spread2(a, start = sams, 0.215, asRaster = FALSE, returnFrom = TRUE)` produced warnings.
    
     ── 25. Failure: spread2 returnFrom (@test-spread2.R#846) ──────────────────────
     `out <- spread2(a, start = sams, 0.215, asRaster = FALSE, returnFrom = TRUE)` produced warnings.
    
     ── 26. Failure: spread2 returnFrom (@test-spread2.R#846) ──────────────────────
     `out <- spread2(a, start = sams, 0.215, asRaster = FALSE, returnFrom = TRUE)` produced warnings.
    
     ── 27. Failure: spread2 returnFrom (@test-spread2.R#846) ──────────────────────
     `out <- spread2(a, start = sams, 0.215, asRaster = FALSE, returnFrom = TRUE)` produced warnings.
    
     ── 28. Failure: spread2 returnFrom (@test-spread2.R#846) ──────────────────────
     `out <- spread2(a, start = sams, 0.215, asRaster = FALSE, returnFrom = TRUE)` produced warnings.
    
     ── 29. Failure: spread2 returnFrom (@test-spread2.R#846) ──────────────────────
     `out <- spread2(a, start = sams, 0.215, asRaster = FALSE, returnFrom = TRUE)` produced warnings.
    
     ── 30. Failure: spread2 returnFrom (@test-spread2.R#846) ──────────────────────
     `out <- spread2(a, start = sams, 0.215, asRaster = FALSE, returnFrom = TRUE)` produced warnings.
    
     ── 31. Failure: spread2 returnFrom (@test-spread2.R#846) ──────────────────────
     `out <- spread2(a, start = sams, 0.215, asRaster = FALSE, returnFrom = TRUE)` produced warnings.
    
     ── 32. Failure: spread2 returnFrom (@test-spread2.R#846) ──────────────────────
     `out <- spread2(a, start = sams, 0.215, asRaster = FALSE, returnFrom = TRUE)` produced warnings.
    
     ── 33. Failure: spread2 returnFrom (@test-spread2.R#846) ──────────────────────
     `out <- spread2(a, start = sams, 0.215, asRaster = FALSE, returnFrom = TRUE)` produced warnings.
    
     ── 34. Failure: spread2 returnFrom (@test-spread2.R#846) ──────────────────────
     `out <- spread2(a, start = sams, 0.215, asRaster = FALSE, returnFrom = TRUE)` produced warnings.
    
     ── 35. Failure: spread2 returnFrom (@test-spread2.R#846) ──────────────────────
     `out <- spread2(a, start = sams, 0.215, asRaster = FALSE, returnFrom = TRUE)` produced warnings.
    
     ── 36. Failure: spread2 returnFrom (@test-spread2.R#846) ──────────────────────
     `out <- spread2(a, start = sams, 0.215, asRaster = FALSE, returnFrom = TRUE)` produced warnings.
    
     ── 37. Failure: spread2 returnFrom (@test-spread2.R#846) ──────────────────────
     `out <- spread2(a, start = sams, 0.215, asRaster = FALSE, returnFrom = TRUE)` produced warnings.
    
     ── 38. Failure: spread2 returnFrom (@test-spread2.R#846) ──────────────────────
     `out <- spread2(a, start = sams, 0.215, asRaster = FALSE, returnFrom = TRUE)` produced warnings.
    
     ── 39. Failure: spread2 returnFrom (@test-spread2.R#846) ──────────────────────
     `out <- spread2(a, start = sams, 0.215, asRaster = FALSE, returnFrom = TRUE)` produced warnings.
    
     ── 40. Failure: spread2 returnFrom (@test-spread2.R#846) ──────────────────────
     `out <- spread2(a, start = sams, 0.215, asRaster = FALSE, returnFrom = TRUE)` produced warnings.
    
     ══ testthat results ═══════════════════════════════════════════════════════════
     OK: 1595 SKIPPED: 23 FAILED: 40
     1. Failure: spread2 tests -- asymmetry (@test-spread2.R#630)
     2. Failure: spread2 tests -- asymmetry (@test-spread2.R#630)
     3. Failure: spread2 tests -- asymmetry (@test-spread2.R#630)
     4. Failure: spread2 tests -- asymmetry (@test-spread2.R#630)
     5. Failure: spread2 tests -- asymmetry (@test-spread2.R#630)
     6. Failure: spread2 tests -- asymmetry (@test-spread2.R#630)
     7. Failure: spread2 tests -- asymmetry (@test-spread2.R#630)
     8. Failure: spread2 tests -- asymmetry (@test-spread2.R#630)
     9. Failure: spread2 tests -- asymmetry (@test-spread2.R#630)
     1. ...
    
     Error: testthat unit tests failed
     Execution halted
Flavor: r-devel-linux-x86_64-fedora-clang

Version: 0.1.1
Check: tests
Result: ERROR
     Running ‘test-all.R’ [59s/60s]
    Running the tests in ‘tests/test-all.R’ failed.
    Complete output:
     > library(testthat)
     > test_check("SpaDES.tools")
     Loading required package: SpaDES.tools
     [1] "Scales with number of starts, not maxSize of raster"
     ── 1. Failure: spread2 tests -- asymmetry (@test-spread2.R#630) ───────────────
     `... <- NULL` produced warnings.
    
     ── 2. Failure: spread2 tests -- asymmetry (@test-spread2.R#630) ───────────────
     `... <- NULL` produced warnings.
    
     ── 3. Failure: spread2 tests -- asymmetry (@test-spread2.R#630) ───────────────
     `... <- NULL` produced warnings.
    
     ── 4. Failure: spread2 tests -- asymmetry (@test-spread2.R#630) ───────────────
     `... <- NULL` produced warnings.
    
     ── 5. Failure: spread2 tests -- asymmetry (@test-spread2.R#630) ───────────────
     `... <- NULL` produced warnings.
    
     ── 6. Failure: spread2 tests -- asymmetry (@test-spread2.R#630) ───────────────
     `... <- NULL` produced warnings.
    
     ── 7. Failure: spread2 tests -- asymmetry (@test-spread2.R#630) ───────────────
     `... <- NULL` produced warnings.
    
     ── 8. Failure: spread2 tests -- asymmetry (@test-spread2.R#630) ───────────────
     `... <- NULL` produced warnings.
    
     ── 9. Failure: spread2 tests -- asymmetry (@test-spread2.R#630) ───────────────
     `... <- NULL` produced warnings.
    
     ── 10. Failure: spread2 tests -- asymmetry (@test-spread2.R#630) ──────────────
     `... <- NULL` produced warnings.
    
     ── 11. Failure: spread2 tests -- asymmetry (@test-spread2.R#630) ──────────────
     `... <- NULL` produced warnings.
    
     ── 12. Failure: spread2 tests -- asymmetry (@test-spread2.R#630) ──────────────
     `... <- NULL` produced warnings.
    
     ── 13. Failure: spread2 tests -- asymmetry (@test-spread2.R#630) ──────────────
     `... <- NULL` produced warnings.
    
     ── 14. Failure: spread2 tests -- asymmetry (@test-spread2.R#630) ──────────────
     `... <- NULL` produced warnings.
    
     ── 15. Failure: spread2 tests -- asymmetry (@test-spread2.R#630) ──────────────
     `... <- NULL` produced warnings.
    
     ── 16. Failure: spread2 tests -- asymmetry (@test-spread2.R#630) ──────────────
     `... <- NULL` produced warnings.
    
     ── 17. Failure: spread2 tests -- asymmetry (@test-spread2.R#630) ──────────────
     `... <- NULL` produced warnings.
    
     ── 18. Failure: spread2 tests -- asymmetry (@test-spread2.R#630) ──────────────
     `... <- NULL` produced warnings.
    
     ── 19. Failure: spread2 tests -- asymmetry (@test-spread2.R#630) ──────────────
     `... <- NULL` produced warnings.
    
     ── 20. Failure: spread2 tests -- asymmetry (@test-spread2.R#630) ──────────────
     `... <- NULL` produced warnings.
    
     ── 21. Failure: spread2 returnFrom (@test-spread2.R#846) ──────────────────────
     `out <- spread2(a, start = sams, 0.215, asRaster = FALSE, returnFrom = TRUE)` produced warnings.
    
     ── 22. Failure: spread2 returnFrom (@test-spread2.R#846) ──────────────────────
     `out <- spread2(a, start = sams, 0.215, asRaster = FALSE, returnFrom = TRUE)` produced warnings.
    
     ── 23. Failure: spread2 returnFrom (@test-spread2.R#846) ──────────────────────
     `out <- spread2(a, start = sams, 0.215, asRaster = FALSE, returnFrom = TRUE)` produced warnings.
    
     ── 24. Failure: spread2 returnFrom (@test-spread2.R#846) ──────────────────────
     `out <- spread2(a, start = sams, 0.215, asRaster = FALSE, returnFrom = TRUE)` produced warnings.
    
     ── 25. Failure: spread2 returnFrom (@test-spread2.R#846) ──────────────────────
     `out <- spread2(a, start = sams, 0.215, asRaster = FALSE, returnFrom = TRUE)` produced warnings.
    
     ── 26. Failure: spread2 returnFrom (@test-spread2.R#846) ──────────────────────
     `out <- spread2(a, start = sams, 0.215, asRaster = FALSE, returnFrom = TRUE)` produced warnings.
    
     ── 27. Failure: spread2 returnFrom (@test-spread2.R#846) ──────────────────────
     `out <- spread2(a, start = sams, 0.215, asRaster = FALSE, returnFrom = TRUE)` produced warnings.
    
     ── 28. Failure: spread2 returnFrom (@test-spread2.R#846) ──────────────────────
     `out <- spread2(a, start = sams, 0.215, asRaster = FALSE, returnFrom = TRUE)` produced warnings.
    
     ── 29. Failure: spread2 returnFrom (@test-spread2.R#846) ──────────────────────
     `out <- spread2(a, start = sams, 0.215, asRaster = FALSE, returnFrom = TRUE)` produced warnings.
    
     ── 30. Failure: spread2 returnFrom (@test-spread2.R#846) ──────────────────────
     `out <- spread2(a, start = sams, 0.215, asRaster = FALSE, returnFrom = TRUE)` produced warnings.
    
     ── 31. Failure: spread2 returnFrom (@test-spread2.R#846) ──────────────────────
     `out <- spread2(a, start = sams, 0.215, asRaster = FALSE, returnFrom = TRUE)` produced warnings.
    
     ── 32. Failure: spread2 returnFrom (@test-spread2.R#846) ──────────────────────
     `out <- spread2(a, start = sams, 0.215, asRaster = FALSE, returnFrom = TRUE)` produced warnings.
    
     ── 33. Failure: spread2 returnFrom (@test-spread2.R#846) ──────────────────────
     `out <- spread2(a, start = sams, 0.215, asRaster = FALSE, returnFrom = TRUE)` produced warnings.
    
     ── 34. Failure: spread2 returnFrom (@test-spread2.R#846) ──────────────────────
     `out <- spread2(a, start = sams, 0.215, asRaster = FALSE, returnFrom = TRUE)` produced warnings.
    
     ── 35. Failure: spread2 returnFrom (@test-spread2.R#846) ──────────────────────
     `out <- spread2(a, start = sams, 0.215, asRaster = FALSE, returnFrom = TRUE)` produced warnings.
    
     ── 36. Failure: spread2 returnFrom (@test-spread2.R#846) ──────────────────────
     `out <- spread2(a, start = sams, 0.215, asRaster = FALSE, returnFrom = TRUE)` produced warnings.
    
     ── 37. Failure: spread2 returnFrom (@test-spread2.R#846) ──────────────────────
     `out <- spread2(a, start = sams, 0.215, asRaster = FALSE, returnFrom = TRUE)` produced warnings.
    
     ── 38. Failure: spread2 returnFrom (@test-spread2.R#846) ──────────────────────
     `out <- spread2(a, start = sams, 0.215, asRaster = FALSE, returnFrom = TRUE)` produced warnings.
    
     ── 39. Failure: spread2 returnFrom (@test-spread2.R#846) ──────────────────────
     `out <- spread2(a, start = sams, 0.215, asRaster = FALSE, returnFrom = TRUE)` produced warnings.
    
     ── 40. Failure: spread2 returnFrom (@test-spread2.R#846) ──────────────────────
     `out <- spread2(a, start = sams, 0.215, asRaster = FALSE, returnFrom = TRUE)` produced warnings.
    
     ══ testthat results ═══════════════════════════════════════════════════════════
     OK: 1595 SKIPPED: 23 FAILED: 40
     1. Failure: spread2 tests -- asymmetry (@test-spread2.R#630)
     2. Failure: spread2 tests -- asymmetry (@test-spread2.R#630)
     3. Failure: spread2 tests -- asymmetry (@test-spread2.R#630)
     4. Failure: spread2 tests -- asymmetry (@test-spread2.R#630)
     5. Failure: spread2 tests -- asymmetry (@test-spread2.R#630)
     6. Failure: spread2 tests -- asymmetry (@test-spread2.R#630)
     7. Failure: spread2 tests -- asymmetry (@test-spread2.R#630)
     8. Failure: spread2 tests -- asymmetry (@test-spread2.R#630)
     9. Failure: spread2 tests -- asymmetry (@test-spread2.R#630)
     1. ...
    
     Error: testthat unit tests failed
     Execution halted
Flavor: r-devel-linux-x86_64-fedora-gcc

Version: 0.1.1
Check: running tests for arch ‘i386’
Result: ERROR
     Running 'test-all.R' [108s]
    Running the tests in 'tests/test-all.R' failed.
    Complete output:
     > library(testthat)
     > test_check("SpaDES.tools")
     Loading required package: SpaDES.tools
     [1] "Scales with number of starts, not maxSize of raster"
     -- 1. Failure: spread2 tests -- asymmetry (@test-spread2.R#630) ---------------
     `... <- NULL` produced warnings.
    
     -- 2. Failure: spread2 tests -- asymmetry (@test-spread2.R#630) ---------------
     `... <- NULL` produced warnings.
    
     -- 3. Failure: spread2 tests -- asymmetry (@test-spread2.R#630) ---------------
     `... <- NULL` produced warnings.
    
     -- 4. Failure: spread2 tests -- asymmetry (@test-spread2.R#630) ---------------
     `... <- NULL` produced warnings.
    
     -- 5. Failure: spread2 tests -- asymmetry (@test-spread2.R#630) ---------------
     `... <- NULL` produced warnings.
    
     -- 6. Failure: spread2 tests -- asymmetry (@test-spread2.R#630) ---------------
     `... <- NULL` produced warnings.
    
     -- 7. Failure: spread2 tests -- asymmetry (@test-spread2.R#630) ---------------
     `... <- NULL` produced warnings.
    
     -- 8. Failure: spread2 tests -- asymmetry (@test-spread2.R#630) ---------------
     `... <- NULL` produced warnings.
    
     -- 9. Failure: spread2 tests -- asymmetry (@test-spread2.R#630) ---------------
     `... <- NULL` produced warnings.
    
     -- 10. Failure: spread2 tests -- asymmetry (@test-spread2.R#630) --------------
     `... <- NULL` produced warnings.
    
     -- 11. Failure: spread2 tests -- asymmetry (@test-spread2.R#630) --------------
     `... <- NULL` produced warnings.
    
     -- 12. Failure: spread2 tests -- asymmetry (@test-spread2.R#630) --------------
     `... <- NULL` produced warnings.
    
     -- 13. Failure: spread2 tests -- asymmetry (@test-spread2.R#630) --------------
     `... <- NULL` produced warnings.
    
     -- 14. Failure: spread2 tests -- asymmetry (@test-spread2.R#630) --------------
     `... <- NULL` produced warnings.
    
     -- 15. Failure: spread2 tests -- asymmetry (@test-spread2.R#630) --------------
     `... <- NULL` produced warnings.
    
     -- 16. Failure: spread2 tests -- asymmetry (@test-spread2.R#630) --------------
     `... <- NULL` produced warnings.
    
     -- 17. Failure: spread2 tests -- asymmetry (@test-spread2.R#630) --------------
     `... <- NULL` produced warnings.
    
     -- 18. Failure: spread2 tests -- asymmetry (@test-spread2.R#630) --------------
     `... <- NULL` produced warnings.
    
     -- 19. Failure: spread2 tests -- asymmetry (@test-spread2.R#630) --------------
     `... <- NULL` produced warnings.
    
     -- 20. Failure: spread2 tests -- asymmetry (@test-spread2.R#630) --------------
     `... <- NULL` produced warnings.
    
     -- 21. Failure: spread2 returnFrom (@test-spread2.R#846) ----------------------
     `out <- spread2(a, start = sams, 0.215, asRaster = FALSE, returnFrom = TRUE)` produced warnings.
    
     -- 22. Failure: spread2 returnFrom (@test-spread2.R#846) ----------------------
     `out <- spread2(a, start = sams, 0.215, asRaster = FALSE, returnFrom = TRUE)` produced warnings.
    
     -- 23. Failure: spread2 returnFrom (@test-spread2.R#846) ----------------------
     `out <- spread2(a, start = sams, 0.215, asRaster = FALSE, returnFrom = TRUE)` produced warnings.
    
     -- 24. Failure: spread2 returnFrom (@test-spread2.R#846) ----------------------
     `out <- spread2(a, start = sams, 0.215, asRaster = FALSE, returnFrom = TRUE)` produced warnings.
    
     -- 25. Failure: spread2 returnFrom (@test-spread2.R#846) ----------------------
     `out <- spread2(a, start = sams, 0.215, asRaster = FALSE, returnFrom = TRUE)` produced warnings.
    
     -- 26. Failure: spread2 returnFrom (@test-spread2.R#846) ----------------------
     `out <- spread2(a, start = sams, 0.215, asRaster = FALSE, returnFrom = TRUE)` produced warnings.
    
     -- 27. Failure: spread2 returnFrom (@test-spread2.R#846) ----------------------
     `out <- spread2(a, start = sams, 0.215, asRaster = FALSE, returnFrom = TRUE)` produced warnings.
    
     -- 28. Failure: spread2 returnFrom (@test-spread2.R#846) ----------------------
     `out <- spread2(a, start = sams, 0.215, asRaster = FALSE, returnFrom = TRUE)` produced warnings.
    
     -- 29. Failure: spread2 returnFrom (@test-spread2.R#846) ----------------------
     `out <- spread2(a, start = sams, 0.215, asRaster = FALSE, returnFrom = TRUE)` produced warnings.
    
     -- 30. Failure: spread2 returnFrom (@test-spread2.R#846) ----------------------
     `out <- spread2(a, start = sams, 0.215, asRaster = FALSE, returnFrom = TRUE)` produced warnings.
    
     -- 31. Failure: spread2 returnFrom (@test-spread2.R#846) ----------------------
     `out <- spread2(a, start = sams, 0.215, asRaster = FALSE, returnFrom = TRUE)` produced warnings.
    
     -- 32. Failure: spread2 returnFrom (@test-spread2.R#846) ----------------------
     `out <- spread2(a, start = sams, 0.215, asRaster = FALSE, returnFrom = TRUE)` produced warnings.
    
     -- 33. Failure: spread2 returnFrom (@test-spread2.R#846) ----------------------
     `out <- spread2(a, start = sams, 0.215, asRaster = FALSE, returnFrom = TRUE)` produced warnings.
    
     -- 34. Failure: spread2 returnFrom (@test-spread2.R#846) ----------------------
     `out <- spread2(a, start = sams, 0.215, asRaster = FALSE, returnFrom = TRUE)` produced warnings.
    
     -- 35. Failure: spread2 returnFrom (@test-spread2.R#846) ----------------------
     `out <- spread2(a, start = sams, 0.215, asRaster = FALSE, returnFrom = TRUE)` produced warnings.
    
     -- 36. Failure: spread2 returnFrom (@test-spread2.R#846) ----------------------
     `out <- spread2(a, start = sams, 0.215, asRaster = FALSE, returnFrom = TRUE)` produced warnings.
    
     -- 37. Failure: spread2 returnFrom (@test-spread2.R#846) ----------------------
     `out <- spread2(a, start = sams, 0.215, asRaster = FALSE, returnFrom = TRUE)` produced warnings.
    
     -- 38. Failure: spread2 returnFrom (@test-spread2.R#846) ----------------------
     `out <- spread2(a, start = sams, 0.215, asRaster = FALSE, returnFrom = TRUE)` produced warnings.
    
     -- 39. Failure: spread2 returnFrom (@test-spread2.R#846) ----------------------
     `out <- spread2(a, start = sams, 0.215, asRaster = FALSE, returnFrom = TRUE)` produced warnings.
    
     -- 40. Failure: spread2 returnFrom (@test-spread2.R#846) ----------------------
     `out <- spread2(a, start = sams, 0.215, asRaster = FALSE, returnFrom = TRUE)` produced warnings.
    
     == testthat results ===========================================================
     OK: 1595 SKIPPED: 23 FAILED: 40
     1. Failure: spread2 tests -- asymmetry (@test-spread2.R#630)
     2. Failure: spread2 tests -- asymmetry (@test-spread2.R#630)
     3. Failure: spread2 tests -- asymmetry (@test-spread2.R#630)
     4. Failure: spread2 tests -- asymmetry (@test-spread2.R#630)
     5. Failure: spread2 tests -- asymmetry (@test-spread2.R#630)
     6. Failure: spread2 tests -- asymmetry (@test-spread2.R#630)
     7. Failure: spread2 tests -- asymmetry (@test-spread2.R#630)
     8. Failure: spread2 tests -- asymmetry (@test-spread2.R#630)
     9. Failure: spread2 tests -- asymmetry (@test-spread2.R#630)
     1. ...
    
     Error: testthat unit tests failed
     Execution halted
Flavor: r-devel-windows-ix86+x86_64

Version: 0.1.1
Check: running tests for arch ‘x64’
Result: ERROR
     Running 'test-all.R' [119s]
    Running the tests in 'tests/test-all.R' failed.
    Complete output:
     > library(testthat)
     > test_check("SpaDES.tools")
     Loading required package: SpaDES.tools
     [1] "Scales with number of starts, not maxSize of raster"
     -- 1. Failure: spread2 tests -- asymmetry (@test-spread2.R#630) ---------------
     `... <- NULL` produced warnings.
    
     -- 2. Failure: spread2 tests -- asymmetry (@test-spread2.R#630) ---------------
     `... <- NULL` produced warnings.
    
     -- 3. Failure: spread2 tests -- asymmetry (@test-spread2.R#630) ---------------
     `... <- NULL` produced warnings.
    
     -- 4. Failure: spread2 tests -- asymmetry (@test-spread2.R#630) ---------------
     `... <- NULL` produced warnings.
    
     -- 5. Failure: spread2 tests -- asymmetry (@test-spread2.R#630) ---------------
     `... <- NULL` produced warnings.
    
     -- 6. Failure: spread2 tests -- asymmetry (@test-spread2.R#630) ---------------
     `... <- NULL` produced warnings.
    
     -- 7. Failure: spread2 tests -- asymmetry (@test-spread2.R#630) ---------------
     `... <- NULL` produced warnings.
    
     -- 8. Failure: spread2 tests -- asymmetry (@test-spread2.R#630) ---------------
     `... <- NULL` produced warnings.
    
     -- 9. Failure: spread2 tests -- asymmetry (@test-spread2.R#630) ---------------
     `... <- NULL` produced warnings.
    
     -- 10. Failure: spread2 tests -- asymmetry (@test-spread2.R#630) --------------
     `... <- NULL` produced warnings.
    
     -- 11. Failure: spread2 tests -- asymmetry (@test-spread2.R#630) --------------
     `... <- NULL` produced warnings.
    
     -- 12. Failure: spread2 tests -- asymmetry (@test-spread2.R#630) --------------
     `... <- NULL` produced warnings.
    
     -- 13. Failure: spread2 tests -- asymmetry (@test-spread2.R#630) --------------
     `... <- NULL` produced warnings.
    
     -- 14. Failure: spread2 tests -- asymmetry (@test-spread2.R#630) --------------
     `... <- NULL` produced warnings.
    
     -- 15. Failure: spread2 tests -- asymmetry (@test-spread2.R#630) --------------
     `... <- NULL` produced warnings.
    
     -- 16. Failure: spread2 tests -- asymmetry (@test-spread2.R#630) --------------
     `... <- NULL` produced warnings.
    
     -- 17. Failure: spread2 tests -- asymmetry (@test-spread2.R#630) --------------
     `... <- NULL` produced warnings.
    
     -- 18. Failure: spread2 tests -- asymmetry (@test-spread2.R#630) --------------
     `... <- NULL` produced warnings.
    
     -- 19. Failure: spread2 tests -- asymmetry (@test-spread2.R#630) --------------
     `... <- NULL` produced warnings.
    
     -- 20. Failure: spread2 tests -- asymmetry (@test-spread2.R#630) --------------
     `... <- NULL` produced warnings.
    
     -- 21. Failure: spread2 returnFrom (@test-spread2.R#846) ----------------------
     `out <- spread2(a, start = sams, 0.215, asRaster = FALSE, returnFrom = TRUE)` produced warnings.
    
     -- 22. Failure: spread2 returnFrom (@test-spread2.R#846) ----------------------
     `out <- spread2(a, start = sams, 0.215, asRaster = FALSE, returnFrom = TRUE)` produced warnings.
    
     -- 23. Failure: spread2 returnFrom (@test-spread2.R#846) ----------------------
     `out <- spread2(a, start = sams, 0.215, asRaster = FALSE, returnFrom = TRUE)` produced warnings.
    
     -- 24. Failure: spread2 returnFrom (@test-spread2.R#846) ----------------------
     `out <- spread2(a, start = sams, 0.215, asRaster = FALSE, returnFrom = TRUE)` produced warnings.
    
     -- 25. Failure: spread2 returnFrom (@test-spread2.R#846) ----------------------
     `out <- spread2(a, start = sams, 0.215, asRaster = FALSE, returnFrom = TRUE)` produced warnings.
    
     -- 26. Failure: spread2 returnFrom (@test-spread2.R#846) ----------------------
     `out <- spread2(a, start = sams, 0.215, asRaster = FALSE, returnFrom = TRUE)` produced warnings.
    
     -- 27. Failure: spread2 returnFrom (@test-spread2.R#846) ----------------------
     `out <- spread2(a, start = sams, 0.215, asRaster = FALSE, returnFrom = TRUE)` produced warnings.
    
     -- 28. Failure: spread2 returnFrom (@test-spread2.R#846) ----------------------
     `out <- spread2(a, start = sams, 0.215, asRaster = FALSE, returnFrom = TRUE)` produced warnings.
    
     -- 29. Failure: spread2 returnFrom (@test-spread2.R#846) ----------------------
     `out <- spread2(a, start = sams, 0.215, asRaster = FALSE, returnFrom = TRUE)` produced warnings.
    
     -- 30. Failure: spread2 returnFrom (@test-spread2.R#846) ----------------------
     `out <- spread2(a, start = sams, 0.215, asRaster = FALSE, returnFrom = TRUE)` produced warnings.
    
     -- 31. Failure: spread2 returnFrom (@test-spread2.R#846) ----------------------
     `out <- spread2(a, start = sams, 0.215, asRaster = FALSE, returnFrom = TRUE)` produced warnings.
    
     -- 32. Failure: spread2 returnFrom (@test-spread2.R#846) ----------------------
     `out <- spread2(a, start = sams, 0.215, asRaster = FALSE, returnFrom = TRUE)` produced warnings.
    
     -- 33. Failure: spread2 returnFrom (@test-spread2.R#846) ----------------------
     `out <- spread2(a, start = sams, 0.215, asRaster = FALSE, returnFrom = TRUE)` produced warnings.
    
     -- 34. Failure: spread2 returnFrom (@test-spread2.R#846) ----------------------
     `out <- spread2(a, start = sams, 0.215, asRaster = FALSE, returnFrom = TRUE)` produced warnings.
    
     -- 35. Failure: spread2 returnFrom (@test-spread2.R#846) ----------------------
     `out <- spread2(a, start = sams, 0.215, asRaster = FALSE, returnFrom = TRUE)` produced warnings.
    
     -- 36. Failure: spread2 returnFrom (@test-spread2.R#846) ----------------------
     `out <- spread2(a, start = sams, 0.215, asRaster = FALSE, returnFrom = TRUE)` produced warnings.
    
     -- 37. Failure: spread2 returnFrom (@test-spread2.R#846) ----------------------
     `out <- spread2(a, start = sams, 0.215, asRaster = FALSE, returnFrom = TRUE)` produced warnings.
    
     -- 38. Failure: spread2 returnFrom (@test-spread2.R#846) ----------------------
     `out <- spread2(a, start = sams, 0.215, asRaster = FALSE, returnFrom = TRUE)` produced warnings.
    
     -- 39. Failure: spread2 returnFrom (@test-spread2.R#846) ----------------------
     `out <- spread2(a, start = sams, 0.215, asRaster = FALSE, returnFrom = TRUE)` produced warnings.
    
     -- 40. Failure: spread2 returnFrom (@test-spread2.R#846) ----------------------
     `out <- spread2(a, start = sams, 0.215, asRaster = FALSE, returnFrom = TRUE)` produced warnings.
    
     == testthat results ===========================================================
     OK: 1595 SKIPPED: 23 FAILED: 40
     1. Failure: spread2 tests -- asymmetry (@test-spread2.R#630)
     2. Failure: spread2 tests -- asymmetry (@test-spread2.R#630)
     3. Failure: spread2 tests -- asymmetry (@test-spread2.R#630)
     4. Failure: spread2 tests -- asymmetry (@test-spread2.R#630)
     5. Failure: spread2 tests -- asymmetry (@test-spread2.R#630)
     6. Failure: spread2 tests -- asymmetry (@test-spread2.R#630)
     7. Failure: spread2 tests -- asymmetry (@test-spread2.R#630)
     8. Failure: spread2 tests -- asymmetry (@test-spread2.R#630)
     9. Failure: spread2 tests -- asymmetry (@test-spread2.R#630)
     1. ...
    
     Error: testthat unit tests failed
     Execution halted
Flavor: r-devel-windows-ix86+x86_64

Version: 0.1.1
Check: tests
Result: ERROR
     Running ‘test-all.R’ [98s/125s]
    Running the tests in ‘tests/test-all.R’ failed.
    Complete output:
     > library(testthat)
     > test_check("SpaDES.tools")
     Loading required package: SpaDES.tools
     [1] "Scales with number of starts, not maxSize of raster"
     ── 1. Failure: spread2 tests -- asymmetry (@test-spread2.R#630) ───────────────
     `... <- NULL` produced warnings.
    
     ── 2. Failure: spread2 tests -- asymmetry (@test-spread2.R#630) ───────────────
     `... <- NULL` produced warnings.
    
     ── 3. Failure: spread2 tests -- asymmetry (@test-spread2.R#630) ───────────────
     `... <- NULL` produced warnings.
    
     ── 4. Failure: spread2 tests -- asymmetry (@test-spread2.R#630) ───────────────
     `... <- NULL` produced warnings.
    
     ── 5. Failure: spread2 tests -- asymmetry (@test-spread2.R#630) ───────────────
     `... <- NULL` produced warnings.
    
     ── 6. Failure: spread2 tests -- asymmetry (@test-spread2.R#630) ───────────────
     `... <- NULL` produced warnings.
    
     ── 7. Failure: spread2 tests -- asymmetry (@test-spread2.R#630) ───────────────
     `... <- NULL` produced warnings.
    
     ── 8. Failure: spread2 tests -- asymmetry (@test-spread2.R#630) ───────────────
     `... <- NULL` produced warnings.
    
     ── 9. Failure: spread2 tests -- asymmetry (@test-spread2.R#630) ───────────────
     `... <- NULL` produced warnings.
    
     ── 10. Failure: spread2 tests -- asymmetry (@test-spread2.R#630) ──────────────
     `... <- NULL` produced warnings.
    
     ── 11. Failure: spread2 tests -- asymmetry (@test-spread2.R#630) ──────────────
     `... <- NULL` produced warnings.
    
     ── 12. Failure: spread2 tests -- asymmetry (@test-spread2.R#630) ──────────────
     `... <- NULL` produced warnings.
    
     ── 13. Failure: spread2 tests -- asymmetry (@test-spread2.R#630) ──────────────
     `... <- NULL` produced warnings.
    
     ── 14. Failure: spread2 tests -- asymmetry (@test-spread2.R#630) ──────────────
     `... <- NULL` produced warnings.
    
     ── 15. Failure: spread2 tests -- asymmetry (@test-spread2.R#630) ──────────────
     `... <- NULL` produced warnings.
    
     ── 16. Failure: spread2 tests -- asymmetry (@test-spread2.R#630) ──────────────
     `... <- NULL` produced warnings.
    
     ── 17. Failure: spread2 tests -- asymmetry (@test-spread2.R#630) ──────────────
     `... <- NULL` produced warnings.
    
     ── 18. Failure: spread2 tests -- asymmetry (@test-spread2.R#630) ──────────────
     `... <- NULL` produced warnings.
    
     ── 19. Failure: spread2 tests -- asymmetry (@test-spread2.R#630) ──────────────
     `... <- NULL` produced warnings.
    
     ── 20. Failure: spread2 tests -- asymmetry (@test-spread2.R#630) ──────────────
     `... <- NULL` produced warnings.
    
     ── 21. Failure: spread2 returnFrom (@test-spread2.R#846) ──────────────────────
     `out <- spread2(a, start = sams, 0.215, asRaster = FALSE, returnFrom = TRUE)` produced warnings.
    
     ── 22. Failure: spread2 returnFrom (@test-spread2.R#846) ──────────────────────
     `out <- spread2(a, start = sams, 0.215, asRaster = FALSE, returnFrom = TRUE)` produced warnings.
    
     ── 23. Failure: spread2 returnFrom (@test-spread2.R#846) ──────────────────────
     `out <- spread2(a, start = sams, 0.215, asRaster = FALSE, returnFrom = TRUE)` produced warnings.
    
     ── 24. Failure: spread2 returnFrom (@test-spread2.R#846) ──────────────────────
     `out <- spread2(a, start = sams, 0.215, asRaster = FALSE, returnFrom = TRUE)` produced warnings.
    
     ── 25. Failure: spread2 returnFrom (@test-spread2.R#846) ──────────────────────
     `out <- spread2(a, start = sams, 0.215, asRaster = FALSE, returnFrom = TRUE)` produced warnings.
    
     ── 26. Failure: spread2 returnFrom (@test-spread2.R#846) ──────────────────────
     `out <- spread2(a, start = sams, 0.215, asRaster = FALSE, returnFrom = TRUE)` produced warnings.
    
     ── 27. Failure: spread2 returnFrom (@test-spread2.R#846) ──────────────────────
     `out <- spread2(a, start = sams, 0.215, asRaster = FALSE, returnFrom = TRUE)` produced warnings.
    
     ── 28. Failure: spread2 returnFrom (@test-spread2.R#846) ──────────────────────
     `out <- spread2(a, start = sams, 0.215, asRaster = FALSE, returnFrom = TRUE)` produced warnings.
    
     ── 29. Failure: spread2 returnFrom (@test-spread2.R#846) ──────────────────────
     `out <- spread2(a, start = sams, 0.215, asRaster = FALSE, returnFrom = TRUE)` produced warnings.
    
     ── 30. Failure: spread2 returnFrom (@test-spread2.R#846) ──────────────────────
     `out <- spread2(a, start = sams, 0.215, asRaster = FALSE, returnFrom = TRUE)` produced warnings.
    
     ── 31. Failure: spread2 returnFrom (@test-spread2.R#846) ──────────────────────
     `out <- spread2(a, start = sams, 0.215, asRaster = FALSE, returnFrom = TRUE)` produced warnings.
    
     ── 32. Failure: spread2 returnFrom (@test-spread2.R#846) ──────────────────────
     `out <- spread2(a, start = sams, 0.215, asRaster = FALSE, returnFrom = TRUE)` produced warnings.
    
     ── 33. Failure: spread2 returnFrom (@test-spread2.R#846) ──────────────────────
     `out <- spread2(a, start = sams, 0.215, asRaster = FALSE, returnFrom = TRUE)` produced warnings.
    
     ── 34. Failure: spread2 returnFrom (@test-spread2.R#846) ──────────────────────
     `out <- spread2(a, start = sams, 0.215, asRaster = FALSE, returnFrom = TRUE)` produced warnings.
    
     ── 35. Failure: spread2 returnFrom (@test-spread2.R#846) ──────────────────────
     `out <- spread2(a, start = sams, 0.215, asRaster = FALSE, returnFrom = TRUE)` produced warnings.
    
     ── 36. Failure: spread2 returnFrom (@test-spread2.R#846) ──────────────────────
     `out <- spread2(a, start = sams, 0.215, asRaster = FALSE, returnFrom = TRUE)` produced warnings.
    
     ── 37. Failure: spread2 returnFrom (@test-spread2.R#846) ──────────────────────
     `out <- spread2(a, start = sams, 0.215, asRaster = FALSE, returnFrom = TRUE)` produced warnings.
    
     ── 38. Failure: spread2 returnFrom (@test-spread2.R#846) ──────────────────────
     `out <- spread2(a, start = sams, 0.215, asRaster = FALSE, returnFrom = TRUE)` produced warnings.
    
     ── 39. Failure: spread2 returnFrom (@test-spread2.R#846) ──────────────────────
     `out <- spread2(a, start = sams, 0.215, asRaster = FALSE, returnFrom = TRUE)` produced warnings.
    
     ── 40. Failure: spread2 returnFrom (@test-spread2.R#846) ──────────────────────
     `out <- spread2(a, start = sams, 0.215, asRaster = FALSE, returnFrom = TRUE)` produced warnings.
    
     ══ testthat results ═══════════════════════════════════════════════════════════
     OK: 1595 SKIPPED: 23 FAILED: 40
     1. Failure: spread2 tests -- asymmetry (@test-spread2.R#630)
     2. Failure: spread2 tests -- asymmetry (@test-spread2.R#630)
     3. Failure: spread2 tests -- asymmetry (@test-spread2.R#630)
     4. Failure: spread2 tests -- asymmetry (@test-spread2.R#630)
     5. Failure: spread2 tests -- asymmetry (@test-spread2.R#630)
     6. Failure: spread2 tests -- asymmetry (@test-spread2.R#630)
     7. Failure: spread2 tests -- asymmetry (@test-spread2.R#630)
     8. Failure: spread2 tests -- asymmetry (@test-spread2.R#630)
     9. Failure: spread2 tests -- asymmetry (@test-spread2.R#630)
     1. ...
    
     Error: testthat unit tests failed
     Execution halted
Flavor: r-patched-linux-x86_64

Version: 0.1.1
Check: tests
Result: ERROR
     Running ‘test-all.R’ [150s/177s]
    Running the tests in ‘tests/test-all.R’ failed.
    Complete output:
     > library(testthat)
     > test_check("SpaDES.tools")
     Loading required package: SpaDES.tools
     [1] "Scales with number of starts, not maxSize of raster"
     ── 1. Failure: spread2 tests -- asymmetry (@test-spread2.R#630) ───────────────
     `... <- NULL` produced warnings.
    
     ── 2. Failure: spread2 tests -- asymmetry (@test-spread2.R#630) ───────────────
     `... <- NULL` produced warnings.
    
     ── 3. Failure: spread2 tests -- asymmetry (@test-spread2.R#630) ───────────────
     `... <- NULL` produced warnings.
    
     ── 4. Failure: spread2 tests -- asymmetry (@test-spread2.R#630) ───────────────
     `... <- NULL` produced warnings.
    
     ── 5. Failure: spread2 tests -- asymmetry (@test-spread2.R#630) ───────────────
     `... <- NULL` produced warnings.
    
     ── 6. Failure: spread2 tests -- asymmetry (@test-spread2.R#630) ───────────────
     `... <- NULL` produced warnings.
    
     ── 7. Failure: spread2 tests -- asymmetry (@test-spread2.R#630) ───────────────
     `... <- NULL` produced warnings.
    
     ── 8. Failure: spread2 tests -- asymmetry (@test-spread2.R#630) ───────────────
     `... <- NULL` produced warnings.
    
     ── 9. Failure: spread2 tests -- asymmetry (@test-spread2.R#630) ───────────────
     `... <- NULL` produced warnings.
    
     ── 10. Failure: spread2 tests -- asymmetry (@test-spread2.R#630) ──────────────
     `... <- NULL` produced warnings.
    
     ── 11. Failure: spread2 tests -- asymmetry (@test-spread2.R#630) ──────────────
     `... <- NULL` produced warnings.
    
     ── 12. Failure: spread2 tests -- asymmetry (@test-spread2.R#630) ──────────────
     `... <- NULL` produced warnings.
    
     ── 13. Failure: spread2 tests -- asymmetry (@test-spread2.R#630) ──────────────
     `... <- NULL` produced warnings.
    
     ── 14. Failure: spread2 tests -- asymmetry (@test-spread2.R#630) ──────────────
     `... <- NULL` produced warnings.
    
     ── 15. Failure: spread2 tests -- asymmetry (@test-spread2.R#630) ──────────────
     `... <- NULL` produced warnings.
    
     ── 16. Failure: spread2 tests -- asymmetry (@test-spread2.R#630) ──────────────
     `... <- NULL` produced warnings.
    
     ── 17. Failure: spread2 tests -- asymmetry (@test-spread2.R#630) ──────────────
     `... <- NULL` produced warnings.
    
     ── 18. Failure: spread2 tests -- asymmetry (@test-spread2.R#630) ──────────────
     `... <- NULL` produced warnings.
    
     ── 19. Failure: spread2 tests -- asymmetry (@test-spread2.R#630) ──────────────
     `... <- NULL` produced warnings.
    
     ── 20. Failure: spread2 tests -- asymmetry (@test-spread2.R#630) ──────────────
     `... <- NULL` produced warnings.
    
     ── 21. Failure: spread2 returnFrom (@test-spread2.R#846) ──────────────────────
     `out <- spread2(a, start = sams, 0.215, asRaster = FALSE, returnFrom = TRUE)` produced warnings.
    
     ── 22. Failure: spread2 returnFrom (@test-spread2.R#846) ──────────────────────
     `out <- spread2(a, start = sams, 0.215, asRaster = FALSE, returnFrom = TRUE)` produced warnings.
    
     ── 23. Failure: spread2 returnFrom (@test-spread2.R#846) ──────────────────────
     `out <- spread2(a, start = sams, 0.215, asRaster = FALSE, returnFrom = TRUE)` produced warnings.
    
     ── 24. Failure: spread2 returnFrom (@test-spread2.R#846) ──────────────────────
     `out <- spread2(a, start = sams, 0.215, asRaster = FALSE, returnFrom = TRUE)` produced warnings.
    
     ── 25. Failure: spread2 returnFrom (@test-spread2.R#846) ──────────────────────
     `out <- spread2(a, start = sams, 0.215, asRaster = FALSE, returnFrom = TRUE)` produced warnings.
    
     ── 26. Failure: spread2 returnFrom (@test-spread2.R#846) ──────────────────────
     `out <- spread2(a, start = sams, 0.215, asRaster = FALSE, returnFrom = TRUE)` produced warnings.
    
     ── 27. Failure: spread2 returnFrom (@test-spread2.R#846) ──────────────────────
     `out <- spread2(a, start = sams, 0.215, asRaster = FALSE, returnFrom = TRUE)` produced warnings.
    
     ── 28. Failure: spread2 returnFrom (@test-spread2.R#846) ──────────────────────
     `out <- spread2(a, start = sams, 0.215, asRaster = FALSE, returnFrom = TRUE)` produced warnings.
    
     ── 29. Failure: spread2 returnFrom (@test-spread2.R#846) ──────────────────────
     `out <- spread2(a, start = sams, 0.215, asRaster = FALSE, returnFrom = TRUE)` produced warnings.
    
     ── 30. Failure: spread2 returnFrom (@test-spread2.R#846) ──────────────────────
     `out <- spread2(a, start = sams, 0.215, asRaster = FALSE, returnFrom = TRUE)` produced warnings.
    
     ── 31. Failure: spread2 returnFrom (@test-spread2.R#846) ──────────────────────
     `out <- spread2(a, start = sams, 0.215, asRaster = FALSE, returnFrom = TRUE)` produced warnings.
    
     ── 32. Failure: spread2 returnFrom (@test-spread2.R#846) ──────────────────────
     `out <- spread2(a, start = sams, 0.215, asRaster = FALSE, returnFrom = TRUE)` produced warnings.
    
     ── 33. Failure: spread2 returnFrom (@test-spread2.R#846) ──────────────────────
     `out <- spread2(a, start = sams, 0.215, asRaster = FALSE, returnFrom = TRUE)` produced warnings.
    
     ── 34. Failure: spread2 returnFrom (@test-spread2.R#846) ──────────────────────
     `out <- spread2(a, start = sams, 0.215, asRaster = FALSE, returnFrom = TRUE)` produced warnings.
    
     ── 35. Failure: spread2 returnFrom (@test-spread2.R#846) ──────────────────────
     `out <- spread2(a, start = sams, 0.215, asRaster = FALSE, returnFrom = TRUE)` produced warnings.
    
     ── 36. Failure: spread2 returnFrom (@test-spread2.R#846) ──────────────────────
     `out <- spread2(a, start = sams, 0.215, asRaster = FALSE, returnFrom = TRUE)` produced warnings.
    
     ── 37. Failure: spread2 returnFrom (@test-spread2.R#846) ──────────────────────
     `out <- spread2(a, start = sams, 0.215, asRaster = FALSE, returnFrom = TRUE)` produced warnings.
    
     ── 38. Failure: spread2 returnFrom (@test-spread2.R#846) ──────────────────────
     `out <- spread2(a, start = sams, 0.215, asRaster = FALSE, returnFrom = TRUE)` produced warnings.
    
     ── 39. Failure: spread2 returnFrom (@test-spread2.R#846) ──────────────────────
     `out <- spread2(a, start = sams, 0.215, asRaster = FALSE, returnFrom = TRUE)` produced warnings.
    
     ── 40. Failure: spread2 returnFrom (@test-spread2.R#846) ──────────────────────
     `out <- spread2(a, start = sams, 0.215, asRaster = FALSE, returnFrom = TRUE)` produced warnings.
    
     ══ testthat results ═══════════════════════════════════════════════════════════
     OK: 1595 SKIPPED: 23 FAILED: 40
     1. Failure: spread2 tests -- asymmetry (@test-spread2.R#630)
     2. Failure: spread2 tests -- asymmetry (@test-spread2.R#630)
     3. Failure: spread2 tests -- asymmetry (@test-spread2.R#630)
     4. Failure: spread2 tests -- asymmetry (@test-spread2.R#630)
     5. Failure: spread2 tests -- asymmetry (@test-spread2.R#630)
     6. Failure: spread2 tests -- asymmetry (@test-spread2.R#630)
     7. Failure: spread2 tests -- asymmetry (@test-spread2.R#630)
     8. Failure: spread2 tests -- asymmetry (@test-spread2.R#630)
     9. Failure: spread2 tests -- asymmetry (@test-spread2.R#630)
     1. ...
    
     Error: testthat unit tests failed
     Execution halted
Flavor: r-patched-solaris-x86

Version: 0.1.1
Check: tests
Result: ERROR
     Running ‘test-all.R’ [95s/124s]
    Running the tests in ‘tests/test-all.R’ failed.
    Complete output:
     > library(testthat)
     > test_check("SpaDES.tools")
     Loading required package: SpaDES.tools
     [1] "Scales with number of starts, not maxSize of raster"
     ── 1. Failure: spread2 tests -- asymmetry (@test-spread2.R#630) ───────────────
     `... <- NULL` produced warnings.
    
     ── 2. Failure: spread2 tests -- asymmetry (@test-spread2.R#630) ───────────────
     `... <- NULL` produced warnings.
    
     ── 3. Failure: spread2 tests -- asymmetry (@test-spread2.R#630) ───────────────
     `... <- NULL` produced warnings.
    
     ── 4. Failure: spread2 tests -- asymmetry (@test-spread2.R#630) ───────────────
     `... <- NULL` produced warnings.
    
     ── 5. Failure: spread2 tests -- asymmetry (@test-spread2.R#630) ───────────────
     `... <- NULL` produced warnings.
    
     ── 6. Failure: spread2 tests -- asymmetry (@test-spread2.R#630) ───────────────
     `... <- NULL` produced warnings.
    
     ── 7. Failure: spread2 tests -- asymmetry (@test-spread2.R#630) ───────────────
     `... <- NULL` produced warnings.
    
     ── 8. Failure: spread2 tests -- asymmetry (@test-spread2.R#630) ───────────────
     `... <- NULL` produced warnings.
    
     ── 9. Failure: spread2 tests -- asymmetry (@test-spread2.R#630) ───────────────
     `... <- NULL` produced warnings.
    
     ── 10. Failure: spread2 tests -- asymmetry (@test-spread2.R#630) ──────────────
     `... <- NULL` produced warnings.
    
     ── 11. Failure: spread2 tests -- asymmetry (@test-spread2.R#630) ──────────────
     `... <- NULL` produced warnings.
    
     ── 12. Failure: spread2 tests -- asymmetry (@test-spread2.R#630) ──────────────
     `... <- NULL` produced warnings.
    
     ── 13. Failure: spread2 tests -- asymmetry (@test-spread2.R#630) ──────────────
     `... <- NULL` produced warnings.
    
     ── 14. Failure: spread2 tests -- asymmetry (@test-spread2.R#630) ──────────────
     `... <- NULL` produced warnings.
    
     ── 15. Failure: spread2 tests -- asymmetry (@test-spread2.R#630) ──────────────
     `... <- NULL` produced warnings.
    
     ── 16. Failure: spread2 tests -- asymmetry (@test-spread2.R#630) ──────────────
     `... <- NULL` produced warnings.
    
     ── 17. Failure: spread2 tests -- asymmetry (@test-spread2.R#630) ──────────────
     `... <- NULL` produced warnings.
    
     ── 18. Failure: spread2 tests -- asymmetry (@test-spread2.R#630) ──────────────
     `... <- NULL` produced warnings.
    
     ── 19. Failure: spread2 tests -- asymmetry (@test-spread2.R#630) ──────────────
     `... <- NULL` produced warnings.
    
     ── 20. Failure: spread2 tests -- asymmetry (@test-spread2.R#630) ──────────────
     `... <- NULL` produced warnings.
    
     ── 21. Failure: spread2 returnFrom (@test-spread2.R#846) ──────────────────────
     `out <- spread2(a, start = sams, 0.215, asRaster = FALSE, returnFrom = TRUE)` produced warnings.
    
     ── 22. Failure: spread2 returnFrom (@test-spread2.R#846) ──────────────────────
     `out <- spread2(a, start = sams, 0.215, asRaster = FALSE, returnFrom = TRUE)` produced warnings.
    
     ── 23. Failure: spread2 returnFrom (@test-spread2.R#846) ──────────────────────
     `out <- spread2(a, start = sams, 0.215, asRaster = FALSE, returnFrom = TRUE)` produced warnings.
    
     ── 24. Failure: spread2 returnFrom (@test-spread2.R#846) ──────────────────────
     `out <- spread2(a, start = sams, 0.215, asRaster = FALSE, returnFrom = TRUE)` produced warnings.
    
     ── 25. Failure: spread2 returnFrom (@test-spread2.R#846) ──────────────────────
     `out <- spread2(a, start = sams, 0.215, asRaster = FALSE, returnFrom = TRUE)` produced warnings.
    
     ── 26. Failure: spread2 returnFrom (@test-spread2.R#846) ──────────────────────
     `out <- spread2(a, start = sams, 0.215, asRaster = FALSE, returnFrom = TRUE)` produced warnings.
    
     ── 27. Failure: spread2 returnFrom (@test-spread2.R#846) ──────────────────────
     `out <- spread2(a, start = sams, 0.215, asRaster = FALSE, returnFrom = TRUE)` produced warnings.
    
     ── 28. Failure: spread2 returnFrom (@test-spread2.R#846) ──────────────────────
     `out <- spread2(a, start = sams, 0.215, asRaster = FALSE, returnFrom = TRUE)` produced warnings.
    
     ── 29. Failure: spread2 returnFrom (@test-spread2.R#846) ──────────────────────
     `out <- spread2(a, start = sams, 0.215, asRaster = FALSE, returnFrom = TRUE)` produced warnings.
    
     ── 30. Failure: spread2 returnFrom (@test-spread2.R#846) ──────────────────────
     `out <- spread2(a, start = sams, 0.215, asRaster = FALSE, returnFrom = TRUE)` produced warnings.
    
     ── 31. Failure: spread2 returnFrom (@test-spread2.R#846) ──────────────────────
     `out <- spread2(a, start = sams, 0.215, asRaster = FALSE, returnFrom = TRUE)` produced warnings.
    
     ── 32. Failure: spread2 returnFrom (@test-spread2.R#846) ──────────────────────
     `out <- spread2(a, start = sams, 0.215, asRaster = FALSE, returnFrom = TRUE)` produced warnings.
    
     ── 33. Failure: spread2 returnFrom (@test-spread2.R#846) ──────────────────────
     `out <- spread2(a, start = sams, 0.215, asRaster = FALSE, returnFrom = TRUE)` produced warnings.
    
     ── 34. Failure: spread2 returnFrom (@test-spread2.R#846) ──────────────────────
     `out <- spread2(a, start = sams, 0.215, asRaster = FALSE, returnFrom = TRUE)` produced warnings.
    
     ── 35. Failure: spread2 returnFrom (@test-spread2.R#846) ──────────────────────
     `out <- spread2(a, start = sams, 0.215, asRaster = FALSE, returnFrom = TRUE)` produced warnings.
    
     ── 36. Failure: spread2 returnFrom (@test-spread2.R#846) ──────────────────────
     `out <- spread2(a, start = sams, 0.215, asRaster = FALSE, returnFrom = TRUE)` produced warnings.
    
     ── 37. Failure: spread2 returnFrom (@test-spread2.R#846) ──────────────────────
     `out <- spread2(a, start = sams, 0.215, asRaster = FALSE, returnFrom = TRUE)` produced warnings.
    
     ── 38. Failure: spread2 returnFrom (@test-spread2.R#846) ──────────────────────
     `out <- spread2(a, start = sams, 0.215, asRaster = FALSE, returnFrom = TRUE)` produced warnings.
    
     ── 39. Failure: spread2 returnFrom (@test-spread2.R#846) ──────────────────────
     `out <- spread2(a, start = sams, 0.215, asRaster = FALSE, returnFrom = TRUE)` produced warnings.
    
     ── 40. Failure: spread2 returnFrom (@test-spread2.R#846) ──────────────────────
     `out <- spread2(a, start = sams, 0.215, asRaster = FALSE, returnFrom = TRUE)` produced warnings.
    
     ══ testthat results ═══════════════════════════════════════════════════════════
     OK: 1595 SKIPPED: 23 FAILED: 40
     1. Failure: spread2 tests -- asymmetry (@test-spread2.R#630)
     2. Failure: spread2 tests -- asymmetry (@test-spread2.R#630)
     3. Failure: spread2 tests -- asymmetry (@test-spread2.R#630)
     4. Failure: spread2 tests -- asymmetry (@test-spread2.R#630)
     5. Failure: spread2 tests -- asymmetry (@test-spread2.R#630)
     6. Failure: spread2 tests -- asymmetry (@test-spread2.R#630)
     7. Failure: spread2 tests -- asymmetry (@test-spread2.R#630)
     8. Failure: spread2 tests -- asymmetry (@test-spread2.R#630)
     9. Failure: spread2 tests -- asymmetry (@test-spread2.R#630)
     1. ...
    
     Error: testthat unit tests failed
     Execution halted
Flavor: r-release-linux-x86_64

Version: 0.1.1
Check: running tests for arch ‘i386’
Result: ERROR
     Running 'test-all.R' [109s]
    Running the tests in 'tests/test-all.R' failed.
    Complete output:
     > library(testthat)
     > test_check("SpaDES.tools")
     Loading required package: SpaDES.tools
     [1] "Scales with number of starts, not maxSize of raster"
     -- 1. Failure: spread2 tests -- asymmetry (@test-spread2.R#630) ---------------
     `... <- NULL` produced warnings.
    
     -- 2. Failure: spread2 tests -- asymmetry (@test-spread2.R#630) ---------------
     `... <- NULL` produced warnings.
    
     -- 3. Failure: spread2 tests -- asymmetry (@test-spread2.R#630) ---------------
     `... <- NULL` produced warnings.
    
     -- 4. Failure: spread2 tests -- asymmetry (@test-spread2.R#630) ---------------
     `... <- NULL` produced warnings.
    
     -- 5. Failure: spread2 tests -- asymmetry (@test-spread2.R#630) ---------------
     `... <- NULL` produced warnings.
    
     -- 6. Failure: spread2 tests -- asymmetry (@test-spread2.R#630) ---------------
     `... <- NULL` produced warnings.
    
     -- 7. Failure: spread2 tests -- asymmetry (@test-spread2.R#630) ---------------
     `... <- NULL` produced warnings.
    
     -- 8. Failure: spread2 tests -- asymmetry (@test-spread2.R#630) ---------------
     `... <- NULL` produced warnings.
    
     -- 9. Failure: spread2 tests -- asymmetry (@test-spread2.R#630) ---------------
     `... <- NULL` produced warnings.
    
     -- 10. Failure: spread2 tests -- asymmetry (@test-spread2.R#630) --------------
     `... <- NULL` produced warnings.
    
     -- 11. Failure: spread2 tests -- asymmetry (@test-spread2.R#630) --------------
     `... <- NULL` produced warnings.
    
     -- 12. Failure: spread2 tests -- asymmetry (@test-spread2.R#630) --------------
     `... <- NULL` produced warnings.
    
     -- 13. Failure: spread2 tests -- asymmetry (@test-spread2.R#630) --------------
     `... <- NULL` produced warnings.
    
     -- 14. Failure: spread2 tests -- asymmetry (@test-spread2.R#630) --------------
     `... <- NULL` produced warnings.
    
     -- 15. Failure: spread2 tests -- asymmetry (@test-spread2.R#630) --------------
     `... <- NULL` produced warnings.
    
     -- 16. Failure: spread2 tests -- asymmetry (@test-spread2.R#630) --------------
     `... <- NULL` produced warnings.
    
     -- 17. Failure: spread2 tests -- asymmetry (@test-spread2.R#630) --------------
     `... <- NULL` produced warnings.
    
     -- 18. Failure: spread2 tests -- asymmetry (@test-spread2.R#630) --------------
     `... <- NULL` produced warnings.
    
     -- 19. Failure: spread2 tests -- asymmetry (@test-spread2.R#630) --------------
     `... <- NULL` produced warnings.
    
     -- 20. Failure: spread2 tests -- asymmetry (@test-spread2.R#630) --------------
     `... <- NULL` produced warnings.
    
     -- 21. Failure: spread2 returnFrom (@test-spread2.R#846) ----------------------
     `out <- spread2(a, start = sams, 0.215, asRaster = FALSE, returnFrom = TRUE)` produced warnings.
    
     -- 22. Failure: spread2 returnFrom (@test-spread2.R#846) ----------------------
     `out <- spread2(a, start = sams, 0.215, asRaster = FALSE, returnFrom = TRUE)` produced warnings.
    
     -- 23. Failure: spread2 returnFrom (@test-spread2.R#846) ----------------------
     `out <- spread2(a, start = sams, 0.215, asRaster = FALSE, returnFrom = TRUE)` produced warnings.
    
     -- 24. Failure: spread2 returnFrom (@test-spread2.R#846) ----------------------
     `out <- spread2(a, start = sams, 0.215, asRaster = FALSE, returnFrom = TRUE)` produced warnings.
    
     -- 25. Failure: spread2 returnFrom (@test-spread2.R#846) ----------------------
     `out <- spread2(a, start = sams, 0.215, asRaster = FALSE, returnFrom = TRUE)` produced warnings.
    
     -- 26. Failure: spread2 returnFrom (@test-spread2.R#846) ----------------------
     `out <- spread2(a, start = sams, 0.215, asRaster = FALSE, returnFrom = TRUE)` produced warnings.
    
     -- 27. Failure: spread2 returnFrom (@test-spread2.R#846) ----------------------
     `out <- spread2(a, start = sams, 0.215, asRaster = FALSE, returnFrom = TRUE)` produced warnings.
    
     -- 28. Failure: spread2 returnFrom (@test-spread2.R#846) ----------------------
     `out <- spread2(a, start = sams, 0.215, asRaster = FALSE, returnFrom = TRUE)` produced warnings.
    
     -- 29. Failure: spread2 returnFrom (@test-spread2.R#846) ----------------------
     `out <- spread2(a, start = sams, 0.215, asRaster = FALSE, returnFrom = TRUE)` produced warnings.
    
     -- 30. Failure: spread2 returnFrom (@test-spread2.R#846) ----------------------
     `out <- spread2(a, start = sams, 0.215, asRaster = FALSE, returnFrom = TRUE)` produced warnings.
    
     -- 31. Failure: spread2 returnFrom (@test-spread2.R#846) ----------------------
     `out <- spread2(a, start = sams, 0.215, asRaster = FALSE, returnFrom = TRUE)` produced warnings.
    
     -- 32. Failure: spread2 returnFrom (@test-spread2.R#846) ----------------------
     `out <- spread2(a, start = sams, 0.215, asRaster = FALSE, returnFrom = TRUE)` produced warnings.
    
     -- 33. Failure: spread2 returnFrom (@test-spread2.R#846) ----------------------
     `out <- spread2(a, start = sams, 0.215, asRaster = FALSE, returnFrom = TRUE)` produced warnings.
    
     -- 34. Failure: spread2 returnFrom (@test-spread2.R#846) ----------------------
     `out <- spread2(a, start = sams, 0.215, asRaster = FALSE, returnFrom = TRUE)` produced warnings.
    
     -- 35. Failure: spread2 returnFrom (@test-spread2.R#846) ----------------------
     `out <- spread2(a, start = sams, 0.215, asRaster = FALSE, returnFrom = TRUE)` produced warnings.
    
     -- 36. Failure: spread2 returnFrom (@test-spread2.R#846) ----------------------
     `out <- spread2(a, start = sams, 0.215, asRaster = FALSE, returnFrom = TRUE)` produced warnings.
    
     -- 37. Failure: spread2 returnFrom (@test-spread2.R#846) ----------------------
     `out <- spread2(a, start = sams, 0.215, asRaster = FALSE, returnFrom = TRUE)` produced warnings.
    
     -- 38. Failure: spread2 returnFrom (@test-spread2.R#846) ----------------------
     `out <- spread2(a, start = sams, 0.215, asRaster = FALSE, returnFrom = TRUE)` produced warnings.
    
     -- 39. Failure: spread2 returnFrom (@test-spread2.R#846) ----------------------
     `out <- spread2(a, start = sams, 0.215, asRaster = FALSE, returnFrom = TRUE)` produced warnings.
    
     -- 40. Failure: spread2 returnFrom (@test-spread2.R#846) ----------------------
     `out <- spread2(a, start = sams, 0.215, asRaster = FALSE, returnFrom = TRUE)` produced warnings.
    
     == testthat results ===========================================================
     OK: 1595 SKIPPED: 23 FAILED: 40
     1. Failure: spread2 tests -- asymmetry (@test-spread2.R#630)
     2. Failure: spread2 tests -- asymmetry (@test-spread2.R#630)
     3. Failure: spread2 tests -- asymmetry (@test-spread2.R#630)
     4. Failure: spread2 tests -- asymmetry (@test-spread2.R#630)
     5. Failure: spread2 tests -- asymmetry (@test-spread2.R#630)
     6. Failure: spread2 tests -- asymmetry (@test-spread2.R#630)
     7. Failure: spread2 tests -- asymmetry (@test-spread2.R#630)
     8. Failure: spread2 tests -- asymmetry (@test-spread2.R#630)
     9. Failure: spread2 tests -- asymmetry (@test-spread2.R#630)
     1. ...
    
     Error: testthat unit tests failed
     Execution halted
Flavor: r-release-windows-ix86+x86_64

Version: 0.1.1
Check: running tests for arch ‘x64’
Result: ERROR
     Running 'test-all.R' [122s]
    Running the tests in 'tests/test-all.R' failed.
    Complete output:
     > library(testthat)
     > test_check("SpaDES.tools")
     Loading required package: SpaDES.tools
     [1] "Scales with number of starts, not maxSize of raster"
     -- 1. Failure: spread2 tests -- asymmetry (@test-spread2.R#630) ---------------
     `... <- NULL` produced warnings.
    
     -- 2. Failure: spread2 tests -- asymmetry (@test-spread2.R#630) ---------------
     `... <- NULL` produced warnings.
    
     -- 3. Failure: spread2 tests -- asymmetry (@test-spread2.R#630) ---------------
     `... <- NULL` produced warnings.
    
     -- 4. Failure: spread2 tests -- asymmetry (@test-spread2.R#630) ---------------
     `... <- NULL` produced warnings.
    
     -- 5. Failure: spread2 tests -- asymmetry (@test-spread2.R#630) ---------------
     `... <- NULL` produced warnings.
    
     -- 6. Failure: spread2 tests -- asymmetry (@test-spread2.R#630) ---------------
     `... <- NULL` produced warnings.
    
     -- 7. Failure: spread2 tests -- asymmetry (@test-spread2.R#630) ---------------
     `... <- NULL` produced warnings.
    
     -- 8. Failure: spread2 tests -- asymmetry (@test-spread2.R#630) ---------------
     `... <- NULL` produced warnings.
    
     -- 9. Failure: spread2 tests -- asymmetry (@test-spread2.R#630) ---------------
     `... <- NULL` produced warnings.
    
     -- 10. Failure: spread2 tests -- asymmetry (@test-spread2.R#630) --------------
     `... <- NULL` produced warnings.
    
     -- 11. Failure: spread2 tests -- asymmetry (@test-spread2.R#630) --------------
     `... <- NULL` produced warnings.
    
     -- 12. Failure: spread2 tests -- asymmetry (@test-spread2.R#630) --------------
     `... <- NULL` produced warnings.
    
     -- 13. Failure: spread2 tests -- asymmetry (@test-spread2.R#630) --------------
     `... <- NULL` produced warnings.
    
     -- 14. Failure: spread2 tests -- asymmetry (@test-spread2.R#630) --------------
     `... <- NULL` produced warnings.
    
     -- 15. Failure: spread2 tests -- asymmetry (@test-spread2.R#630) --------------
     `... <- NULL` produced warnings.
    
     -- 16. Failure: spread2 tests -- asymmetry (@test-spread2.R#630) --------------
     `... <- NULL` produced warnings.
    
     -- 17. Failure: spread2 tests -- asymmetry (@test-spread2.R#630) --------------
     `... <- NULL` produced warnings.
    
     -- 18. Failure: spread2 tests -- asymmetry (@test-spread2.R#630) --------------
     `... <- NULL` produced warnings.
    
     -- 19. Failure: spread2 tests -- asymmetry (@test-spread2.R#630) --------------
     `... <- NULL` produced warnings.
    
     -- 20. Failure: spread2 tests -- asymmetry (@test-spread2.R#630) --------------
     `... <- NULL` produced warnings.
    
     -- 21. Failure: spread2 returnFrom (@test-spread2.R#846) ----------------------
     `out <- spread2(a, start = sams, 0.215, asRaster = FALSE, returnFrom = TRUE)` produced warnings.
    
     -- 22. Failure: spread2 returnFrom (@test-spread2.R#846) ----------------------
     `out <- spread2(a, start = sams, 0.215, asRaster = FALSE, returnFrom = TRUE)` produced warnings.
    
     -- 23. Failure: spread2 returnFrom (@test-spread2.R#846) ----------------------
     `out <- spread2(a, start = sams, 0.215, asRaster = FALSE, returnFrom = TRUE)` produced warnings.
    
     -- 24. Failure: spread2 returnFrom (@test-spread2.R#846) ----------------------
     `out <- spread2(a, start = sams, 0.215, asRaster = FALSE, returnFrom = TRUE)` produced warnings.
    
     -- 25. Failure: spread2 returnFrom (@test-spread2.R#846) ----------------------
     `out <- spread2(a, start = sams, 0.215, asRaster = FALSE, returnFrom = TRUE)` produced warnings.
    
     -- 26. Failure: spread2 returnFrom (@test-spread2.R#846) ----------------------
     `out <- spread2(a, start = sams, 0.215, asRaster = FALSE, returnFrom = TRUE)` produced warnings.
    
     -- 27. Failure: spread2 returnFrom (@test-spread2.R#846) ----------------------
     `out <- spread2(a, start = sams, 0.215, asRaster = FALSE, returnFrom = TRUE)` produced warnings.
    
     -- 28. Failure: spread2 returnFrom (@test-spread2.R#846) ----------------------
     `out <- spread2(a, start = sams, 0.215, asRaster = FALSE, returnFrom = TRUE)` produced warnings.
    
     -- 29. Failure: spread2 returnFrom (@test-spread2.R#846) ----------------------
     `out <- spread2(a, start = sams, 0.215, asRaster = FALSE, returnFrom = TRUE)` produced warnings.
    
     -- 30. Failure: spread2 returnFrom (@test-spread2.R#846) ----------------------
     `out <- spread2(a, start = sams, 0.215, asRaster = FALSE, returnFrom = TRUE)` produced warnings.
    
     -- 31. Failure: spread2 returnFrom (@test-spread2.R#846) ----------------------
     `out <- spread2(a, start = sams, 0.215, asRaster = FALSE, returnFrom = TRUE)` produced warnings.
    
     -- 32. Failure: spread2 returnFrom (@test-spread2.R#846) ----------------------
     `out <- spread2(a, start = sams, 0.215, asRaster = FALSE, returnFrom = TRUE)` produced warnings.
    
     -- 33. Failure: spread2 returnFrom (@test-spread2.R#846) ----------------------
     `out <- spread2(a, start = sams, 0.215, asRaster = FALSE, returnFrom = TRUE)` produced warnings.
    
     -- 34. Failure: spread2 returnFrom (@test-spread2.R#846) ----------------------
     `out <- spread2(a, start = sams, 0.215, asRaster = FALSE, returnFrom = TRUE)` produced warnings.
    
     -- 35. Failure: spread2 returnFrom (@test-spread2.R#846) ----------------------
     `out <- spread2(a, start = sams, 0.215, asRaster = FALSE, returnFrom = TRUE)` produced warnings.
    
     -- 36. Failure: spread2 returnFrom (@test-spread2.R#846) ----------------------
     `out <- spread2(a, start = sams, 0.215, asRaster = FALSE, returnFrom = TRUE)` produced warnings.
    
     -- 37. Failure: spread2 returnFrom (@test-spread2.R#846) ----------------------
     `out <- spread2(a, start = sams, 0.215, asRaster = FALSE, returnFrom = TRUE)` produced warnings.
    
     -- 38. Failure: spread2 returnFrom (@test-spread2.R#846) ----------------------
     `out <- spread2(a, start = sams, 0.215, asRaster = FALSE, returnFrom = TRUE)` produced warnings.
    
     -- 39. Failure: spread2 returnFrom (@test-spread2.R#846) ----------------------
     `out <- spread2(a, start = sams, 0.215, asRaster = FALSE, returnFrom = TRUE)` produced warnings.
    
     -- 40. Failure: spread2 returnFrom (@test-spread2.R#846) ----------------------
     `out <- spread2(a, start = sams, 0.215, asRaster = FALSE, returnFrom = TRUE)` produced warnings.
    
     == testthat results ===========================================================
     OK: 1595 SKIPPED: 23 FAILED: 40
     1. Failure: spread2 tests -- asymmetry (@test-spread2.R#630)
     2. Failure: spread2 tests -- asymmetry (@test-spread2.R#630)
     3. Failure: spread2 tests -- asymmetry (@test-spread2.R#630)
     4. Failure: spread2 tests -- asymmetry (@test-spread2.R#630)
     5. Failure: spread2 tests -- asymmetry (@test-spread2.R#630)
     6. Failure: spread2 tests -- asymmetry (@test-spread2.R#630)
     7. Failure: spread2 tests -- asymmetry (@test-spread2.R#630)
     8. Failure: spread2 tests -- asymmetry (@test-spread2.R#630)
     9. Failure: spread2 tests -- asymmetry (@test-spread2.R#630)
     1. ...
    
     Error: testthat unit tests failed
     Execution halted
Flavor: r-release-windows-ix86+x86_64

Version: 0.1.1
Check: running tests for arch ‘i386’
Result: ERROR
     Running 'test-all.R' [73s]
    Running the tests in 'tests/test-all.R' failed.
    Complete output:
     > library(testthat)
     > test_check("SpaDES.tools")
     Loading required package: SpaDES.tools
     [1] "Scales with number of starts, not maxSize of raster"
     -- 1. Failure: spread2 tests -- asymmetry (@test-spread2.R#630) ---------------
     `... <- NULL` produced warnings.
    
     -- 2. Failure: spread2 tests -- asymmetry (@test-spread2.R#630) ---------------
     `... <- NULL` produced warnings.
    
     -- 3. Failure: spread2 tests -- asymmetry (@test-spread2.R#630) ---------------
     `... <- NULL` produced warnings.
    
     -- 4. Failure: spread2 tests -- asymmetry (@test-spread2.R#630) ---------------
     `... <- NULL` produced warnings.
    
     -- 5. Failure: spread2 tests -- asymmetry (@test-spread2.R#630) ---------------
     `... <- NULL` produced warnings.
    
     -- 6. Failure: spread2 tests -- asymmetry (@test-spread2.R#630) ---------------
     `... <- NULL` produced warnings.
    
     -- 7. Failure: spread2 tests -- asymmetry (@test-spread2.R#630) ---------------
     `... <- NULL` produced warnings.
    
     -- 8. Failure: spread2 tests -- asymmetry (@test-spread2.R#630) ---------------
     `... <- NULL` produced warnings.
    
     -- 9. Failure: spread2 tests -- asymmetry (@test-spread2.R#630) ---------------
     `... <- NULL` produced warnings.
    
     -- 10. Failure: spread2 tests -- asymmetry (@test-spread2.R#630) --------------
     `... <- NULL` produced warnings.
    
     -- 11. Failure: spread2 tests -- asymmetry (@test-spread2.R#630) --------------
     `... <- NULL` produced warnings.
    
     -- 12. Failure: spread2 tests -- asymmetry (@test-spread2.R#630) --------------
     `... <- NULL` produced warnings.
    
     -- 13. Failure: spread2 tests -- asymmetry (@test-spread2.R#630) --------------
     `... <- NULL` produced warnings.
    
     -- 14. Failure: spread2 tests -- asymmetry (@test-spread2.R#630) --------------
     `... <- NULL` produced warnings.
    
     -- 15. Failure: spread2 tests -- asymmetry (@test-spread2.R#630) --------------
     `... <- NULL` produced warnings.
    
     -- 16. Failure: spread2 tests -- asymmetry (@test-spread2.R#630) --------------
     `... <- NULL` produced warnings.
    
     -- 17. Failure: spread2 tests -- asymmetry (@test-spread2.R#630) --------------
     `... <- NULL` produced warnings.
    
     -- 18. Failure: spread2 tests -- asymmetry (@test-spread2.R#630) --------------
     `... <- NULL` produced warnings.
    
     -- 19. Failure: spread2 tests -- asymmetry (@test-spread2.R#630) --------------
     `... <- NULL` produced warnings.
    
     -- 20. Failure: spread2 tests -- asymmetry (@test-spread2.R#630) --------------
     `... <- NULL` produced warnings.
    
     -- 21. Failure: spread2 returnFrom (@test-spread2.R#846) ----------------------
     `out <- spread2(a, start = sams, 0.215, asRaster = FALSE, returnFrom = TRUE)` produced warnings.
    
     -- 22. Failure: spread2 returnFrom (@test-spread2.R#846) ----------------------
     `out <- spread2(a, start = sams, 0.215, asRaster = FALSE, returnFrom = TRUE)` produced warnings.
    
     -- 23. Failure: spread2 returnFrom (@test-spread2.R#846) ----------------------
     `out <- spread2(a, start = sams, 0.215, asRaster = FALSE, returnFrom = TRUE)` produced warnings.
    
     -- 24. Failure: spread2 returnFrom (@test-spread2.R#846) ----------------------
     `out <- spread2(a, start = sams, 0.215, asRaster = FALSE, returnFrom = TRUE)` produced warnings.
    
     -- 25. Failure: spread2 returnFrom (@test-spread2.R#846) ----------------------
     `out <- spread2(a, start = sams, 0.215, asRaster = FALSE, returnFrom = TRUE)` produced warnings.
    
     -- 26. Failure: spread2 returnFrom (@test-spread2.R#846) ----------------------
     `out <- spread2(a, start = sams, 0.215, asRaster = FALSE, returnFrom = TRUE)` produced warnings.
    
     -- 27. Failure: spread2 returnFrom (@test-spread2.R#846) ----------------------
     `out <- spread2(a, start = sams, 0.215, asRaster = FALSE, returnFrom = TRUE)` produced warnings.
    
     -- 28. Failure: spread2 returnFrom (@test-spread2.R#846) ----------------------
     `out <- spread2(a, start = sams, 0.215, asRaster = FALSE, returnFrom = TRUE)` produced warnings.
    
     -- 29. Failure: spread2 returnFrom (@test-spread2.R#846) ----------------------
     `out <- spread2(a, start = sams, 0.215, asRaster = FALSE, returnFrom = TRUE)` produced warnings.
    
     -- 30. Failure: spread2 returnFrom (@test-spread2.R#846) ----------------------
     `out <- spread2(a, start = sams, 0.215, asRaster = FALSE, returnFrom = TRUE)` produced warnings.
    
     -- 31. Failure: spread2 returnFrom (@test-spread2.R#846) ----------------------
     `out <- spread2(a, start = sams, 0.215, asRaster = FALSE, returnFrom = TRUE)` produced warnings.
    
     -- 32. Failure: spread2 returnFrom (@test-spread2.R#846) ----------------------
     `out <- spread2(a, start = sams, 0.215, asRaster = FALSE, returnFrom = TRUE)` produced warnings.
    
     -- 33. Failure: spread2 returnFrom (@test-spread2.R#846) ----------------------
     `out <- spread2(a, start = sams, 0.215, asRaster = FALSE, returnFrom = TRUE)` produced warnings.
    
     -- 34. Failure: spread2 returnFrom (@test-spread2.R#846) ----------------------
     `out <- spread2(a, start = sams, 0.215, asRaster = FALSE, returnFrom = TRUE)` produced warnings.
    
     -- 35. Failure: spread2 returnFrom (@test-spread2.R#846) ----------------------
     `out <- spread2(a, start = sams, 0.215, asRaster = FALSE, returnFrom = TRUE)` produced warnings.
    
     -- 36. Failure: spread2 returnFrom (@test-spread2.R#846) ----------------------
     `out <- spread2(a, start = sams, 0.215, asRaster = FALSE, returnFrom = TRUE)` produced warnings.
    
     -- 37. Failure: spread2 returnFrom (@test-spread2.R#846) ----------------------
     `out <- spread2(a, start = sams, 0.215, asRaster = FALSE, returnFrom = TRUE)` produced warnings.
    
     -- 38. Failure: spread2 returnFrom (@test-spread2.R#846) ----------------------
     `out <- spread2(a, start = sams, 0.215, asRaster = FALSE, returnFrom = TRUE)` produced warnings.
    
     -- 39. Failure: spread2 returnFrom (@test-spread2.R#846) ----------------------
     `out <- spread2(a, start = sams, 0.215, asRaster = FALSE, returnFrom = TRUE)` produced warnings.
    
     -- 40. Failure: spread2 returnFrom (@test-spread2.R#846) ----------------------
     `out <- spread2(a, start = sams, 0.215, asRaster = FALSE, returnFrom = TRUE)` produced warnings.
    
     == testthat results ===========================================================
     OK: 1595 SKIPPED: 23 FAILED: 40
     1. Failure: spread2 tests -- asymmetry (@test-spread2.R#630)
     2. Failure: spread2 tests -- asymmetry (@test-spread2.R#630)
     3. Failure: spread2 tests -- asymmetry (@test-spread2.R#630)
     4. Failure: spread2 tests -- asymmetry (@test-spread2.R#630)
     5. Failure: spread2 tests -- asymmetry (@test-spread2.R#630)
     6. Failure: spread2 tests -- asymmetry (@test-spread2.R#630)
     7. Failure: spread2 tests -- asymmetry (@test-spread2.R#630)
     8. Failure: spread2 tests -- asymmetry (@test-spread2.R#630)
     9. Failure: spread2 tests -- asymmetry (@test-spread2.R#630)
     1. ...
    
     Error: testthat unit tests failed
     Execution halted
Flavor: r-oldrel-windows-ix86+x86_64

Version: 0.1.1
Check: running tests for arch ‘x64’
Result: ERROR
     Running 'test-all.R' [82s]
    Running the tests in 'tests/test-all.R' failed.
    Complete output:
     > library(testthat)
     > test_check("SpaDES.tools")
     Loading required package: SpaDES.tools
     [1] "Scales with number of starts, not maxSize of raster"
     -- 1. Failure: spread2 tests -- asymmetry (@test-spread2.R#630) ---------------
     `... <- NULL` produced warnings.
    
     -- 2. Failure: spread2 tests -- asymmetry (@test-spread2.R#630) ---------------
     `... <- NULL` produced warnings.
    
     -- 3. Failure: spread2 tests -- asymmetry (@test-spread2.R#630) ---------------
     `... <- NULL` produced warnings.
    
     -- 4. Failure: spread2 tests -- asymmetry (@test-spread2.R#630) ---------------
     `... <- NULL` produced warnings.
    
     -- 5. Failure: spread2 tests -- asymmetry (@test-spread2.R#630) ---------------
     `... <- NULL` produced warnings.
    
     -- 6. Failure: spread2 tests -- asymmetry (@test-spread2.R#630) ---------------
     `... <- NULL` produced warnings.
    
     -- 7. Failure: spread2 tests -- asymmetry (@test-spread2.R#630) ---------------
     `... <- NULL` produced warnings.
    
     -- 8. Failure: spread2 tests -- asymmetry (@test-spread2.R#630) ---------------
     `... <- NULL` produced warnings.
    
     -- 9. Failure: spread2 tests -- asymmetry (@test-spread2.R#630) ---------------
     `... <- NULL` produced warnings.
    
     -- 10. Failure: spread2 tests -- asymmetry (@test-spread2.R#630) --------------
     `... <- NULL` produced warnings.
    
     -- 11. Failure: spread2 tests -- asymmetry (@test-spread2.R#630) --------------
     `... <- NULL` produced warnings.
    
     -- 12. Failure: spread2 tests -- asymmetry (@test-spread2.R#630) --------------
     `... <- NULL` produced warnings.
    
     -- 13. Failure: spread2 tests -- asymmetry (@test-spread2.R#630) --------------
     `... <- NULL` produced warnings.
    
     -- 14. Failure: spread2 tests -- asymmetry (@test-spread2.R#630) --------------
     `... <- NULL` produced warnings.
    
     -- 15. Failure: spread2 tests -- asymmetry (@test-spread2.R#630) --------------
     `... <- NULL` produced warnings.
    
     -- 16. Failure: spread2 tests -- asymmetry (@test-spread2.R#630) --------------
     `... <- NULL` produced warnings.
    
     -- 17. Failure: spread2 tests -- asymmetry (@test-spread2.R#630) --------------
     `... <- NULL` produced warnings.
    
     -- 18. Failure: spread2 tests -- asymmetry (@test-spread2.R#630) --------------
     `... <- NULL` produced warnings.
    
     -- 19. Failure: spread2 tests -- asymmetry (@test-spread2.R#630) --------------
     `... <- NULL` produced warnings.
    
     -- 20. Failure: spread2 tests -- asymmetry (@test-spread2.R#630) --------------
     `... <- NULL` produced warnings.
    
     -- 21. Failure: spread2 returnFrom (@test-spread2.R#846) ----------------------
     `out <- spread2(a, start = sams, 0.215, asRaster = FALSE, returnFrom = TRUE)` produced warnings.
    
     -- 22. Failure: spread2 returnFrom (@test-spread2.R#846) ----------------------
     `out <- spread2(a, start = sams, 0.215, asRaster = FALSE, returnFrom = TRUE)` produced warnings.
    
     -- 23. Failure: spread2 returnFrom (@test-spread2.R#846) ----------------------
     `out <- spread2(a, start = sams, 0.215, asRaster = FALSE, returnFrom = TRUE)` produced warnings.
    
     -- 24. Failure: spread2 returnFrom (@test-spread2.R#846) ----------------------
     `out <- spread2(a, start = sams, 0.215, asRaster = FALSE, returnFrom = TRUE)` produced warnings.
    
     -- 25. Failure: spread2 returnFrom (@test-spread2.R#846) ----------------------
     `out <- spread2(a, start = sams, 0.215, asRaster = FALSE, returnFrom = TRUE)` produced warnings.
    
     -- 26. Failure: spread2 returnFrom (@test-spread2.R#846) ----------------------
     `out <- spread2(a, start = sams, 0.215, asRaster = FALSE, returnFrom = TRUE)` produced warnings.
    
     -- 27. Failure: spread2 returnFrom (@test-spread2.R#846) ----------------------
     `out <- spread2(a, start = sams, 0.215, asRaster = FALSE, returnFrom = TRUE)` produced warnings.
    
     -- 28. Failure: spread2 returnFrom (@test-spread2.R#846) ----------------------
     `out <- spread2(a, start = sams, 0.215, asRaster = FALSE, returnFrom = TRUE)` produced warnings.
    
     -- 29. Failure: spread2 returnFrom (@test-spread2.R#846) ----------------------
     `out <- spread2(a, start = sams, 0.215, asRaster = FALSE, returnFrom = TRUE)` produced warnings.
    
     -- 30. Failure: spread2 returnFrom (@test-spread2.R#846) ----------------------
     `out <- spread2(a, start = sams, 0.215, asRaster = FALSE, returnFrom = TRUE)` produced warnings.
    
     -- 31. Failure: spread2 returnFrom (@test-spread2.R#846) ----------------------
     `out <- spread2(a, start = sams, 0.215, asRaster = FALSE, returnFrom = TRUE)` produced warnings.
    
     -- 32. Failure: spread2 returnFrom (@test-spread2.R#846) ----------------------
     `out <- spread2(a, start = sams, 0.215, asRaster = FALSE, returnFrom = TRUE)` produced warnings.
    
     -- 33. Failure: spread2 returnFrom (@test-spread2.R#846) ----------------------
     `out <- spread2(a, start = sams, 0.215, asRaster = FALSE, returnFrom = TRUE)` produced warnings.
    
     -- 34. Failure: spread2 returnFrom (@test-spread2.R#846) ----------------------
     `out <- spread2(a, start = sams, 0.215, asRaster = FALSE, returnFrom = TRUE)` produced warnings.
    
     -- 35. Failure: spread2 returnFrom (@test-spread2.R#846) ----------------------
     `out <- spread2(a, start = sams, 0.215, asRaster = FALSE, returnFrom = TRUE)` produced warnings.
    
     -- 36. Failure: spread2 returnFrom (@test-spread2.R#846) ----------------------
     `out <- spread2(a, start = sams, 0.215, asRaster = FALSE, returnFrom = TRUE)` produced warnings.
    
     -- 37. Failure: spread2 returnFrom (@test-spread2.R#846) ----------------------
     `out <- spread2(a, start = sams, 0.215, asRaster = FALSE, returnFrom = TRUE)` produced warnings.
    
     -- 38. Failure: spread2 returnFrom (@test-spread2.R#846) ----------------------
     `out <- spread2(a, start = sams, 0.215, asRaster = FALSE, returnFrom = TRUE)` produced warnings.
    
     -- 39. Failure: spread2 returnFrom (@test-spread2.R#846) ----------------------
     `out <- spread2(a, start = sams, 0.215, asRaster = FALSE, returnFrom = TRUE)` produced warnings.
    
     -- 40. Failure: spread2 returnFrom (@test-spread2.R#846) ----------------------
     `out <- spread2(a, start = sams, 0.215, asRaster = FALSE, returnFrom = TRUE)` produced warnings.
    
     == testthat results ===========================================================
     OK: 1595 SKIPPED: 23 FAILED: 40
     1. Failure: spread2 tests -- asymmetry (@test-spread2.R#630)
     2. Failure: spread2 tests -- asymmetry (@test-spread2.R#630)
     3. Failure: spread2 tests -- asymmetry (@test-spread2.R#630)
     4. Failure: spread2 tests -- asymmetry (@test-spread2.R#630)
     5. Failure: spread2 tests -- asymmetry (@test-spread2.R#630)
     6. Failure: spread2 tests -- asymmetry (@test-spread2.R#630)
     7. Failure: spread2 tests -- asymmetry (@test-spread2.R#630)
     8. Failure: spread2 tests -- asymmetry (@test-spread2.R#630)
     9. Failure: spread2 tests -- asymmetry (@test-spread2.R#630)
     1. ...
    
     Error: testthat unit tests failed
     Execution halted
Flavor: r-oldrel-windows-ix86+x86_64