CRAN Package Check Results for Package SpaDES.tools

Last updated on 2018-08-14 15:48:46 CEST.

Flavor Version Tinstall Tcheck Ttotal Status Flags
r-devel-linux-x86_64-debian-clang 0.3.0 41.85 255.86 297.71 OK
r-devel-linux-x86_64-debian-gcc 0.3.0 38.27 205.27 243.54 OK
r-devel-linux-x86_64-fedora-clang 0.3.0 370.03 OK
r-devel-linux-x86_64-fedora-gcc 0.3.0 360.14 OK
r-devel-windows-ix86+x86_64 0.3.0 110.00 541.00 651.00 OK
r-patched-linux-x86_64 0.3.0 41.69 229.21 270.90 OK
r-patched-solaris-x86 0.3.0 453.50 OK
r-release-linux-x86_64 0.3.0 44.23 226.74 270.97 OK
r-release-windows-ix86+x86_64 0.3.0 82.00 403.00 485.00 ERROR
r-release-osx-x86_64 0.3.0 OK
r-oldrel-windows-ix86+x86_64 0.3.0 118.00 510.00 628.00 OK
r-oldrel-osx-x86_64 0.3.0 OK

Check Details

Version: 0.3.0
Check: whether package can be installed
Result: ERROR
    Installation failed.
Flavor: r-release-windows-ix86+x86_64