CRAN Package Check Results for Package SpaTimeClus

Last updated on 2021-07-28 20:50:19 CEST.

Flavor Version Tinstall Tcheck Ttotal Status Flags
r-devel-linux-x86_64-debian-clang 1.0.1 OK
r-devel-linux-x86_64-debian-gcc 1.0.1 62.39 24.28 86.67 OK
r-devel-linux-x86_64-fedora-clang 1.0.1 195.79 NOTE
r-devel-linux-x86_64-fedora-gcc 1.0.1 161.01 NOTE
r-devel-windows-x86_64 1.0.1 83.00 58.00 141.00 OK
r-devel-windows-x86_64-gcc10-UCRT 1.0.1 OK
r-patched-linux-x86_64 1.0.1 71.14 29.58 100.72 OK
r-patched-solaris-x86 1.0.1 159.60 OK
r-release-linux-x86_64 1.0.1 77.76 29.86 107.62 OK
r-release-macos-arm64 1.0.1 NOTE
r-release-macos-x86_64 1.0.1 OK
r-release-windows-ix86+x86_64 1.0.1 216.00 57.00 273.00 OK
r-oldrel-macos-x86_64 1.0.1 OK
r-oldrel-windows-ix86+x86_64 1.0.1 156.00 74.00 230.00 OK

Check Details

Version: 1.0.1
Check: installed package size
Result: NOTE
     installed size is 5.1Mb
     sub-directories of 1Mb or more:
     libs 4.9Mb
Flavors: r-devel-linux-x86_64-fedora-clang, r-release-macos-arm64

Version: 1.0.1
Check: compiled code
Result: NOTE
    File ‘SpaTimeClus/libs/SpaTimeClus.so’:
     Found no calls to: ‘R_registerRoutines’, ‘R_useDynamicSymbols’
    
    It is good practice to register native routines and to disable symbol
    search.
    
    See ‘Writing portable packages’ in the ‘Writing R Extensions’ manual.
Flavors: r-devel-linux-x86_64-fedora-clang, r-devel-linux-x86_64-fedora-gcc