CRAN Package Check Results for Package SpaceTimeBSS

Last updated on 2024-06-18 10:55:14 CEST.

Flavor Version Tinstall Tcheck Ttotal Status Flags
r-devel-linux-x86_64-debian-clang 0.4-0 57.87 89.15 147.02 OK
r-devel-linux-x86_64-debian-gcc 0.4-0 39.66 65.60 105.26 OK
r-devel-linux-x86_64-fedora-clang 0.4-0 198.54 OK
r-devel-linux-x86_64-fedora-gcc 0.4-0 202.57 OK
r-devel-windows-x86_64 0.4-0 46.00 98.00 144.00 OK
r-patched-linux-x86_64 0.4-0 49.73 82.81 132.54 OK
r-release-linux-x86_64 0.4-0 46.62 85.82 132.44 OK
r-release-macos-arm64 0.4-0 51.00 NOTE
r-release-macos-x86_64 0.4-0 96.00 NOTE
r-release-windows-x86_64 0.4-0 45.00 101.00 146.00 OK
r-oldrel-macos-arm64 0.4-0 55.00 NOTE
r-oldrel-macos-x86_64 0.4-0 147.00 NOTE
r-oldrel-windows-x86_64 0.4-0 58.00 125.00 183.00 OK

Check Details

Version: 0.4-0
Check: installed package size
Result: NOTE installed size is 5.1Mb sub-directories of 1Mb or more: data 2.4Mb libs 2.6Mb Flavors: r-release-macos-arm64, r-release-macos-x86_64, r-oldrel-macos-arm64, r-oldrel-macos-x86_64