CRAN Package Check Results for Package SpaceTimeBSS

Last updated on 2023-01-30 17:54:24 CET.

Flavor Version Tinstall Tcheck Ttotal Status Flags
r-devel-linux-x86_64-debian-clang 0.2-0 52.33 92.35 144.68 OK
r-devel-linux-x86_64-debian-gcc 0.2-0 46.27 67.55 113.82 NOTE
r-devel-linux-x86_64-fedora-clang 0.2-0 199.73 NOTE
r-devel-linux-x86_64-fedora-gcc 0.2-0 185.47 NOTE
r-devel-windows-x86_64 0.2-0 64.00 144.00 208.00 NOTE
r-patched-linux-x86_64 0.2-0 47.65 88.58 136.23 OK
r-release-linux-x86_64 0.2-0 48.31 88.58 136.89 OK
r-release-macos-arm64 0.2-0 57.00 NOTE
r-release-macos-x86_64 0.2-0 71.00 NOTE
r-release-windows-x86_64 0.2-0 54.00 147.00 201.00 OK
r-oldrel-macos-arm64 0.2-0 51.00 NOTE
r-oldrel-macos-x86_64 0.2-0 70.00 NOTE
r-oldrel-windows-ix86+x86_64 0.2-0 138.00 156.00 294.00 OK

Check Details

Version: 0.2-0
Check: C++ specification
Result: NOTE
     Specified C++11: please update to current default of C++17
Flavors: r-devel-linux-x86_64-debian-gcc, r-devel-linux-x86_64-fedora-clang, r-devel-linux-x86_64-fedora-gcc, r-devel-windows-x86_64

Version: 0.2-0
Check: installed package size
Result: NOTE
     installed size is 5.3Mb
     sub-directories of 1Mb or more:
     data 2.4Mb
     libs 2.8Mb
Flavors: r-release-macos-arm64, r-release-macos-x86_64, r-oldrel-macos-arm64, r-oldrel-macos-x86_64