Last updated on 2023-05-30 10:02:33 CEST.
Flavor | Version | Tinstall | Tcheck | Ttotal | Status | Flags |
---|---|---|---|---|---|---|
r-devel-linux-x86_64-debian-clang | 0.2-0 | 57.91 | 92.30 | 150.21 | NOTE | |
r-devel-linux-x86_64-debian-gcc | 0.2-0 | 46.39 | 68.66 | 115.05 | NOTE | |
r-devel-linux-x86_64-fedora-clang | 0.2-0 | 206.92 | NOTE | |||
r-devel-linux-x86_64-fedora-gcc | 0.2-0 | 219.88 | NOTE | |||
r-devel-windows-x86_64 | 0.2-0 | 44.00 | 112.00 | 156.00 | NOTE | |
r-patched-linux-x86_64 | 0.2-0 | 48.02 | 87.98 | 136.00 | NOTE | |
r-release-linux-x86_64 | 0.2-0 | 47.05 | 88.29 | 135.34 | NOTE | |
r-release-macos-arm64 | 0.2-0 | 57.00 | NOTE | |||
r-release-macos-x86_64 | 0.2-0 | 89.00 | NOTE | |||
r-release-windows-x86_64 | 0.2-0 | 58.00 | 129.00 | 187.00 | NOTE | |
r-oldrel-macos-arm64 | 0.2-0 | 57.00 | NOTE | |||
r-oldrel-macos-x86_64 | 0.2-0 | 71.00 | NOTE | |||
r-oldrel-windows-x86_64 | 0.2-0 | 57.00 | 129.00 | 186.00 | OK |
Version: 0.2-0
Check: C++ specification
Result: NOTE
Specified C++11: please drop specification unless essential
Flavors: r-devel-linux-x86_64-debian-clang, r-devel-linux-x86_64-debian-gcc, r-devel-linux-x86_64-fedora-clang, r-devel-linux-x86_64-fedora-gcc, r-devel-windows-x86_64, r-patched-linux-x86_64, r-release-linux-x86_64, r-release-macos-arm64, r-release-macos-x86_64, r-release-windows-x86_64
Version: 0.2-0
Check: installed package size
Result: NOTE
installed size is 5.3Mb
sub-directories of 1Mb or more:
data 2.4Mb
libs 2.8Mb
Flavors: r-release-macos-arm64, r-release-macos-x86_64, r-oldrel-macos-arm64, r-oldrel-macos-x86_64