Last updated on 2023-06-05 01:52:18 CEST.
Flavor | Version | Tinstall | Tcheck | Ttotal | Status | Flags |
---|---|---|---|---|---|---|
r-devel-linux-x86_64-debian-clang | 1.0 | 77.28 | 70.77 | 148.05 | OK | |
r-devel-linux-x86_64-debian-gcc | 1.0 | 53.93 | 52.82 | 106.75 | OK | |
r-devel-linux-x86_64-fedora-clang | 1.0 | 203.31 | NOTE | |||
r-devel-linux-x86_64-fedora-gcc | 1.0 | 211.08 | NOTE | |||
r-devel-windows-x86_64 | 1.0 | 54.00 | 88.00 | 142.00 | OK | |
r-patched-linux-x86_64 | 1.0 | 60.38 | 65.64 | 126.02 | OK | |
r-release-linux-x86_64 | 1.0 | 62.08 | 64.99 | 127.07 | OK | |
r-release-macos-arm64 | 1.0 | 54.00 | OK | |||
r-release-macos-x86_64 | 1.0 | 82.00 | OK | |||
r-release-windows-x86_64 | 1.0 | 68.00 | 100.00 | 168.00 | OK | |
r-oldrel-macos-arm64 | 1.0 | 50.00 | OK | |||
r-oldrel-macos-x86_64 | 1.0 | 91.00 | OK | |||
r-oldrel-windows-x86_64 | 1.0 | 68.00 | 107.00 | 175.00 | OK |
Version: 1.0
Check: compiled code
Result: NOTE
File ‘SparseFactorAnalysis/libs/SparseFactorAnalysis.so’:
Found no calls to: ‘R_registerRoutines’, ‘R_useDynamicSymbols’
It is good practice to register native routines and to disable symbol
search.
See ‘Writing portable packages’ in the ‘Writing R Extensions’ manual.
Flavors: r-devel-linux-x86_64-fedora-clang, r-devel-linux-x86_64-fedora-gcc