CRAN Package Check Results for Package SparseGrid

Last updated on 2024-02-28 07:53:56 CET.

Flavor Version Tinstall Tcheck Ttotal Status Flags
r-devel-linux-x86_64-debian-clang 0.8.2 2.94 57.32 60.26 NOTE
r-devel-linux-x86_64-debian-gcc 0.8.2 2.18 38.15 40.33 NOTE
r-devel-linux-x86_64-fedora-clang 0.8.2 70.09 NOTE
r-devel-linux-x86_64-fedora-gcc 0.8.2 79.85 NOTE
r-devel-windows-x86_64 0.8.2 3.00 73.00 76.00 NOTE
r-patched-linux-x86_64 0.8.2 2.79 52.95 55.74 NOTE
r-release-linux-x86_64 0.8.2 2.38 53.39 55.77 NOTE
r-release-macos-arm64 0.8.2 35.00 NOTE
r-release-macos-x86_64 0.8.2 55.00 NOTE
r-release-windows-x86_64 0.8.2 5.00 74.00 79.00 NOTE
r-oldrel-macos-arm64 0.8.2 28.00 NOTE
r-oldrel-windows-x86_64 0.8.2 4.00 74.00 78.00 NOTE

Check Details

Version: 0.8.2
Check: DESCRIPTION meta-information
Result: NOTE Malformed Description field: should contain one or more complete sentences. Flavors: r-devel-linux-x86_64-debian-clang, r-devel-linux-x86_64-debian-gcc, r-devel-linux-x86_64-fedora-clang, r-devel-linux-x86_64-fedora-gcc, r-devel-windows-x86_64, r-patched-linux-x86_64, r-release-linux-x86_64, r-release-macos-arm64, r-release-macos-x86_64, r-release-windows-x86_64, r-oldrel-macos-arm64, r-oldrel-windows-x86_64