CRAN Package Check Results for Package SparseTSCGM

Last updated on 2021-11-29 15:51:27 CET.

Flavor Version Tinstall Tcheck Ttotal Status Flags
r-devel-linux-x86_64-debian-clang 4.0 10.43 92.20 102.63 OK
r-devel-linux-x86_64-debian-gcc 4.0 7.06 70.68 77.74 OK
r-devel-linux-x86_64-fedora-clang 4.0 145.56 NOTE
r-devel-linux-x86_64-fedora-gcc 4.0 121.08 NOTE
r-devel-windows-x86_64-new-UL 4.0 20.00 138.00 158.00 OK
r-devel-windows-x86_64-new-TK 4.0 OK
r-devel-windows-x86_64-old 4.0 16.00 88.00 104.00 OK
r-patched-linux-x86_64 4.0 13.66 88.19 101.85 OK
r-patched-solaris-x86 4.0 179.80 OK
r-release-linux-x86_64 4.0 9.49 87.65 97.14 OK
r-release-macos-arm64 4.0 OK
r-release-macos-x86_64 4.0 OK
r-release-windows-ix86+x86_64 4.0 24.00 113.00 137.00 OK
r-oldrel-macos-x86_64 4.0 OK
r-oldrel-windows-ix86+x86_64 4.0 18.00 141.00 159.00 OK

Check Details

Version: 4.0
Check: compiled code
Result: NOTE
    File ‘SparseTSCGM/libs/SparseTSCGM.so’:
     Found no calls to: ‘R_registerRoutines’, ‘R_useDynamicSymbols’
    
    It is good practice to register native routines and to disable symbol
    search.
    
    See ‘Writing portable packages’ in the ‘Writing R Extensions’ manual.
Flavors: r-devel-linux-x86_64-fedora-clang, r-devel-linux-x86_64-fedora-gcc