CRAN Package Check Results for Package SpatialBSS

Last updated on 2023-05-28 17:55:34 CEST.

Flavor Version Tinstall Tcheck Ttotal Status Flags
r-devel-linux-x86_64-debian-clang 0.13-0 66.71 87.39 154.10 NOTE
r-devel-linux-x86_64-debian-gcc 0.13-0 56.53 66.33 122.86 NOTE
r-devel-linux-x86_64-fedora-clang 0.13-0 249.74 NOTE
r-devel-linux-x86_64-fedora-gcc 0.13-0 256.79 NOTE
r-devel-windows-x86_64 0.13-0 54.00 132.00 186.00 NOTE
r-patched-linux-x86_64 0.13-0 57.26 84.62 141.88 NOTE
r-release-linux-x86_64 0.13-0 57.37 85.79 143.16 NOTE
r-release-macos-arm64 0.13-0 68.00 NOTE
r-release-macos-x86_64 0.13-0 104.00 NOTE
r-release-windows-x86_64 0.13-0 71.00 133.00 204.00 NOTE
r-oldrel-macos-arm64 0.13-0 61.00 OK
r-oldrel-macos-x86_64 0.13-0 78.00 OK
r-oldrel-windows-x86_64 0.13-0 70.00 135.00 205.00 OK

Check Details

Version: 0.13-0
Check: C++ specification
Result: NOTE
     Specified C++11: please drop specification unless essential
Flavors: r-devel-linux-x86_64-debian-clang, r-devel-linux-x86_64-debian-gcc, r-devel-linux-x86_64-fedora-clang, r-devel-linux-x86_64-fedora-gcc, r-devel-windows-x86_64, r-patched-linux-x86_64, r-release-linux-x86_64, r-release-macos-arm64, r-release-macos-x86_64, r-release-windows-x86_64