CRAN Package Check Results for Package SpatialGEV

Last updated on 2022-07-02 05:51:08 CEST.

Flavor Version Tinstall Tcheck Ttotal Status Flags
r-devel-linux-x86_64-debian-clang 1.0.0 148.02 89.23 237.25 NOTE
r-devel-linux-x86_64-debian-gcc 1.0.0 138.74 65.86 204.60 NOTE
r-devel-linux-x86_64-fedora-clang 1.0.0 333.75 NOTE
r-devel-linux-x86_64-fedora-gcc 1.0.0 365.53 OK
r-devel-windows-x86_64 1.0.0 102.00 152.00 254.00 NOTE
r-patched-linux-x86_64 1.0.0 150.80 88.08 238.88 NOTE
r-release-linux-x86_64 1.0.0 135.72 83.67 219.39 NOTE
r-release-macos-arm64 1.0.0 73.00 NOTE
r-release-macos-x86_64 1.0.0 119.00 NOTE
r-release-windows-x86_64 1.0.0 114.00 152.00 266.00 NOTE
r-oldrel-macos-arm64 1.0.0 75.00 NOTE
r-oldrel-macos-x86_64 1.0.0 110.00 NOTE
r-oldrel-windows-ix86+x86_64 1.0.0 288.00 214.00 502.00 NOTE

Check Details

Version: 1.0.0
Check: package dependencies
Result: NOTE
    Package suggested but not available for checking: 'INLA'
Flavors: r-devel-linux-x86_64-debian-clang, r-devel-linux-x86_64-debian-gcc, r-devel-windows-x86_64, r-patched-linux-x86_64, r-release-linux-x86_64, r-release-macos-arm64, r-release-macos-x86_64, r-release-windows-x86_64, r-oldrel-macos-arm64, r-oldrel-macos-x86_64

Version: 1.0.0
Check: installed package size
Result: NOTE
     installed size is 33.8Mb
     sub-directories of 1Mb or more:
     libs 32.6Mb
Flavors: r-devel-linux-x86_64-fedora-clang, r-devel-windows-x86_64, r-release-macos-arm64, r-release-macos-x86_64, r-release-windows-x86_64, r-oldrel-macos-arm64, r-oldrel-macos-x86_64, r-oldrel-windows-ix86+x86_64