CRAN Package Check Results for Package SpatialKDE

Last updated on 2021-09-26 14:49:22 CEST.

Flavor Version Tinstall Tcheck Ttotal Status Flags
r-devel-linux-x86_64-debian-clang 0.6.2 28.64 129.98 158.62 NOTE
r-devel-linux-x86_64-debian-gcc 0.6.2 21.30 96.18 117.48 NOTE
r-devel-linux-x86_64-fedora-clang 0.6.2 206.13 NOTE
r-devel-linux-x86_64-fedora-gcc 0.6.2 189.55 NOTE
r-devel-windows-x86_64 0.6.2 25.00 117.00 142.00 NOTE
r-devel-windows-x86_64-gcc10-UCRT 0.6.2 NOTE
r-patched-linux-x86_64 0.6.2 24.11 121.37 145.48 NOTE
r-patched-solaris-x86 0.6.2 258.30 NOTE
r-release-linux-x86_64 0.6.2 27.89 119.44 147.33 NOTE
r-release-macos-arm64 0.6.2 NOTE
r-release-macos-x86_64 0.6.2 NOTE
r-release-windows-ix86+x86_64 0.6.2 67.00 220.00 287.00 NOTE
r-oldrel-macos-x86_64 0.6.2 OK
r-oldrel-windows-ix86+x86_64 0.6.2 48.00 172.00 220.00 OK

Check Details

Version: 0.6.2
Check: LazyData
Result: NOTE
     'LazyData' is specified without a 'data' directory
Flavors: r-devel-linux-x86_64-debian-clang, r-devel-linux-x86_64-debian-gcc, r-devel-linux-x86_64-fedora-clang, r-devel-linux-x86_64-fedora-gcc, r-devel-windows-x86_64, r-devel-windows-x86_64-gcc10-UCRT, r-patched-linux-x86_64, r-patched-solaris-x86, r-release-linux-x86_64, r-release-macos-arm64, r-release-macos-x86_64, r-release-windows-ix86+x86_64