CRAN Package Check Results for Package SpatialPOP

Last updated on 2022-09-27 21:54:02 CEST.

Flavor Version Tinstall Tcheck Ttotal Status Flags
r-devel-linux-x86_64-debian-clang 0.1.0 2.37 32.26 34.63 OK
r-devel-linux-x86_64-debian-gcc 0.1.0 2.08 24.97 27.05 OK
r-devel-linux-x86_64-fedora-clang 0.1.0 57.56 NOTE
r-devel-linux-x86_64-fedora-gcc 0.1.0 54.23 NOTE
r-devel-windows-x86_64 0.1.0 14.00 60.00 74.00 OK
r-patched-linux-x86_64 0.1.0 2.72 31.38 34.10 OK
r-release-linux-x86_64 0.1.0 2.66 30.99 33.65 OK
r-release-macos-arm64 0.1.0 20.00 NOTE
r-release-macos-x86_64 0.1.0 26.00 NOTE
r-release-windows-x86_64 0.1.0 15.00 61.00 76.00 OK
r-oldrel-macos-arm64 0.1.0 18.00 NOTE
r-oldrel-macos-x86_64 0.1.0 23.00 NOTE
r-oldrel-windows-ix86+x86_64 0.1.0 7.00 58.00 65.00 OK

Check Details

Version: 0.1.0
Check: dependencies in R code
Result: NOTE
    Namespace in Imports field not imported from: ‘MASS’
     All declared Imports should be used.
Flavors: r-devel-linux-x86_64-fedora-clang, r-devel-linux-x86_64-fedora-gcc, r-release-macos-arm64, r-release-macos-x86_64, r-oldrel-macos-arm64, r-oldrel-macos-x86_64