CRAN Package Check Results for Package SpatialTools

Last updated on 2023-03-27 09:50:28 CEST.

Flavor Version Tinstall Tcheck Ttotal Status Flags
r-devel-linux-x86_64-debian-clang 1.0.4 101.10 87.21 188.31 OK
r-devel-linux-x86_64-debian-gcc 1.0.4 70.33 68.03 138.36 OK
r-devel-linux-x86_64-fedora-clang 1.0.4 254.01 OK
r-devel-linux-x86_64-fedora-gcc 1.0.4 244.14 OK
r-devel-windows-x86_64 1.0.4 89.00 149.00 238.00 OK
r-patched-linux-x86_64 1.0.4 79.01 85.56 164.57 OK
r-release-linux-x86_64 1.0.4 72.47 79.69 152.16 OK
r-release-macos-arm64 1.0.4 62.00 NOTE
r-release-macos-x86_64 1.0.4 78.00 OK
r-release-windows-x86_64 1.0.4 94.00 134.00 228.00 OK
r-oldrel-macos-arm64 1.0.4 72.00 NOTE
r-oldrel-macos-x86_64 1.0.4 112.00 NOTE
r-oldrel-windows-ix86+x86_64 1.0.4 220.00 151.00 371.00 OK

Check Details

Version: 1.0.4
Check: installed package size
Result: NOTE
     installed size is 5.5Mb
     sub-directories of 1Mb or more:
     libs 5.3Mb
Flavors: r-release-macos-arm64, r-oldrel-macos-arm64, r-oldrel-macos-x86_64