CRAN Package Check Results for Package SpectralMap

Last updated on 2022-12-06 21:51:37 CET.

Flavor Version Tinstall Tcheck Ttotal Status Flags
r-devel-linux-x86_64-debian-clang 1.0 6.87 68.80 75.67 NOTE
r-devel-linux-x86_64-debian-gcc 1.0 6.41 50.53 56.94 NOTE
r-devel-linux-x86_64-fedora-clang 1.0 101.87 NOTE
r-devel-linux-x86_64-fedora-gcc 1.0 99.23 NOTE
r-devel-windows-x86_64 1.0 10.00 87.00 97.00 NOTE
r-patched-linux-x86_64 1.0 6.33 64.47 70.80 NOTE
r-release-linux-x86_64 1.0 5.52 64.81 70.33 NOTE
r-release-macos-arm64 1.0 27.00 NOTE
r-release-macos-x86_64 1.0 47.00 NOTE
r-release-windows-x86_64 1.0 12.00 92.00 104.00 NOTE
r-oldrel-macos-arm64 1.0 31.00 NOTE
r-oldrel-macos-x86_64 1.0 51.00 NOTE
r-oldrel-windows-ix86+x86_64 1.0 19.00 91.00 110.00 NOTE

Check Details

Version: 1.0
Check: LazyData
Result: NOTE
     'LazyData' is specified without a 'data' directory
Flavors: r-devel-linux-x86_64-debian-clang, r-devel-linux-x86_64-debian-gcc, r-devel-linux-x86_64-fedora-clang, r-devel-linux-x86_64-fedora-gcc, r-devel-windows-x86_64, r-patched-linux-x86_64, r-release-linux-x86_64, r-release-macos-arm64, r-release-macos-x86_64, r-release-windows-x86_64, r-oldrel-macos-arm64, r-oldrel-macos-x86_64, r-oldrel-windows-ix86+x86_64