CRAN Package Check Results for Package SphericalCubature

Last updated on 2020-04-02 12:51:48 CEST.

Flavor Version Tinstall Tcheck Ttotal Status Flags
r-devel-linux-x86_64-debian-clang 1.4 5.43 47.29 52.72 OK
r-devel-linux-x86_64-debian-gcc 1.4 4.05 37.12 41.17 OK
r-devel-linux-x86_64-fedora-clang 1.4 63.49 OK
r-devel-linux-x86_64-fedora-gcc 1.4 64.05 OK
r-devel-windows-ix86+x86_64 1.4 16.00 56.00 72.00 OK
r-devel-windows-ix86+x86_64-gcc8 1.4 13.00 60.00 73.00 OK
r-patched-linux-x86_64 1.4 5.43 46.89 52.32 OK
r-patched-solaris-x86 1.4 95.00 OK
r-release-linux-x86_64 1.4 4.24 43.11 47.35 OK
r-release-windows-ix86+x86_64 1.4 10.00 90.00 100.00 OK
r-release-osx-x86_64 1.4 WARN
r-oldrel-windows-ix86+x86_64 1.4 6.00 62.00 68.00 OK
r-oldrel-osx-x86_64 1.4 OK

Check Details

Version: 1.4
Check: whether package can be installed
Result: WARN
    Found the following significant warnings:
     Warning: 'rgl_init' failed, running with rgl.useNULL = TRUE
Flavor: r-release-osx-x86_64