CRAN Package Check Results for Package SpiceFP

Last updated on 2021-10-24 22:50:36 CEST.

Flavor Version Tinstall Tcheck Ttotal Status Flags
r-devel-linux-x86_64-debian-clang 0.1.0 10.54 92.40 102.94 OK
r-devel-linux-x86_64-debian-gcc 0.1.0 7.93 68.85 76.78 OK
r-devel-linux-x86_64-fedora-clang 0.1.0 134.56 NOTE
r-devel-linux-x86_64-fedora-gcc 0.1.0 119.64 NOTE
r-devel-windows-x86_64 0.1.0 16.00 123.00 139.00 OK
r-devel-windows-x86_64-gcc10-UCRT 0.1.0 NOTE
r-patched-linux-x86_64 0.1.0 9.50 85.99 95.49 OK
r-patched-solaris-x86 0.1.0 170.40 NOTE
r-release-linux-x86_64 0.1.0 10.29 86.65 96.94 OK
r-release-macos-arm64 0.1.0 NOTE
r-release-macos-x86_64 0.1.0 NOTE
r-release-windows-ix86+x86_64 0.1.0 16.00 124.00 140.00 OK
r-oldrel-macos-x86_64 0.1.0 NOTE
r-oldrel-windows-ix86+x86_64 0.1.0 26.00 122.00 148.00 OK

Check Details

Version: 0.1.0
Check: dependencies in R code
Result: NOTE
    Namespace in Imports field not imported from: ‘gplots’
     All declared Imports should be used.
Flavors: r-devel-linux-x86_64-fedora-clang, r-devel-linux-x86_64-fedora-gcc, r-devel-windows-x86_64-gcc10-UCRT, r-patched-solaris-x86, r-release-macos-arm64, r-release-macos-x86_64, r-oldrel-macos-x86_64