CRAN Package Check Results for Package SplitGLM

Last updated on 2021-09-28 06:48:39 CEST.

Flavor Version Tinstall Tcheck Ttotal Status Flags
r-devel-linux-x86_64-debian-clang 1.0.2 116.74 34.33 151.07 OK
r-devel-linux-x86_64-debian-gcc 1.0.2 78.29 27.25 105.54 OK
r-devel-linux-x86_64-fedora-clang 1.0.2 226.18 OK
r-devel-linux-x86_64-fedora-gcc 1.0.2 198.54 OK
r-devel-windows-x86_64 1.0.2 99.00 46.00 145.00 OK
r-devel-windows-x86_64-gcc10-UCRT 1.0.2 OK
r-patched-linux-x86_64 1.0.2 93.12 33.68 126.80 OK
r-patched-solaris-x86 1.0.2 188.90 OK
r-release-linux-x86_64 1.0.2 90.64 33.46 124.10 OK
r-release-macos-arm64 1.0.2 NOTE
r-release-macos-x86_64 1.0.2 NOTE
r-release-windows-ix86+x86_64 1.0.2 269.00 83.00 352.00 OK
r-oldrel-macos-x86_64 1.0.2 NOTE
r-oldrel-windows-ix86+x86_64 1.0.2 196.00 61.00 257.00 OK

Check Details

Version: 1.0.2
Check: installed package size
Result: NOTE
     installed size is 6.2Mb
     sub-directories of 1Mb or more:
     libs 6.1Mb
Flavors: r-release-macos-arm64, r-release-macos-x86_64, r-oldrel-macos-x86_64