CRAN Package Check Results for Package SplitKnockoff

Last updated on 2021-10-24 23:52:04 CEST.

Flavor Version Tinstall Tcheck Ttotal Status Flags
r-devel-linux-x86_64-debian-clang 0.8 8.88 78.39 87.27 OK
r-devel-linux-x86_64-debian-gcc 0.8 6.79 59.64 66.43 OK
r-devel-linux-x86_64-fedora-clang 0.8 114.37 NOTE
r-devel-linux-x86_64-fedora-gcc 0.8 103.32 NOTE
r-devel-windows-x86_64 0.8 12.00 108.00 120.00 OK
r-devel-windows-x86_64-gcc10-UCRT 0.8 NOTE
r-patched-linux-x86_64 0.8 8.22 75.29 83.51 OK
r-patched-solaris-x86 0.8 141.30 NOTE
r-release-linux-x86_64 0.8 8.35 75.30 83.65 OK
r-release-macos-arm64 0.8 NOTE
r-release-macos-x86_64 0.8 NOTE
r-release-windows-ix86+x86_64 0.8 15.00 124.00 139.00 OK
r-oldrel-macos-x86_64 0.8 NOTE
r-oldrel-windows-ix86+x86_64 0.8 19.00 109.00 128.00 OK

Check Details

Version: 0.8
Check: dependencies in R code
Result: NOTE
    Namespaces in Imports field not imported from:
     ‘RSpectra’ ‘ggplot2’ ‘latex2exp’
     All declared Imports should be used.
Flavors: r-devel-linux-x86_64-fedora-clang, r-devel-linux-x86_64-fedora-gcc, r-devel-windows-x86_64-gcc10-UCRT, r-patched-solaris-x86, r-release-macos-arm64, r-release-macos-x86_64, r-oldrel-macos-x86_64