CRAN Package Check Results for Package StAMPP

Last updated on 2024-02-28 15:49:38 CET.

Flavor Version Tinstall Tcheck Ttotal Status Flags
r-devel-linux-x86_64-debian-clang 1.6.3 13.42 121.56 134.98 NOTE
r-devel-linux-x86_64-debian-gcc 1.6.3 12.26 90.53 102.79 NOTE
r-devel-linux-x86_64-fedora-clang 1.6.3 167.83 NOTE
r-devel-linux-x86_64-fedora-gcc 1.6.3 169.17 NOTE
r-devel-windows-x86_64 1.6.3 14.00 108.00 122.00 OK
r-patched-linux-x86_64 1.6.3 13.82 117.77 131.59 OK
r-release-linux-x86_64 1.6.3 13.11 119.19 132.30 OK
r-release-macos-arm64 1.6.3 57.00 OK
r-release-macos-x86_64 1.6.3 88.00 OK
r-release-windows-x86_64 1.6.3 18.00 133.00 151.00 OK
r-oldrel-macos-arm64 1.6.3 52.00 OK
r-oldrel-windows-x86_64 1.6.3 20.00 136.00 156.00 OK

Check Details

Version: 1.6.3
Check: Rd files
Result: NOTE checkRd: (-1) stamppFst.Rd:20: Lost braces 20 | \code{Fsts}{a matrix of pairwise Fst values between populations} | ^ checkRd: (-1) stamppFst.Rd:21: Lost braces 21 | \code{Pvalues}{a matrix of p-values for each of the pairwise Fst values containined in the 'Fsts' matrix} | ^ checkRd: (-1) stamppFst.Rd:22: Lost braces 22 | \code{Bootstraps}{a dataframe of each Fst value generated during Bootstrapping and the associated confidence intervals} | ^ Flavors: r-devel-linux-x86_64-debian-clang, r-devel-linux-x86_64-debian-gcc, r-devel-linux-x86_64-fedora-clang, r-devel-linux-x86_64-fedora-gcc