CRAN Package Check Results for Package StMoSim

Last updated on 2019-08-19 11:49:15 CEST.

Flavor Version Tinstall Tcheck Ttotal Status Flags
r-devel-linux-x86_64-debian-clang 3.1.1 16.42 23.16 39.58 NOTE
r-devel-linux-x86_64-debian-gcc 3.1.1 11.71 19.37 31.08 NOTE
r-devel-linux-x86_64-fedora-clang 3.1.1 57.22 NOTE
r-devel-linux-x86_64-fedora-gcc 3.1.1 51.76 NOTE
r-devel-windows-ix86+x86_64 3.1.1 58.00 75.00 133.00 NOTE
r-patched-linux-x86_64 3.1.1 14.57 23.17 37.74 NOTE
r-patched-solaris-x86 3.1.1 72.50 NOTE
r-release-linux-x86_64 3.1.1 13.11 23.15 36.26 NOTE
r-release-windows-ix86+x86_64 3.1.1 37.00 58.00 95.00 NOTE
r-release-osx-x86_64 3.1.1 NOTE
r-oldrel-windows-ix86+x86_64 3.1.1 52.00 72.00 124.00 NOTE
r-oldrel-osx-x86_64 3.1.1 NOTE

Check Details

Version: 3.1.1
Check: for GNU extensions in Makefiles
Result: NOTE
    GNU make is a SystemRequirements.
Flavors: r-devel-linux-x86_64-debian-clang, r-devel-linux-x86_64-debian-gcc, r-devel-linux-x86_64-fedora-clang, r-devel-linux-x86_64-fedora-gcc, r-devel-windows-ix86+x86_64, r-patched-linux-x86_64, r-patched-solaris-x86, r-release-linux-x86_64, r-release-windows-ix86+x86_64, r-release-osx-x86_64, r-oldrel-windows-ix86+x86_64, r-oldrel-osx-x86_64