CRAN Package Check Results for Package StMoSim

Last updated on 2023-06-07 10:58:51 CEST.

Flavor Version Tinstall Tcheck Ttotal Status Flags
r-devel-linux-x86_64-debian-clang 3.1.1 22.04 27.43 49.47 NOTE
r-devel-linux-x86_64-debian-gcc 3.1.1 16.96 21.56 38.52 NOTE
r-devel-linux-x86_64-fedora-clang 3.1.1 70.63 NOTE
r-devel-linux-x86_64-fedora-gcc 3.1.1 64.62 NOTE
r-devel-windows-x86_64 3.1.1 19.00 64.00 83.00 NOTE
r-patched-linux-x86_64 3.1.1 18.27 26.75 45.02 NOTE
r-release-linux-x86_64 3.1.1 16.58 26.51 43.09 NOTE
r-release-macos-arm64 3.1.1 24.00 NOTE
r-release-macos-x86_64 3.1.1 36.00 NOTE
r-release-windows-x86_64 3.1.1 20.00 68.00 88.00 NOTE
r-oldrel-macos-arm64 3.1.1 29.00 NOTE
r-oldrel-macos-x86_64 3.1.1 33.00 NOTE
r-oldrel-windows-x86_64 3.1.1 25.00 74.00 99.00 NOTE

Check Details

Version: 3.1.1
Check: C++ specification
Result: NOTE
     Specified C++11: please drop specification unless essential
Flavors: r-devel-linux-x86_64-debian-clang, r-devel-linux-x86_64-debian-gcc, r-devel-linux-x86_64-fedora-clang, r-devel-linux-x86_64-fedora-gcc, r-devel-windows-x86_64, r-patched-linux-x86_64, r-release-linux-x86_64, r-release-macos-arm64, r-release-macos-x86_64, r-release-windows-x86_64

Version: 3.1.1
Check: for GNU extensions in Makefiles
Result: NOTE
    GNU make is a SystemRequirements.
Flavors: r-devel-linux-x86_64-debian-clang, r-devel-linux-x86_64-debian-gcc, r-devel-linux-x86_64-fedora-clang, r-devel-linux-x86_64-fedora-gcc, r-devel-windows-x86_64, r-patched-linux-x86_64, r-release-linux-x86_64, r-release-macos-arm64, r-release-macos-x86_64, r-release-windows-x86_64, r-oldrel-macos-arm64, r-oldrel-macos-x86_64, r-oldrel-windows-x86_64