CRAN Package Check Results for Package StMoSim

Last updated on 2019-02-19 20:47:55 CET.

Flavor Version Tinstall Tcheck Ttotal Status Flags
r-devel-linux-x86_64-debian-clang 3.1.1 15.86 23.21 39.07 NOTE
r-devel-linux-x86_64-debian-gcc 3.1.1 11.09 18.75 29.84 NOTE
r-devel-linux-x86_64-fedora-clang 3.1.1 55.34 NOTE
r-devel-linux-x86_64-fedora-gcc 3.1.1 49.30 NOTE
r-devel-windows-ix86+x86_64 3.1.1 54.00 52.00 106.00 NOTE
r-patched-linux-x86_64 3.1.1 14.72 21.73 36.45 NOTE
r-patched-solaris-x86 3.1.1 64.50 NOTE
r-release-linux-x86_64 3.1.1 13.88 21.82 35.70 NOTE
r-release-windows-ix86+x86_64 3.1.1 34.00 74.00 108.00 NOTE
r-release-osx-x86_64 3.1.1 NOTE
r-oldrel-windows-ix86+x86_64 3.1.1 34.00 69.00 103.00 NOTE
r-oldrel-osx-x86_64 3.1.1 NOTE

Check Details

Version: 3.1.1
Check: for GNU extensions in Makefiles
Result: NOTE
    GNU make is a SystemRequirements.
Flavors: r-devel-linux-x86_64-debian-clang, r-devel-linux-x86_64-debian-gcc, r-devel-linux-x86_64-fedora-clang, r-devel-linux-x86_64-fedora-gcc, r-devel-windows-ix86+x86_64, r-patched-linux-x86_64, r-patched-solaris-x86, r-release-linux-x86_64, r-release-windows-ix86+x86_64, r-release-osx-x86_64, r-oldrel-windows-ix86+x86_64, r-oldrel-osx-x86_64