CRAN Package Check Results for Package StMoSim

Last updated on 2019-04-26 16:36:42 CEST.

Flavor Version Tinstall Tcheck Ttotal Status Flags
r-devel-linux-x86_64-debian-clang 3.1.1 16.21 23.26 39.47 NOTE
r-devel-linux-x86_64-debian-gcc 3.1.1 11.07 18.85 29.92 NOTE
r-devel-linux-x86_64-fedora-clang 3.1.1 54.84 NOTE
r-devel-linux-x86_64-fedora-gcc 3.1.1 48.96 NOTE
r-patched-linux-x86_64 3.1.1 13.41 23.07 36.48 NOTE
r-patched-solaris-x86 3.1.1 68.00 NOTE
r-release-linux-x86_64 3.1.1 14.40 21.87 36.27 NOTE
r-release-windows-ix86+x86_64 3.1.1 50.00 66.00 116.00 NOTE
r-release-osx-x86_64 3.1.1 NOTE
r-oldrel-windows-ix86+x86_64 3.1.1 48.00 53.00 101.00 NOTE
r-oldrel-osx-x86_64 3.1.1 NOTE

Check Details

Version: 3.1.1
Check: for GNU extensions in Makefiles
Result: NOTE
    GNU make is a SystemRequirements.
Flavors: r-devel-linux-x86_64-debian-clang, r-devel-linux-x86_64-debian-gcc, r-devel-linux-x86_64-fedora-clang, r-devel-linux-x86_64-fedora-gcc, r-patched-linux-x86_64, r-patched-solaris-x86, r-release-linux-x86_64, r-release-windows-ix86+x86_64, r-release-osx-x86_64, r-oldrel-windows-ix86+x86_64, r-oldrel-osx-x86_64