CRAN Package Check Results for Package StabilizedRegression

Last updated on 2021-06-14 13:53:33 CEST.

Flavor Version Tinstall Tcheck Ttotal Status Flags
r-devel-linux-x86_64-debian-clang 1.0 11.43 97.85 109.28 NOTE
r-devel-linux-x86_64-debian-gcc 1.0 9.80 71.53 81.33 NOTE
r-devel-linux-x86_64-fedora-clang 1.0 136.55 NOTE
r-devel-linux-x86_64-fedora-gcc 1.0 128.18 NOTE
r-devel-windows-x86_64 1.0 18.00 117.00 135.00 NOTE
r-devel-windows-x86_64-gcc10-UCRT 1.0 NOTE
r-patched-linux-x86_64 1.0 10.26 91.83 102.09 NOTE
r-patched-solaris-x86 1.0 174.60 NOTE
r-release-linux-x86_64 1.0 9.83 92.99 102.82 NOTE
r-release-macos-arm64 1.0 NOTE
r-release-macos-x86_64 1.0 NOTE
r-release-windows-ix86+x86_64 1.0 26.00 111.00 137.00 NOTE
r-oldrel-macos-x86_64 1.0 OK
r-oldrel-windows-ix86+x86_64 1.0 27.00 117.00 144.00 OK

Check Details

Version: 1.0
Check: LazyData
Result: NOTE
     'LazyData' is specified without a 'data' directory
Flavors: r-devel-linux-x86_64-debian-clang, r-devel-linux-x86_64-debian-gcc, r-devel-linux-x86_64-fedora-clang, r-devel-linux-x86_64-fedora-gcc, r-devel-windows-x86_64, r-devel-windows-x86_64-gcc10-UCRT, r-patched-linux-x86_64, r-patched-solaris-x86, r-release-linux-x86_64, r-release-macos-arm64, r-release-macos-x86_64, r-release-windows-ix86+x86_64