CRAN Package Check Results for Package StackImpute

Last updated on 2021-10-26 15:51:27 CEST.

Flavor Version Tinstall Tcheck Ttotal Status Flags
r-devel-linux-x86_64-debian-clang 0.1.0 12.06 36.39 48.45 OK
r-devel-linux-x86_64-debian-gcc 0.1.0 10.92 29.37 40.29 OK
r-devel-linux-x86_64-fedora-clang 0.1.0 70.99 NOTE
r-devel-linux-x86_64-fedora-gcc 0.1.0 60.27 NOTE
r-devel-windows-x86_64 0.1.0 17.00 57.00 74.00 OK
r-devel-windows-x86_64-gcc10-UCRT 0.1.0 NOTE
r-patched-linux-x86_64 0.1.0 10.89 34.86 45.75 OK
r-patched-solaris-x86 0.1.0 103.20 NOTE
r-release-linux-x86_64 0.1.0 11.57 34.72 46.29 OK
r-release-macos-arm64 0.1.0 NOTE
r-release-macos-x86_64 0.1.0 NOTE
r-release-windows-ix86+x86_64 0.1.0 15.00 55.00 70.00 OK
r-oldrel-macos-x86_64 0.1.0 NOTE
r-oldrel-windows-ix86+x86_64 0.1.0 21.00 56.00 77.00 OK

Check Details

Version: 0.1.0
Check: dependencies in R code
Result: NOTE
    Namespaces in Imports field not imported from:
     ‘MASS’ ‘mice’ ‘sandwich’ ‘zoo’
     All declared Imports should be used.
Flavors: r-devel-linux-x86_64-fedora-clang, r-devel-linux-x86_64-fedora-gcc, r-devel-windows-x86_64-gcc10-UCRT, r-patched-solaris-x86, r-release-macos-arm64, r-release-macos-x86_64, r-oldrel-macos-x86_64