CRAN Package Check Results for Package StanMoMo

Last updated on 2022-11-30 03:58:36 CET.

Flavor Version Tinstall Tcheck Ttotal Status Flags
r-devel-linux-x86_64-debian-clang 1.1.0 559.63 214.85 774.48 NOTE
r-devel-linux-x86_64-debian-gcc 1.1.0 531.44 184.59 716.03 NOTE
r-devel-linux-x86_64-fedora-clang 1.1.0 983.16 NOTE
r-devel-linux-x86_64-fedora-gcc 1.1.0 1206.10 NOTE
r-devel-windows-x86_64 1.1.0 386.00 300.00 686.00 NOTE
r-patched-linux-x86_64 1.1.0 440.17 229.66 669.83 NOTE
r-release-linux-x86_64 1.1.0 486.55 222.12 708.67 NOTE
r-release-macos-arm64 1.1.0 225.00 NOTE
r-release-macos-x86_64 1.1.0 360.00 NOTE
r-release-windows-x86_64 1.1.0 401.00 297.00 698.00 NOTE
r-oldrel-macos-arm64 1.1.0 196.00 NOTE
r-oldrel-macos-x86_64 1.1.0 359.00 NOTE
r-oldrel-windows-ix86+x86_64 1.1.0 1286.00 385.00 1671.00 NOTE

Check Details

Version: 1.1.0
Check: for GNU extensions in Makefiles
Result: NOTE
    GNU make is a SystemRequirements.
Flavors: r-devel-linux-x86_64-debian-clang, r-devel-linux-x86_64-debian-gcc, r-devel-linux-x86_64-fedora-clang, r-devel-linux-x86_64-fedora-gcc, r-devel-windows-x86_64, r-patched-linux-x86_64, r-release-linux-x86_64, r-release-macos-arm64, r-release-macos-x86_64, r-release-windows-x86_64, r-oldrel-macos-arm64, r-oldrel-macos-x86_64, r-oldrel-windows-ix86+x86_64

Version: 1.1.0
Check: installed package size
Result: NOTE
     installed size is 6.9Mb
     sub-directories of 1Mb or more:
     libs 6.0Mb
Flavors: r-devel-linux-x86_64-fedora-clang, r-devel-windows-x86_64, r-release-macos-arm64, r-release-macos-x86_64, r-release-windows-x86_64, r-oldrel-macos-arm64, r-oldrel-macos-x86_64, r-oldrel-windows-ix86+x86_64

Version: 1.1.0
Check: dependencies in R code
Result: NOTE
    Namespaces in Imports field not imported from:
     ‘RcppParallel’ ‘httr’ ‘latex2exp’ ‘rstantools’ ‘tibble’ ‘tidyverse’
     ‘utils’
     All declared Imports should be used.
Flavors: r-devel-linux-x86_64-fedora-clang, r-devel-linux-x86_64-fedora-gcc, r-release-macos-arm64, r-release-macos-x86_64, r-oldrel-macos-arm64, r-oldrel-macos-x86_64