CRAN Package Check Results for Package Stat2Data

Last updated on 2024-06-22 13:51:57 CEST.

Flavor Version Tinstall Tcheck Ttotal Status Flags
r-devel-linux-x86_64-debian-clang 2.0.0 5.86 125.25 131.11 NOTE
r-devel-linux-x86_64-debian-gcc 2.0.0 4.37 97.59 101.96 NOTE
r-devel-linux-x86_64-fedora-clang 2.0.0 166.07 NOTE
r-devel-linux-x86_64-fedora-gcc 2.0.0 161.55 NOTE
r-devel-windows-x86_64 2.0.0 8.00 162.00 170.00 NOTE
r-patched-linux-x86_64 2.0.0 10.97 121.31 132.28 NOTE
r-release-linux-x86_64 2.0.0 4.78 121.46 126.24 NOTE
r-release-macos-arm64 2.0.0 56.00 NOTE
r-release-macos-x86_64 2.0.0 88.00 NOTE
r-release-windows-x86_64 2.0.0 8.00 160.00 168.00 NOTE
r-oldrel-macos-arm64 2.0.0 56.00 OK
r-oldrel-macos-x86_64 2.0.0 90.00 OK
r-oldrel-windows-x86_64 2.0.0 8.00 185.00 193.00 OK

Check Details

Version: 2.0.0
Check: Rd files
Result: NOTE checkRd: (-1) AutoPollution.Rd:16: Lost braces 16 | \code{Side} \tab {Side of vehicle: code{1}=right or \code{2}=left}\cr | ^ Flavors: r-devel-linux-x86_64-debian-clang, r-devel-linux-x86_64-debian-gcc, r-devel-linux-x86_64-fedora-clang, r-devel-linux-x86_64-fedora-gcc, r-devel-windows-x86_64, r-patched-linux-x86_64, r-release-linux-x86_64, r-release-macos-arm64, r-release-macos-x86_64, r-release-windows-x86_64