CRAN Package Check Results for Package StatDA

Last updated on 2021-06-19 13:53:35 CEST.

Flavor Version Tinstall Tcheck Ttotal Status Flags
r-devel-linux-x86_64-debian-clang 1.7.4 20.67 157.47 178.14 OK
r-devel-linux-x86_64-debian-gcc 1.7.4 15.63 121.75 137.38 OK
r-devel-linux-x86_64-fedora-clang 1.7.4 224.13 NOTE
r-devel-linux-x86_64-fedora-gcc 1.7.4 222.99 OK
r-devel-windows-x86_64 1.7.4 26.00 182.00 208.00 OK
r-devel-windows-x86_64-gcc10-UCRT 1.7.4 OK
r-patched-linux-x86_64 1.7.4 22.10 154.31 176.41 OK
r-patched-solaris-x86 1.7.4 306.90 OK
r-release-linux-x86_64 1.7.4 20.53 154.83 175.36 OK
r-release-macos-arm64 1.7.4 OK
r-release-macos-x86_64 1.7.4 OK
r-release-windows-ix86+x86_64 1.7.4 34.00 182.00 216.00 OK
r-oldrel-macos-x86_64 1.7.4 OK
r-oldrel-windows-ix86+x86_64 1.7.4 25.00 182.00 207.00 OK

Check Details

Version: 1.7.4
Check: Rd cross-references
Result: NOTE
    Undeclared package ‘rgr’ in Rd xrefs
Flavor: r-devel-linux-x86_64-fedora-clang