CRAN Package Check Results for Package StatDataML

Last updated on 2020-03-31 15:49:53 CEST.

Flavor Version Tinstall Tcheck Ttotal Status Flags
r-devel-linux-x86_64-debian-clang 1.0-26 3.71 30.39 34.10 NOTE
r-devel-linux-x86_64-debian-gcc 1.0-26 2.96 24.12 27.08 NOTE
r-devel-linux-x86_64-fedora-clang 1.0-26 40.69 NOTE
r-devel-linux-x86_64-fedora-gcc 1.0-26 42.94 NOTE
r-devel-windows-ix86+x86_64 1.0-26 8.00 64.00 72.00 OK
r-devel-windows-ix86+x86_64-gcc8 1.0-26 8.00 44.00 52.00 OK
r-patched-linux-x86_64 1.0-26 3.66 29.56 33.22 NOTE
r-patched-solaris-x86 1.0-26 64.90 NOTE
r-release-linux-x86_64 1.0-26 2.53 27.39 29.92 OK
r-release-windows-ix86+x86_64 1.0-26 6.00 38.00 44.00 OK
r-release-osx-x86_64 1.0-26 OK
r-oldrel-windows-ix86+x86_64 1.0-26 4.00 37.00 41.00 OK
r-oldrel-osx-x86_64 1.0-26 OK

Check Details

Version: 1.0-26
Check: for non-standard things in the check directory
Result: NOTE
    Found the following files/directories:
     'testmat.sdml' 'testmat2.sdml'
Flavors: r-devel-linux-x86_64-debian-clang, r-devel-linux-x86_64-debian-gcc, r-devel-linux-x86_64-fedora-clang, r-devel-linux-x86_64-fedora-gcc, r-patched-linux-x86_64, r-patched-solaris-x86