CRAN Package Check Results for Package Statsomat

Last updated on 2021-11-30 19:51:38 CET.

Flavor Version Tinstall Tcheck Ttotal Status Flags
r-devel-linux-x86_64-debian-clang 1.1.0 3.22 21.04 24.26 OK
r-devel-linux-x86_64-debian-gcc 1.1.0 2.36 16.87 19.23 OK
r-devel-linux-x86_64-fedora-clang 1.1.0 41.91 NOTE
r-devel-linux-x86_64-fedora-gcc 1.1.0 28.69 NOTE
r-devel-windows-x86_64-new-UL 1.1.0 18.00 59.00 77.00 NOTE
r-devel-windows-x86_64-new-TK 1.1.0 NOTE
r-devel-windows-x86_64-old 1.1.0 8.00 30.00 38.00 NOTE
r-patched-linux-x86_64 1.1.0 3.22 20.38 23.60 OK
r-patched-solaris-x86 1.1.0 48.00 NOTE
r-release-linux-x86_64 1.1.0 3.01 20.24 23.25 OK
r-release-macos-arm64 1.1.0 NOTE
r-release-macos-x86_64 1.1.0 NOTE
r-release-windows-ix86+x86_64 1.1.0 9.00 38.00 47.00 NOTE
r-oldrel-macos-x86_64 1.1.0 NOTE
r-oldrel-windows-ix86+x86_64 1.1.0 9.00 29.00 38.00 NOTE

Check Details

Version: 1.1.0
Check: installed package size
Result: NOTE
     installed size is 6.3Mb
     sub-directories of 1Mb or more:
     shiny-apps 6.2Mb
Flavors: r-devel-linux-x86_64-fedora-clang, r-devel-windows-x86_64-new-UL, r-devel-windows-x86_64-old, r-patched-solaris-x86, r-release-macos-arm64, r-release-macos-x86_64, r-release-windows-ix86+x86_64, r-oldrel-macos-x86_64, r-oldrel-windows-ix86+x86_64

Version: 1.1.0
Check: dependencies in R code
Result: NOTE
    Namespaces in Imports field not imported from:
     ‘DDoutlier’ ‘car’ ‘corrplot’ ‘data.table’ ‘energy’ ‘ggplot2’
     ‘gridExtra’ ‘kableExtra’ ‘knitr’ ‘readr’ ‘reshape2’ ‘rmarkdown’
     ‘shinydisconnect’
     All declared Imports should be used.
Flavors: r-devel-linux-x86_64-fedora-clang, r-devel-linux-x86_64-fedora-gcc, r-devel-windows-x86_64-new-TK, r-patched-solaris-x86, r-release-macos-arm64, r-release-macos-x86_64, r-oldrel-macos-x86_64