CRAN Package Check Results for Package Stem

Last updated on 2021-09-24 01:50:21 CEST.

Flavor Version Tinstall Tcheck Ttotal Status Flags
r-devel-linux-x86_64-debian-clang 1.0 2.97 53.81 56.78 NOTE
r-devel-linux-x86_64-debian-gcc 1.0 2.58 39.53 42.11 NOTE
r-devel-linux-x86_64-fedora-clang 1.0 75.91 NOTE
r-devel-linux-x86_64-fedora-gcc 1.0 64.23 NOTE
r-devel-windows-x86_64 1.0 4.00 53.00 57.00 NOTE
r-devel-windows-x86_64-gcc10-UCRT 1.0 NOTE
r-patched-linux-x86_64 1.0 3.38 50.35 53.73 NOTE
r-patched-solaris-x86 1.0 90.90 NOTE
r-release-linux-x86_64 1.0 3.05 49.79 52.84 NOTE
r-release-macos-arm64 1.0 NOTE
r-release-macos-x86_64 1.0 NOTE
r-release-windows-ix86+x86_64 1.0 6.00 71.00 77.00 NOTE
r-oldrel-macos-x86_64 1.0 NOTE
r-oldrel-windows-ix86+x86_64 1.0 5.00 55.00 60.00 NOTE

Check Details

Version: 1.0
Check: dependencies in R code
Result: NOTE
    'library' or 'require' call to 'MASS' which was already attached by Depends.
     Please remove these calls from your code.
Flavors: r-devel-linux-x86_64-debian-clang, r-devel-linux-x86_64-debian-gcc, r-devel-linux-x86_64-fedora-clang, r-devel-linux-x86_64-fedora-gcc, r-devel-windows-x86_64, r-devel-windows-x86_64-gcc10-UCRT, r-patched-linux-x86_64, r-patched-solaris-x86, r-release-linux-x86_64, r-release-macos-arm64, r-release-macos-x86_64, r-release-windows-ix86+x86_64, r-oldrel-macos-x86_64, r-oldrel-windows-ix86+x86_64

Version: 1.0
Check: R code for possible problems
Result: NOTE
    Stem.Bootstrap: no visible global function definition for 'runif'
    filtering: no visible global function definition for 'is.ts'
    filtering: no visible global function definition for 'ts'
    filtering: no visible global function definition for 'start'
    filtering: no visible global function definition for 'end'
    filtering: no visible global function definition for 'frequency'
    kalman: no visible global function definition for 'ts'
    smoothing: no visible global function definition for 'is.ts'
    smoothing: no visible global function definition for 'ts'
    smoothing: no visible global function definition for 'start'
    smoothing: no visible global function definition for 'end'
    smoothing: no visible global function definition for 'frequency'
    Undefined global functions or variables:
     end frequency is.ts runif start ts
    Consider adding
     importFrom("stats", "end", "frequency", "is.ts", "runif", "start",
     "ts")
    to your NAMESPACE file.
Flavors: r-devel-linux-x86_64-debian-clang, r-devel-linux-x86_64-debian-gcc, r-devel-linux-x86_64-fedora-clang, r-devel-linux-x86_64-fedora-gcc, r-devel-windows-x86_64, r-devel-windows-x86_64-gcc10-UCRT, r-patched-linux-x86_64, r-patched-solaris-x86, r-release-linux-x86_64, r-release-macos-arm64, r-release-macos-x86_64, r-release-windows-ix86+x86_64, r-oldrel-macos-x86_64, r-oldrel-windows-ix86+x86_64