CRAN Package Check Results for Package StempCens

Last updated on 2024-02-26 02:51:39 CET.

Flavor Version Tinstall Tcheck Ttotal Status Flags
r-devel-linux-x86_64-debian-clang 1.1.0 50.18 112.14 162.32 NOTE
r-devel-linux-x86_64-debian-gcc 1.1.0 42.31 83.88 126.19 NOTE
r-devel-linux-x86_64-fedora-clang 1.1.0 211.68 NOTE
r-devel-linux-x86_64-fedora-gcc 1.1.0 214.60 NOTE
r-devel-windows-x86_64 1.1.0 43.00 117.00 160.00 NOTE
r-patched-linux-x86_64 1.1.0 53.94 109.00 162.94 NOTE
r-release-linux-x86_64 1.1.0 63.17 108.20 171.37 NOTE
r-release-macos-arm64 1.1.0 55.00 NOTE
r-release-macos-x86_64 1.1.0 101.00 NOTE
r-release-windows-x86_64 1.1.0 54.00 140.00 194.00 NOTE
r-oldrel-macos-arm64 1.1.0 58.00 OK
r-oldrel-windows-x86_64 1.1.0 52.00 144.00 196.00 OK

Check Details

Version: 1.1.0
Check: C++ specification
Result: NOTE Specified C++11: please drop specification unless essential Flavors: r-devel-linux-x86_64-debian-clang, r-devel-linux-x86_64-debian-gcc, r-devel-linux-x86_64-fedora-clang, r-devel-linux-x86_64-fedora-gcc, r-devel-windows-x86_64, r-patched-linux-x86_64, r-release-linux-x86_64, r-release-macos-arm64, r-release-macos-x86_64, r-release-windows-x86_64

Version: 1.1.0
Check: package subdirectories
Result: NOTE Problems with news in ‘NEWS.md’: No news entries found. Flavors: r-devel-linux-x86_64-debian-clang, r-devel-linux-x86_64-debian-gcc, r-devel-linux-x86_64-fedora-clang, r-devel-linux-x86_64-fedora-gcc, r-devel-windows-x86_64, r-patched-linux-x86_64, r-release-linux-x86_64, r-release-macos-arm64, r-release-macos-x86_64, r-release-windows-x86_64