CRAN Package Check Results for Package StepSignalMargiLike

Last updated on 2024-06-12 18:59:55 CEST.

Flavor Version Tinstall Tcheck Ttotal Status Flags
r-devel-linux-x86_64-debian-clang 2.6.0 45.37 30.44 75.81 NOTE
r-devel-linux-x86_64-debian-gcc 2.6.0 29.52 23.72 53.24 NOTE
r-devel-linux-x86_64-fedora-clang 2.6.0 112.81 NOTE
r-devel-linux-x86_64-fedora-gcc 2.6.0 104.71 NOTE
r-devel-windows-x86_64 2.6.0 33.00 65.00 98.00 NOTE
r-patched-linux-x86_64 2.6.0 35.90 29.20 65.10 NOTE
r-release-linux-x86_64 2.6.0 39.02 30.35 69.37 NOTE
r-release-macos-arm64 2.6.0 26.00 NOTE
r-release-macos-x86_64 2.6.0 34.00 NOTE
r-release-windows-x86_64 2.6.0 34.00 67.00 101.00 NOTE
r-oldrel-macos-arm64 2.6.0 31.00 NOTE
r-oldrel-macos-x86_64 2.6.0 47.00 NOTE
r-oldrel-windows-x86_64 2.6.0 42.00 72.00 114.00 NOTE

Check Details

Version: 2.6.0
Check: C++ specification
Result: NOTE Specified C++11: please drop specification unless essential Flavors: r-devel-linux-x86_64-debian-clang, r-devel-linux-x86_64-debian-gcc, r-devel-linux-x86_64-fedora-clang, r-devel-linux-x86_64-fedora-gcc, r-devel-windows-x86_64, r-patched-linux-x86_64, r-release-linux-x86_64, r-release-macos-arm64, r-release-macos-x86_64, r-release-windows-x86_64, r-oldrel-macos-arm64, r-oldrel-macos-x86_64, r-oldrel-windows-x86_64