CRAN Package Check Results for Package SteppedPower

Last updated on 2021-05-16 20:47:08 CEST.

Flavor Version Tinstall Tcheck Ttotal Status Flags
r-devel-linux-x86_64-debian-clang 0.1.0 11.40 104.47 115.87 NOTE
r-devel-linux-x86_64-debian-gcc 0.1.0 9.30 77.22 86.52 NOTE
r-devel-linux-x86_64-fedora-clang 0.1.0 143.43 NOTE
r-devel-linux-x86_64-fedora-gcc 0.1.0 131.20 NOTE
r-devel-windows-ix86+x86_64 0.1.0 27.00 125.00 152.00 NOTE
r-devel-windows-x86_64-gcc10-UCRT 0.1.0 NOTE
r-patched-linux-x86_64 0.1.0 10.77 95.58 106.35 NOTE
r-patched-solaris-x86 0.1.0 187.80 WARN
r-release-linux-x86_64 0.1.0 10.55 93.64 104.19 OK
r-release-macos-x86_64 0.1.0 WARN
r-release-windows-ix86+x86_64 0.1.0 19.00 91.00 110.00 OK
r-oldrel-macos-x86_64 0.1.0 WARN
r-oldrel-windows-ix86+x86_64 0.1.0 15.00 120.00 135.00 OK

Check Details

Version: 0.1.0
Check: LazyData
Result: NOTE
     'LazyData' is specified without a 'data' directory
Flavors: r-devel-linux-x86_64-debian-clang, r-devel-linux-x86_64-debian-gcc, r-devel-linux-x86_64-fedora-clang, r-devel-linux-x86_64-fedora-gcc, r-devel-windows-ix86+x86_64, r-devel-windows-x86_64-gcc10-UCRT, r-patched-linux-x86_64, r-patched-solaris-x86

Version: 0.1.0
Check: re-building of vignette outputs
Result: WARN
    Error(s) in re-building vignettes:
     ...
    --- re-building ‘Getting_Started.Rmd’ using rmarkdown
    Warning in engine$weave(file, quiet = quiet, encoding = enc) :
     Pandoc (>= 1.12.3) not available. Falling back to R Markdown v1.
    Quitting from lines 161-163 (Getting_Started.Rmd)
    Error: processing vignette 'Getting_Started.Rmd' failed with diagnostics:
    there is no package called 'webshot'
    --- failed re-building ‘Getting_Started.Rmd’
    
    SUMMARY: processing the following file failed:
     ‘Getting_Started.Rmd’
    
    Error: Vignette re-building failed.
    Execution halted
Flavor: r-patched-solaris-x86

Version: 0.1.0
Check: re-building of vignette outputs
Result: WARN
    Error(s) in re-building vignettes:
     ...
    --- re-building ‘Getting_Started.Rmd’ using rmarkdown
    Warning in engine$weave(file, quiet = quiet, encoding = enc) :
     Pandoc (>= 1.12.3) and/or pandoc-citeproc not available. Falling back to R Markdown v1.
    Quitting from lines 161-163 (Getting_Started.Rmd)
    Error: processing vignette 'Getting_Started.Rmd' failed with diagnostics:
    invalid 'path' argument
    --- failed re-building ‘Getting_Started.Rmd’
    
    SUMMARY: processing the following file failed:
     ‘Getting_Started.Rmd’
    
    Error: Vignette re-building failed.
    Execution halted
Flavors: r-release-macos-x86_64, r-oldrel-macos-x86_64