CRAN Package Check Results for Package StepwiseTest

Last updated on 2022-01-29 11:51:21 CET.

Flavor Version Tinstall Tcheck Ttotal Status Flags
r-devel-linux-x86_64-debian-clang 1.0 25.34 35.38 60.72 OK
r-devel-linux-x86_64-debian-gcc 1.0 23.21 26.98 50.19 OK
r-devel-linux-x86_64-fedora-clang 1.0 91.00 NOTE
r-devel-linux-x86_64-fedora-gcc 1.0 75.18 NOTE
r-devel-windows-x86_64-new-UL 1.0 43.00 72.00 115.00 OK
r-devel-windows-x86_64-new-TK 1.0 OK
r-patched-linux-x86_64 1.0 OK
r-release-linux-x86_64 1.0 28.52 32.73 61.25 OK
r-release-macos-arm64 1.0 OK
r-release-macos-x86_64 1.0 OK
r-release-windows-ix86+x86_64 1.0 78.00 305.00 383.00 OK
r-oldrel-macos-x86_64 1.0 OK
r-oldrel-windows-ix86+x86_64 1.0 78.00 64.00 142.00 OK

Check Details

Version: 1.0
Check: compiled code
Result: NOTE
    File ‘StepwiseTest/libs/StepwiseTest.so’:
     Found no calls to: ‘R_registerRoutines’, ‘R_useDynamicSymbols’
    
    It is good practice to register native routines and to disable symbol
    search.
    
    See ‘Writing portable packages’ in the ‘Writing R Extensions’ manual.
Flavors: r-devel-linux-x86_64-fedora-clang, r-devel-linux-x86_64-fedora-gcc