CRAN Package Check Results for Package StepwiseTest

Last updated on 2023-05-28 04:56:28 CEST.

Flavor Version Tinstall Tcheck Ttotal Status Flags
r-devel-linux-x86_64-debian-clang 1.0 32.51 26.24 58.75 OK
r-devel-linux-x86_64-debian-gcc 1.0 26.88 20.94 47.82 OK
r-devel-linux-x86_64-fedora-clang 1.0 86.35 NOTE
r-devel-linux-x86_64-fedora-gcc 1.0 92.36 NOTE
r-devel-windows-x86_64 1.0 26.00 62.00 88.00 OK
r-patched-linux-x86_64 1.0 27.87 26.01 53.88 OK
r-release-linux-x86_64 1.0 25.63 25.20 50.83 OK
r-release-macos-arm64 1.0 29.00 OK
r-release-macos-x86_64 1.0 42.00 OK
r-release-windows-x86_64 1.0 32.00 65.00 97.00 OK
r-oldrel-macos-arm64 1.0 26.00 OK
r-oldrel-macos-x86_64 1.0 33.00 OK
r-oldrel-windows-x86_64 1.0 32.00 65.00 97.00 OK

Check Details

Version: 1.0
Check: compiled code
Result: NOTE
    File ‘StepwiseTest/libs/StepwiseTest.so’:
     Found no calls to: ‘R_registerRoutines’, ‘R_useDynamicSymbols’
    
    It is good practice to register native routines and to disable symbol
    search.
    
    See ‘Writing portable packages’ in the ‘Writing R Extensions’ manual.
Flavors: r-devel-linux-x86_64-fedora-clang, r-devel-linux-x86_64-fedora-gcc