CRAN Package Check Results for Package StereoMorph

Last updated on 2024-02-24 12:49:32 CET.

Flavor Version Tinstall Tcheck Ttotal Status Flags
r-devel-linux-x86_64-debian-clang 1.6.7 110.95 106.12 217.07 NOTE
r-devel-linux-x86_64-debian-gcc 1.6.7 81.75 78.27 160.02 NOTE
r-devel-linux-x86_64-fedora-clang 1.6.7 324.21 NOTE
r-devel-linux-x86_64-fedora-gcc 1.6.7 304.50 NOTE
r-devel-windows-x86_64 1.6.7 85.00 111.00 196.00 OK
r-patched-linux-x86_64 1.6.7 109.10 103.08 212.18 OK
r-release-linux-x86_64 1.6.7 104.14 103.35 207.49 OK
r-release-macos-arm64 1.6.7 78.00 OK
r-release-macos-x86_64 1.6.7 117.00 OK
r-release-windows-x86_64 1.6.7 106.00 135.00 241.00 OK
r-oldrel-macos-arm64 1.6.7 79.00 OK
r-oldrel-windows-x86_64 1.6.7 96.00 140.00 236.00 OK

Check Details

Version: 1.6.7
Check: Rd files
Result: NOTE checkRd: (-1) landmarkMatrixToList.Rd:10: Lost braces 10 | \item{semilandmark.pattern}{a regular expression pattern passed to \code{sub()} for identifying and grouping curve points. The default is landmark names ending in one or more numbers. To disable grouping, set to code{''}.} | ^ Flavors: r-devel-linux-x86_64-debian-clang, r-devel-linux-x86_64-debian-gcc, r-devel-linux-x86_64-fedora-clang, r-devel-linux-x86_64-fedora-gcc