Last updated on 2023-05-28 14:55:36 CEST.
Flavor | Version | Tinstall | Tcheck | Ttotal | Status | Flags |
---|---|---|---|---|---|---|
r-devel-linux-x86_64-debian-clang | 0.1.2 | 36.81 | 81.32 | 118.13 | NOTE | |
r-devel-linux-x86_64-debian-gcc | 0.1.2 | 32.24 | 62.37 | 94.61 | NOTE | |
r-devel-linux-x86_64-fedora-clang | 0.1.2 | 164.17 | NOTE | |||
r-devel-linux-x86_64-fedora-gcc | 0.1.2 | 179.82 | NOTE | |||
r-devel-windows-x86_64 | 0.1.2 | 32.00 | 96.00 | 128.00 | NOTE | |
r-patched-linux-x86_64 | 0.1.2 | 39.11 | 78.38 | 117.49 | NOTE | |
r-release-linux-x86_64 | 0.1.2 | 37.59 | 76.96 | 114.55 | NOTE | |
r-release-macos-arm64 | 0.1.2 | 49.00 | NOTE | |||
r-release-macos-x86_64 | 0.1.2 | 74.00 | NOTE | |||
r-release-windows-x86_64 | 0.1.2 | 42.00 | 116.00 | 158.00 | NOTE | |
r-oldrel-macos-arm64 | 0.1.2 | 41.00 | OK | |||
r-oldrel-macos-x86_64 | 0.1.2 | 58.00 | OK | |||
r-oldrel-windows-x86_64 | 0.1.2 | 42.00 | 113.00 | 155.00 | OK |
Version: 0.1.2
Check: C++ specification
Result: NOTE
Specified C++11: please drop specification unless essential
Flavors: r-devel-linux-x86_64-debian-clang, r-devel-linux-x86_64-debian-gcc, r-devel-linux-x86_64-fedora-clang, r-devel-linux-x86_64-fedora-gcc, r-devel-windows-x86_64, r-patched-linux-x86_64, r-release-linux-x86_64, r-release-macos-arm64, r-release-macos-x86_64, r-release-windows-x86_64