CRAN Package Check Results for Package Storm

Last updated on 2024-06-15 17:57:45 CEST.

Flavor Version Tinstall Tcheck Ttotal Status Flags
r-devel-linux-x86_64-debian-clang 1.2 3.17 23.91 27.08 NOTE
r-devel-linux-x86_64-debian-gcc 1.2 2.00 19.26 21.26 NOTE
r-devel-linux-x86_64-fedora-clang 1.2 34.85 NOTE
r-devel-linux-x86_64-fedora-gcc 1.2 33.12 NOTE
r-devel-windows-x86_64 1.2 4.00 41.00 45.00 NOTE
r-patched-linux-x86_64 1.2 3.03 24.00 27.03 NOTE
r-release-linux-x86_64 1.2 2.80 22.97 25.77 NOTE
r-release-macos-arm64 1.2 17.00 NOTE
r-release-macos-x86_64 1.2 22.00 NOTE
r-release-windows-x86_64 1.2 4.00 42.00 46.00 NOTE
r-oldrel-macos-arm64 1.2 17.00 NOTE
r-oldrel-macos-x86_64 1.2 20.00 NOTE
r-oldrel-windows-x86_64 1.2 4.00 43.00 47.00 NOTE

Check Details

Version: 1.2
Check: DESCRIPTION meta-information
Result: NOTE Malformed Title field: should not end in a period. Flavors: r-devel-linux-x86_64-debian-clang, r-devel-linux-x86_64-debian-gcc, r-devel-linux-x86_64-fedora-clang, r-devel-linux-x86_64-fedora-gcc, r-devel-windows-x86_64, r-patched-linux-x86_64, r-release-linux-x86_64, r-release-macos-arm64, r-release-macos-x86_64, r-release-windows-x86_64, r-oldrel-macos-arm64, r-oldrel-macos-x86_64, r-oldrel-windows-x86_64