Last updated on 2023-06-01 23:56:31 CEST.
Flavor | Version | Tinstall | Tcheck | Ttotal | Status | Flags |
---|---|---|---|---|---|---|
r-devel-linux-x86_64-debian-clang | 1.2 | 2.23 | 23.52 | 25.75 | NOTE | |
r-devel-linux-x86_64-debian-gcc | 1.2 | 2.16 | 19.14 | 21.30 | NOTE | |
r-devel-linux-x86_64-fedora-clang | 1.2 | 34.63 | NOTE | |||
r-devel-linux-x86_64-fedora-gcc | 1.2 | 36.07 | NOTE | |||
r-devel-windows-x86_64 | 1.2 | 3.00 | 47.00 | 50.00 | NOTE | |
r-patched-linux-x86_64 | 1.2 | NOTE | ||||
r-release-linux-x86_64 | 1.2 | 2.79 | 23.53 | 26.32 | NOTE | |
r-release-macos-arm64 | 1.2 | 17.00 | NOTE | |||
r-release-macos-x86_64 | 1.2 | 20.00 | NOTE | |||
r-release-windows-x86_64 | 1.2 | 4.00 | 40.00 | 44.00 | NOTE | |
r-oldrel-macos-arm64 | 1.2 | 16.00 | NOTE | |||
r-oldrel-macos-x86_64 | 1.2 | 21.00 | NOTE | |||
r-oldrel-windows-x86_64 | 1.2 | 6.00 | 43.00 | 49.00 | NOTE |
Version: 1.2
Check: DESCRIPTION meta-information
Result: NOTE
Malformed Title field: should not end in a period.
Flavors: r-devel-linux-x86_64-debian-clang, r-devel-linux-x86_64-debian-gcc, r-devel-linux-x86_64-fedora-clang, r-devel-linux-x86_64-fedora-gcc, r-devel-windows-x86_64, r-patched-linux-x86_64, r-release-linux-x86_64, r-release-macos-arm64, r-release-macos-x86_64, r-release-windows-x86_64, r-oldrel-macos-arm64, r-oldrel-macos-x86_64, r-oldrel-windows-x86_64