CRAN Package Check Results for Package StratSel

Last updated on 2019-04-23 10:48:29 CEST.

Flavor Version Tinstall Tcheck Ttotal Status Flags
r-devel-linux-x86_64-debian-clang 1.3 4.21 55.18 59.39 OK
r-devel-linux-x86_64-debian-gcc 1.3 4.33 42.38 46.71 OK
r-devel-linux-x86_64-fedora-clang 1.3 73.29 OK
r-devel-linux-x86_64-fedora-gcc 1.3 67.93 OK
r-devel-windows-ix86+x86_64 1.3 17.00 93.00 110.00 OK
r-patched-linux-x86_64 1.3 5.02 53.53 58.55 OK
r-patched-solaris-x86 1.3 108.00 OK
r-release-linux-x86_64 1.3 2.88 52.12 55.00 OK
r-release-windows-ix86+x86_64 1.3 7.00 94.00 101.00 OK
r-release-osx-x86_64 1.3 OK
r-oldrel-windows-ix86+x86_64 1.2 13.00 63.00 76.00 OK
r-oldrel-osx-x86_64 1.3 ERROR

Check Details

Version: 1.3
Check: whether package can be installed
Result: ERROR
    Installation failed.
Flavor: r-oldrel-osx-x86_64