Last updated on 2023-06-04 20:57:54 CEST.
Flavor | Version | Tinstall | Tcheck | Ttotal | Status | Flags |
---|---|---|---|---|---|---|
r-devel-linux-x86_64-debian-clang | 1.0.5 | 17.62 | 399.71 | 417.33 | OK | |
r-devel-linux-x86_64-debian-gcc | 1.0.5 | 14.37 | 314.42 | 328.79 | OK | |
r-devel-linux-x86_64-fedora-clang | 1.0.5 | 446.06 | NOTE | |||
r-devel-linux-x86_64-fedora-gcc | 1.0.5 | 503.61 | OK | |||
r-devel-windows-x86_64 | 1.0.5 | 15.00 | 160.00 | 175.00 | NOTE | |
r-patched-linux-x86_64 | 1.0.5 | 16.66 | 378.47 | 395.13 | OK | |
r-release-linux-x86_64 | 1.0.5 | 16.78 | 379.87 | 396.65 | OK | |
r-release-macos-arm64 | 1.0.5 | 97.00 | NOTE | |||
r-release-macos-x86_64 | 1.0.5 | 164.00 | NOTE | |||
r-release-windows-x86_64 | 1.0.5 | 21.00 | 203.00 | 224.00 | NOTE | |
r-oldrel-macos-arm64 | 1.0.5 | 92.00 | NOTE | |||
r-oldrel-macos-x86_64 | 1.0.5 | 240.00 | NOTE | |||
r-oldrel-windows-x86_64 | 1.0.5 | 20.00 | 204.00 | 224.00 | NOTE |
Version: 1.0.5
Check: installed package size
Result: NOTE
installed size is 5.7Mb
sub-directories of 1Mb or more:
doc 5.0Mb
Flavors: r-devel-linux-x86_64-fedora-clang, r-devel-windows-x86_64, r-release-macos-arm64, r-release-macos-x86_64, r-release-windows-x86_64, r-oldrel-macos-arm64, r-oldrel-macos-x86_64, r-oldrel-windows-x86_64