Last updated on 2023-06-05 12:57:18 CEST.
Flavor | Version | Tinstall | Tcheck | Ttotal | Status | Flags |
---|---|---|---|---|---|---|
r-devel-linux-x86_64-debian-clang | 0.1.0 | 18.19 | 149.05 | 167.24 | OK | |
r-devel-linux-x86_64-debian-gcc | 0.1.0 | 13.14 | 110.88 | 124.02 | OK | |
r-devel-linux-x86_64-fedora-clang | 0.1.0 | 200.72 | NOTE | |||
r-devel-linux-x86_64-fedora-gcc | 0.1.0 | 199.56 | NOTE | |||
r-devel-windows-x86_64 | 0.1.0 | 17.00 | 125.00 | 142.00 | OK | |
r-patched-linux-x86_64 | 0.1.0 | 16.18 | 137.18 | 153.36 | OK | |
r-release-linux-x86_64 | 0.1.0 | 14.37 | 137.95 | 152.32 | OK | |
r-release-macos-arm64 | 0.1.0 | 61.00 | OK | |||
r-release-macos-x86_64 | 0.1.0 | 95.00 | OK | |||
r-release-windows-x86_64 | 0.1.0 | 21.00 | 158.00 | 179.00 | OK | |
r-oldrel-macos-arm64 | 0.1.0 | 56.00 | NOTE | |||
r-oldrel-macos-x86_64 | 0.1.0 | 93.00 | NOTE | |||
r-oldrel-windows-x86_64 | 0.1.0 | 20.00 | 150.00 | 170.00 | OK |
Version: 0.1.0
Check: dependencies in R code
Result: NOTE
Namespaces in Imports field not imported from:
‘broom’ ‘car’ ‘lmerTest’ ‘pbkrtest’
All declared Imports should be used.
Flavors: r-devel-linux-x86_64-fedora-clang, r-devel-linux-x86_64-fedora-gcc, r-oldrel-macos-arm64, r-oldrel-macos-x86_64