CRAN Package Check Results for Package SubgrPlots

Last updated on 2020-05-31 09:47:41 CEST.

Flavor Version Tinstall Tcheck Ttotal Status Flags
r-devel-linux-x86_64-debian-clang 0.1.3 32.96 285.15 318.11 OK
r-devel-linux-x86_64-debian-gcc 0.1.3 27.94 210.56 238.50 OK
r-devel-linux-x86_64-fedora-clang 0.1.3 389.46 NOTE
r-devel-linux-x86_64-fedora-gcc 0.1.3 372.80 NOTE
r-devel-windows-ix86+x86_64 0.1.3 62.00 320.00 382.00 OK
r-patched-linux-x86_64 0.1.3 30.56 281.63 312.19 OK
r-patched-solaris-x86 0.1.3 428.30 NOTE
r-release-linux-x86_64 0.1.3 31.06 277.65 308.71 OK
r-release-osx-x86_64 0.1.3 NOTE
r-release-windows-ix86+x86_64 0.1.3 49.00 280.00 329.00 OK
r-oldrel-osx-x86_64 0.1.3 NOTE
r-oldrel-windows-ix86+x86_64 0.1.3 47.00 252.00 299.00 OK

Check Details

Version: 0.1.3
Check: dependencies in R code
Result: NOTE
    Namespaces in Imports field not imported from:
     ‘UpSetR’ ‘alluvial’ ‘gridBase’
     All declared Imports should be used.
Flavors: r-devel-linux-x86_64-fedora-clang, r-devel-linux-x86_64-fedora-gcc, r-patched-solaris-x86, r-release-osx-x86_64, r-oldrel-osx-x86_64