CRAN Package Check Results for Package SubgrPlots

Last updated on 2020-08-13 02:51:08 CEST.

Flavor Version Tinstall Tcheck Ttotal Status Flags
r-devel-linux-x86_64-debian-clang 0.1.3 33.55 288.91 322.46 OK
r-devel-linux-x86_64-debian-gcc 0.1.3 25.93 211.27 237.20 OK
r-devel-linux-x86_64-fedora-clang 0.1.3 377.90 NOTE
r-devel-linux-x86_64-fedora-gcc 0.1.3 368.50 NOTE
r-devel-windows-ix86+x86_64 0.1.3 66.00 322.00 388.00 OK
r-patched-linux-x86_64 0.1.3 31.24 278.28 309.52 OK
r-patched-solaris-x86 0.1.3 425.20 NOTE
r-release-linux-x86_64 0.1.3 34.15 277.97 312.12 OK
r-release-macos-x86_64 0.1.3 NOTE
r-release-windows-ix86+x86_64 0.1.3 61.00 341.00 402.00 OK
r-oldrel-macos-x86_64 0.1.3 NOTE
r-oldrel-windows-ix86+x86_64 0.1.3 47.00 223.00 270.00 OK

Check Details

Version: 0.1.3
Check: dependencies in R code
Result: NOTE
    Namespaces in Imports field not imported from:
     ‘UpSetR’ ‘alluvial’ ‘gridBase’
     All declared Imports should be used.
Flavors: r-devel-linux-x86_64-fedora-clang, r-devel-linux-x86_64-fedora-gcc, r-patched-solaris-x86, r-release-macos-x86_64, r-oldrel-macos-x86_64