CRAN Package Check Results for Package SubgrPlots

Last updated on 2023-09-24 06:53:50 CEST.

Flavor Version Tinstall Tcheck Ttotal Status Flags
r-devel-linux-x86_64-debian-clang 0.1.3 32.77 327.27 360.04 OK
r-devel-linux-x86_64-debian-gcc 0.1.3 28.94 238.34 267.28 OK
r-devel-linux-x86_64-fedora-clang 0.1.3 446.10 NOTE
r-devel-linux-x86_64-fedora-gcc 0.1.3 468.48 NOTE
r-devel-windows-x86_64 0.1.3 29.00 478.00 507.00 OK
r-patched-linux-x86_64 0.1.3 23.91 291.37 315.28 OK
r-release-linux-x86_64 0.1.3 23.59 311.68 335.27 OK
r-release-macos-arm64 0.1.3 119.00 OK
r-release-macos-x86_64 0.1.3 196.00 OK
r-release-windows-x86_64 0.1.3 40.00 276.00 316.00 OK
r-oldrel-macos-arm64 0.1.3 142.00 NOTE
r-oldrel-macos-x86_64 0.1.3 184.00 NOTE
r-oldrel-windows-x86_64 0.1.3 40.00 262.00 302.00 OK

Check Details

Version: 0.1.3
Check: dependencies in R code
Result: NOTE
    Namespaces in Imports field not imported from:
     ‘UpSetR’ ‘alluvial’ ‘gridBase’
     All declared Imports should be used.
Flavors: r-devel-linux-x86_64-fedora-clang, r-devel-linux-x86_64-fedora-gcc, r-oldrel-macos-arm64, r-oldrel-macos-x86_64