CRAN Package Check Results for Package SubtypeDrug

Last updated on 2022-01-16 20:48:37 CET.

Flavor Version Tinstall Tcheck Ttotal Status Flags
r-devel-linux-x86_64-debian-clang 0.1.5 44.27 404.17 448.44 OK
r-devel-linux-x86_64-debian-gcc 0.1.5 43.95 336.16 380.11 OK
r-devel-linux-x86_64-fedora-clang 0.1.5 566.05 OK
r-devel-linux-x86_64-fedora-gcc 0.1.5 554.36 OK
r-devel-windows-x86_64-new-UL 0.1.5 484.00 687.00 1171.00 OK
r-devel-windows-x86_64-new-TK 0.1.5 OK
r-patched-linux-x86_64 0.1.5 41.28 396.36 437.64 OK
r-release-linux-x86_64 0.1.5 OK
r-release-macos-arm64 0.1.5 NOTE
r-release-macos-x86_64 0.1.5 OK
r-release-windows-ix86+x86_64 0.1.5 104.00 485.00 589.00 OK
r-oldrel-macos-x86_64 0.1.5 ERROR
r-oldrel-windows-ix86+x86_64 0.1.5 86.00 383.00 469.00 OK

Check Details

Version: 0.1.5
Check: installed package size
Result: NOTE
     installed size is 5.3Mb
     sub-directories of 1Mb or more:
     data 4.6Mb
Flavor: r-release-macos-arm64

Version: 0.1.5
Check: package dependencies
Result: ERROR
    Package required but not available: ‘ChemmineR’
    
    See section ‘The DESCRIPTION file’ in the ‘Writing R Extensions’
    manual.
Flavor: r-oldrel-macos-x86_64