CRAN Package Check Results for Package SummaryLasso

Last updated on 2024-06-14 14:57:35 CEST.

Flavor Version Tinstall Tcheck Ttotal Status Flags
r-devel-linux-x86_64-debian-clang 1.2.1 4.34 30.59 34.93 OK
r-devel-linux-x86_64-debian-gcc 1.2.1 3.54 22.97 26.51 OK
r-devel-linux-x86_64-fedora-clang 1.2.1 43.21 NOTE
r-devel-linux-x86_64-fedora-gcc 1.2.1 41.74 NOTE
r-devel-windows-x86_64 1.2.1 7.00 53.00 60.00 OK
r-patched-linux-x86_64 1.2.1 4.90 29.76 34.66 OK
r-release-linux-x86_64 1.2.1 3.67 29.61 33.28 OK
r-release-macos-arm64 1.2.1 19.00 OK
r-release-macos-x86_64 1.2.1 30.00 OK
r-release-windows-x86_64 1.2.1 8.00 56.00 64.00 OK
r-oldrel-macos-arm64 1.2.1 22.00 OK
r-oldrel-macos-x86_64 1.2.1 28.00 OK
r-oldrel-windows-x86_64 1.2.1 6.00 55.00 61.00 OK

Check Details

Version: 1.2.1
Check: compiled code
Result: NOTE File ‘SummaryLasso/libs/SummaryLasso.so’: Found no calls to: ‘R_registerRoutines’, ‘R_useDynamicSymbols’ It is good practice to register native routines and to disable symbol search. See ‘Writing portable packages’ in the ‘Writing R Extensions’ manual. Flavors: r-devel-linux-x86_64-fedora-clang, r-devel-linux-x86_64-fedora-gcc