CRAN Package Check Results for Package SummaryLasso

Last updated on 2022-06-26 07:53:55 CEST.

Flavor Version Tinstall Tcheck Ttotal Status Flags
r-devel-linux-x86_64-debian-clang 1.2.1 3.10 29.07 32.17 OK
r-devel-linux-x86_64-debian-gcc 1.2.1 3.42 22.91 26.33 OK
r-devel-linux-x86_64-fedora-clang 1.2.1 55.68 WARN
r-devel-linux-x86_64-fedora-gcc 1.2.1 50.69 WARN
r-devel-windows-x86_64 1.2.1 26.00 66.00 92.00 OK
r-patched-linux-x86_64 1.2.1 3.59 28.34 31.93 OK
r-release-linux-x86_64 1.2.1 3.90 28.83 32.73 OK
r-release-macos-arm64 1.2.1 20.00 OK
r-release-macos-x86_64 1.2.1 26.00 OK
r-release-windows-x86_64 1.2.1 25.00 61.00 86.00 OK
r-oldrel-macos-arm64 1.2.1 24.00 OK
r-oldrel-macos-x86_64 1.2.1 34.00 OK
r-oldrel-windows-ix86+x86_64 1.2.1 12.00 60.00 72.00 OK

Check Details

Version: 1.2.1
Check: package dependencies
Result: WARN
    Requires orphaned package: ‘gtools’
Flavors: r-devel-linux-x86_64-fedora-clang, r-devel-linux-x86_64-fedora-gcc

Version: 1.2.1
Check: compiled code
Result: NOTE
    File ‘SummaryLasso/libs/SummaryLasso.so’:
     Found no calls to: ‘R_registerRoutines’, ‘R_useDynamicSymbols’
    
    It is good practice to register native routines and to disable symbol
    search.
    
    See ‘Writing portable packages’ in the ‘Writing R Extensions’ manual.
Flavors: r-devel-linux-x86_64-fedora-clang, r-devel-linux-x86_64-fedora-gcc