Last updated on 2023-06-08 05:58:23 CEST.
Flavor | Version | Tinstall | Tcheck | Ttotal | Status | Flags |
---|---|---|---|---|---|---|
r-devel-linux-x86_64-debian-clang | 0.1.2 | 22.59 | 71.30 | 93.89 | OK | |
r-devel-linux-x86_64-debian-gcc | 0.1.2 | 20.90 | 54.01 | 74.91 | OK | |
r-devel-linux-x86_64-fedora-clang | 0.1.2 | 120.29 | NOTE | |||
r-devel-linux-x86_64-fedora-gcc | 0.1.2 | 129.18 | NOTE | |||
r-devel-windows-x86_64 | 0.1.2 | 28.00 | 80.00 | 108.00 | OK | |
r-patched-linux-x86_64 | 0.1.2 | 20.22 | 67.16 | 87.38 | OK | |
r-release-linux-x86_64 | 0.1.2 | 24.48 | 66.92 | 91.40 | OK | |
r-release-macos-arm64 | 0.1.2 | 60.00 | OK | |||
r-release-macos-x86_64 | 0.1.2 | 80.00 | OK | |||
r-release-windows-x86_64 | 0.1.2 | 32.00 | 88.00 | 120.00 | OK | |
r-oldrel-macos-arm64 | 0.1.2 | 54.00 | NOTE | |||
r-oldrel-macos-x86_64 | 0.1.2 | 79.00 | NOTE | |||
r-oldrel-windows-x86_64 | 0.1.2 | 30.00 | 91.00 | 121.00 | OK |
Version: 0.1.2
Check: dependencies in R code
Result: NOTE
Namespace in Imports field not imported from: ‘data.table’
All declared Imports should be used.
Flavors: r-devel-linux-x86_64-fedora-clang, r-devel-linux-x86_64-fedora-gcc, r-oldrel-macos-arm64, r-oldrel-macos-x86_64