CRAN Package Check Results for Package SunsVoc

Last updated on 2020-11-27 08:50:02 CET.

Flavor Version Tinstall Tcheck Ttotal Status Flags
r-devel-linux-x86_64-debian-clang 0.1.1 8.13 58.63 66.76 OK
r-devel-linux-x86_64-debian-gcc 0.1.1 6.17 45.26 51.43 OK
r-devel-linux-x86_64-fedora-clang 0.1.1 84.56 NOTE
r-devel-linux-x86_64-fedora-gcc 0.1.1 76.78 NOTE
r-devel-windows-ix86+x86_64 0.1.1 13.00 77.00 90.00 NOTE
r-patched-linux-x86_64 0.1.1 7.93 57.45 65.38 OK
r-patched-solaris-x86 0.1.1 109.00 NOTE
r-release-linux-x86_64 0.1.1 7.36 57.23 64.59 OK
r-release-macos-x86_64 0.1.1 NOTE
r-release-windows-ix86+x86_64 0.1.1 14.00 89.00 103.00 NOTE
r-oldrel-macos-x86_64 0.1.1 NOTE
r-oldrel-windows-ix86+x86_64 0.1.1 10.00 67.00 77.00 NOTE

Check Details

Version: 0.1.1
Check: installed package size
Result: NOTE
     installed size is 6.2Mb
     sub-directories of 1Mb or more:
     data 6.0Mb
Flavors: r-devel-linux-x86_64-fedora-clang, r-devel-windows-ix86+x86_64, r-patched-solaris-x86, r-release-macos-x86_64, r-release-windows-ix86+x86_64, r-oldrel-macos-x86_64, r-oldrel-windows-ix86+x86_64

Version: 0.1.1
Check: dependencies in R code
Result: NOTE
    Namespace in Imports field not imported from: ‘data.table’
     All declared Imports should be used.
Flavors: r-devel-linux-x86_64-fedora-clang, r-devel-linux-x86_64-fedora-gcc, r-patched-solaris-x86, r-release-macos-x86_64, r-oldrel-macos-x86_64