CRAN Package Check Results for Package SuperGauss

Last updated on 2022-07-01 16:51:48 CEST.

Flavor Version Tinstall Tcheck Ttotal Status Flags
r-devel-linux-x86_64-debian-clang 2.0.3 77.47 220.02 297.49 OK
r-devel-linux-x86_64-debian-gcc 2.0.3 67.35 168.77 236.12 OK
r-devel-linux-x86_64-fedora-clang 2.0.3 423.83 NOTE
r-devel-linux-x86_64-fedora-gcc 2.0.3 394.89 OK
r-devel-windows-x86_64 2.0.3 105.00 262.00 367.00 OK
r-patched-linux-x86_64 2.0.3 73.84 215.83 289.67 OK
r-release-linux-x86_64 2.0.3 71.55 222.11 293.66 OK
r-release-macos-arm64 2.0.3 162.00 NOTE
r-release-macos-x86_64 2.0.3 171.00 NOTE
r-release-windows-x86_64 2.0.3 102.00 261.00 363.00 OK
r-oldrel-macos-arm64 2.0.3 178.00 NOTE
r-oldrel-macos-x86_64 2.0.3 162.00 NOTE
r-oldrel-windows-ix86+x86_64 2.0.3 205.00 302.00 507.00 OK

Check Details

Version: 2.0.3
Check: installed package size
Result: NOTE
     installed size is 6.0Mb
     sub-directories of 1Mb or more:
     libs 5.2Mb
Flavors: r-devel-linux-x86_64-fedora-clang, r-release-macos-arm64, r-release-macos-x86_64, r-oldrel-macos-arm64, r-oldrel-macos-x86_64