Last updated on 2023-05-29 01:57:04 CEST.
Flavor | Version | Tinstall | Tcheck | Ttotal | Status | Flags |
---|---|---|---|---|---|---|
r-devel-linux-x86_64-debian-clang | 2.0.3 | 98.05 | 228.30 | 326.35 | OK | |
r-devel-linux-x86_64-debian-gcc | 2.0.3 | 67.83 | 170.57 | 238.40 | OK | |
r-devel-linux-x86_64-fedora-clang | 2.0.3 | 421.28 | OK | |||
r-devel-linux-x86_64-fedora-gcc | 2.0.3 | 445.37 | OK | |||
r-devel-windows-x86_64 | 2.0.3 | 81.00 | 201.00 | 282.00 | OK | |
r-patched-linux-x86_64 | 2.0.3 | 75.38 | 222.78 | 298.16 | OK | |
r-release-linux-x86_64 | 2.0.3 | 78.84 | 223.85 | 302.69 | OK | |
r-release-macos-arm64 | 2.0.3 | 186.00 | NOTE | |||
r-release-macos-x86_64 | 2.0.3 | 276.00 | NOTE | |||
r-release-windows-x86_64 | 2.0.3 | 103.00 | 246.00 | 349.00 | OK | |
r-oldrel-macos-arm64 | 2.0.3 | 174.00 | NOTE | |||
r-oldrel-macos-x86_64 | 2.0.3 | 171.00 | NOTE | |||
r-oldrel-windows-x86_64 | 2.0.3 | 84.00 | 234.00 | 318.00 | OK |
Version: 2.0.3
Check: installed package size
Result: NOTE
installed size is 7.7Mb
sub-directories of 1Mb or more:
libs 6.9Mb
Flavors: r-release-macos-arm64, r-release-macos-x86_64, r-oldrel-macos-arm64, r-oldrel-macos-x86_64