CRAN Package Check Results for Package SuperLearner

Last updated on 2022-12-04 15:53:52 CET.

Flavor Version Tinstall Tcheck Ttotal Status Flags
r-devel-linux-x86_64-debian-clang 2.0-28 6.03 372.07 378.10 NOTE
r-devel-linux-x86_64-debian-gcc 2.0-28 5.57 284.63 290.20 NOTE
r-devel-linux-x86_64-fedora-clang 2.0-28 459.05 NOTE
r-devel-linux-x86_64-fedora-gcc 2.0-28 458.10 NOTE
r-devel-windows-x86_64 2.0-28 63.00 380.00 443.00 FAIL
r-patched-linux-x86_64 2.0-28 8.56 356.99 365.55 NOTE
r-release-linux-x86_64 2.0-28 6.44 356.14 362.58 NOTE
r-release-macos-arm64 2.0-28 169.00 NOTE
r-release-macos-x86_64 2.0-28 168.00 OK
r-release-windows-x86_64 2.0-28 75.00 604.00 679.00 FAIL
r-oldrel-macos-arm64 2.0-28 266.00 OK
r-oldrel-macos-x86_64 2.0-28 278.00 OK
r-oldrel-windows-ix86+x86_64 2.0-28 15.00 454.00 469.00 OK

Check Details

Version: 2.0-28
Check: package dependencies
Result: NOTE
    Packages suggested but not available for checking:
     'extraTrees', 'genefilter', 'sva'
Flavor: r-devel-linux-x86_64-debian-clang

Version: 2.0-28
Check: Rd cross-references
Result: NOTE
    Unknown package 'extraTrees' in Rd xrefs
Flavors: r-devel-linux-x86_64-debian-clang, r-devel-linux-x86_64-debian-gcc, r-devel-linux-x86_64-fedora-clang, r-devel-linux-x86_64-fedora-gcc, r-patched-linux-x86_64, r-release-linux-x86_64

Version: 2.0-28
Check: package dependencies
Result: NOTE
    Package suggested but not available for checking: ‘extraTrees’
Flavors: r-devel-linux-x86_64-debian-gcc, r-devel-linux-x86_64-fedora-clang, r-devel-linux-x86_64-fedora-gcc, r-patched-linux-x86_64, r-release-linux-x86_64

Version: 2.0-28
Check: re-building of vignette outputs
Result: FAIL
Flavors: r-devel-windows-x86_64, r-release-windows-x86_64

Version: 2.0-28
Check: package dependencies
Result: NOTE
    Packages suggested but not available for checking: 'genefilter', 'sva'
Flavor: r-release-macos-arm64