CRAN Package Check Results for Package SuperpixelImageSegmentation

Last updated on 2020-08-15 16:48:34 CEST.

Flavor Version Tinstall Tcheck Ttotal Status Flags
r-devel-linux-x86_64-debian-clang 1.0.2 59.99 37.17 97.16 OK
r-devel-linux-x86_64-debian-gcc 1.0.2 50.22 30.40 80.62 OK
r-devel-linux-x86_64-fedora-clang 1.0.2 137.35 NOTE
r-devel-linux-x86_64-fedora-gcc 1.0.2 134.36 OK
r-devel-windows-ix86+x86_64 1.0.2 153.00 80.00 233.00 OK
r-patched-linux-x86_64 1.0.2 49.34 35.81 85.15 OK
r-patched-solaris-x86 1.0.2 129.30 OK
r-release-linux-x86_64 1.0.2 50.96 35.70 86.66 OK
r-release-macos-x86_64 1.0.2 NOTE
r-release-windows-ix86+x86_64 1.0.2 142.00 87.00 229.00 OK
r-oldrel-macos-x86_64 1.0.2 NOTE
r-oldrel-windows-ix86+x86_64 1.0.2 106.00 76.00 182.00 OK

Check Details

Version: 1.0.2
Check: installed package size
Result: NOTE
     installed size is 5.9Mb
     sub-directories of 1Mb or more:
     libs 5.7Mb
Flavors: r-devel-linux-x86_64-fedora-clang, r-release-macos-x86_64, r-oldrel-macos-x86_64