CRAN Package Check Results for Package SuperpixelImageSegmentation

Last updated on 2020-01-20 02:47:41 CET.

Flavor Version Tinstall Tcheck Ttotal Status Flags
r-devel-linux-x86_64-debian-clang 1.0.1 55.76 32.35 88.11 OK
r-devel-linux-x86_64-debian-gcc 1.0.1 44.05 25.88 69.93 OK
r-devel-linux-x86_64-fedora-clang 1.0.1 119.49 NOTE
r-devel-linux-x86_64-fedora-gcc 1.0.1 121.12 OK
r-devel-windows-ix86+x86_64 1.0.1 128.00 119.00 247.00 OK
r-devel-windows-ix86+x86_64-gcc8 1.0.1 113.00 102.00 215.00 OK
r-patched-linux-x86_64 1.0.1 47.63 29.33 76.96 OK
r-patched-solaris-x86 1.0.1 128.00 OK
r-release-linux-x86_64 1.0.1 47.49 30.43 77.92 OK
r-release-windows-ix86+x86_64 1.0.1 138.00 102.00 240.00 OK
r-release-osx-x86_64 1.0.1 NOTE
r-oldrel-windows-ix86+x86_64 1.0.1 87.00 69.00 156.00 OK
r-oldrel-osx-x86_64 1.0.1 NOTE

Check Details

Version: 1.0.1
Check: installed package size
Result: NOTE
     installed size is 5.3Mb
     sub-directories of 1Mb or more:
     libs 5.0Mb
Flavors: r-devel-linux-x86_64-fedora-clang, r-release-osx-x86_64, r-oldrel-osx-x86_64