Last updated on 2023-05-31 16:57:06 CEST.
Flavor | Version | Tinstall | Tcheck | Ttotal | Status | Flags |
---|---|---|---|---|---|---|
r-devel-linux-x86_64-debian-clang | 1.1-9.7 | 7.83 | 29.84 | 37.67 | NOTE | |
r-devel-linux-x86_64-debian-gcc | 1.1-9.7 | 6.40 | 23.40 | 29.80 | NOTE | |
r-devel-linux-x86_64-fedora-clang | 1.1-9.7 | 47.79 | NOTE | |||
r-devel-linux-x86_64-fedora-gcc | 1.1-9.7 | 50.02 | NOTE | |||
r-devel-windows-x86_64 | 1.1-9.7 | 9.00 | 51.00 | 60.00 | NOTE | |
r-patched-linux-x86_64 | 1.1-9.7 | NOTE | ||||
r-release-linux-x86_64 | 1.1-9.7 | 6.51 | 29.08 | 35.59 | NOTE | |
r-release-macos-arm64 | 1.1-9.7 | 19.00 | NOTE | |||
r-release-macos-x86_64 | 1.1-9.7 | 28.00 | NOTE | |||
r-release-windows-x86_64 | 1.1-9.7 | 12.00 | 55.00 | 67.00 | NOTE | |
r-oldrel-macos-arm64 | 1.1-9.7 | 18.00 | OK | |||
r-oldrel-macos-x86_64 | 1.1-9.7 | 26.00 | OK | |||
r-oldrel-windows-x86_64 | 1.1-9.7 | 11.00 | 54.00 | 65.00 | OK |
Version: 1.1-9.7
Check: C++ specification
Result: NOTE
Specified C++11: please drop specification unless essential
Flavors: r-devel-linux-x86_64-debian-clang, r-devel-linux-x86_64-debian-gcc, r-devel-linux-x86_64-fedora-clang, r-devel-linux-x86_64-fedora-gcc, r-devel-windows-x86_64, r-patched-linux-x86_64, r-release-linux-x86_64, r-release-macos-arm64, r-release-macos-x86_64, r-release-windows-x86_64