CRAN Package Check Results for Package SurfaceTortoise

Last updated on 2022-08-12 15:49:45 CEST.

Flavor Version Tinstall Tcheck Ttotal Status Flags
r-devel-linux-x86_64-debian-clang 1.0.2 33.62 274.55 308.17 NOTE
r-devel-linux-x86_64-debian-gcc 1.0.2 26.61 196.98 223.59 NOTE
r-devel-linux-x86_64-fedora-clang 1.0.2 345.63 NOTE
r-devel-linux-x86_64-fedora-gcc 1.0.2 361.01 NOTE
r-devel-windows-x86_64 1.0.2 32.00 255.00 287.00 NOTE
r-patched-linux-x86_64 1.0.2 26.27 265.00 291.27 NOTE
r-release-linux-x86_64 1.0.2 29.39 263.60 292.99 NOTE
r-release-macos-arm64 1.0.2 73.00 NOTE
r-release-macos-x86_64 1.0.2 104.00 NOTE
r-release-windows-x86_64 1.0.2 32.00 253.00 285.00 NOTE
r-oldrel-macos-arm64 1.0.2 40.00 NOTE
r-oldrel-macos-x86_64 1.0.2 70.00 NOTE
r-oldrel-windows-ix86+x86_64 1.0.2 64.00 258.00 322.00 NOTE

Check Details

Version: 1.0.2
Check: LazyData
Result: NOTE
     'LazyData' is specified without a 'data' directory
Flavors: r-devel-linux-x86_64-debian-clang, r-devel-linux-x86_64-debian-gcc, r-devel-linux-x86_64-fedora-clang, r-devel-linux-x86_64-fedora-gcc, r-devel-windows-x86_64, r-patched-linux-x86_64, r-release-linux-x86_64, r-release-macos-arm64, r-release-macos-x86_64, r-release-windows-x86_64, r-oldrel-macos-arm64, r-oldrel-macos-x86_64, r-oldrel-windows-ix86+x86_64