CRAN Package Check Results for Package Surrogate

Last updated on 2021-09-17 20:49:32 CEST.

Flavor Version Tinstall Tcheck Ttotal Status Flags
r-devel-linux-x86_64-debian-clang 1.9 40.25 250.36 290.61 OK
r-devel-linux-x86_64-debian-gcc 1.9 35.56 180.90 216.46 OK
r-devel-linux-x86_64-fedora-clang 1.9 359.66 NOTE
r-devel-linux-x86_64-fedora-gcc 1.9 347.97 NOTE
r-devel-windows-x86_64 1.9 53.00 254.00 307.00 OK
r-devel-windows-x86_64-gcc10-UCRT 1.9 NOTE
r-patched-linux-x86_64 1.9 44.23 239.45 283.68 OK
r-patched-solaris-x86 1.9 424.90 NOTE
r-release-linux-x86_64 1.9 37.34 239.84 277.18 OK
r-release-macos-arm64 1.9 NOTE
r-release-macos-x86_64 1.9 NOTE
r-release-windows-ix86+x86_64 1.9 69.00 268.00 337.00 OK
r-oldrel-macos-x86_64 1.9 NOTE
r-oldrel-windows-ix86+x86_64 1.9 67.00 278.00 345.00 OK

Check Details

Version: 1.9
Check: dependencies in R code
Result: NOTE
    Namespace in Imports field not imported from: ‘rootSolve’
     All declared Imports should be used.
Flavors: r-devel-linux-x86_64-fedora-clang, r-devel-linux-x86_64-fedora-gcc, r-devel-windows-x86_64-gcc10-UCRT, r-patched-solaris-x86, r-release-macos-arm64, r-release-macos-x86_64, r-oldrel-macos-x86_64