CRAN Package Check Results for Package Surrogate

Last updated on 2022-10-02 14:49:41 CEST.

Flavor Version Tinstall Tcheck Ttotal Status Flags
r-devel-linux-x86_64-debian-clang 2.4 48.26 278.55 326.81 OK
r-devel-linux-x86_64-debian-gcc 2.4 34.80 199.51 234.31 OK
r-devel-linux-x86_64-fedora-clang 2.4 411.91 NOTE
r-devel-linux-x86_64-fedora-gcc 2.4 405.45 NOTE
r-devel-windows-x86_64 2.4 96.00 318.00 414.00 OK
r-patched-linux-x86_64 2.4 47.55 258.00 305.55 OK
r-release-linux-x86_64 2.4 38.08 255.22 293.30 OK
r-release-macos-arm64 2.4 69.00 NOTE
r-release-macos-x86_64 2.4 113.00 NOTE
r-release-windows-x86_64 2.4 121.00 382.00 503.00 OK
r-oldrel-macos-arm64 2.4 70.00 NOTE
r-oldrel-macos-x86_64 2.4 115.00 NOTE
r-oldrel-windows-ix86+x86_64 2.4 73.00 310.00 383.00 OK

Check Details

Version: 2.4
Check: dependencies in R code
Result: NOTE
    Namespaces in Imports field not imported from:
     ‘mixtools’ ‘parallel’ ‘rootSolve’
     All declared Imports should be used.
Flavors: r-devel-linux-x86_64-fedora-clang, r-devel-linux-x86_64-fedora-gcc, r-release-macos-arm64, r-release-macos-x86_64, r-oldrel-macos-arm64, r-oldrel-macos-x86_64