CRAN Package Check Results for Package SurvGSD

Last updated on 2021-05-14 10:49:26 CEST.

Flavor Version Tinstall Tcheck Ttotal Status Flags
r-devel-linux-x86_64-debian-clang 1.0.0 10.79 91.16 101.95 NOTE
r-devel-linux-x86_64-debian-gcc 1.0.0 8.87 68.23 77.10 NOTE
r-devel-linux-x86_64-fedora-clang 1.0.0 131.14 NOTE
r-devel-linux-x86_64-fedora-gcc 1.0.0 116.94 NOTE
r-devel-windows-ix86+x86_64 1.0.0 28.00 112.00 140.00 NOTE
r-devel-windows-x86_64-gcc10-UCRT 1.0.0 NOTE
r-patched-linux-x86_64 1.0.0 10.50 85.47 95.97 NOTE
r-patched-solaris-x86 1.0.0 175.40 NOTE
r-release-linux-x86_64 1.0.0 10.56 82.05 92.61 OK
r-release-macos-x86_64 1.0.0 OK
r-release-windows-ix86+x86_64 1.0.0 21.00 116.00 137.00 OK
r-oldrel-macos-x86_64 1.0.0 OK
r-oldrel-windows-ix86+x86_64 1.0.0 22.00 104.00 126.00 OK

Check Details

Version: 1.0.0
Check: LazyData
Result: NOTE
     'LazyData' is specified without a 'data' directory
Flavors: r-devel-linux-x86_64-debian-clang, r-devel-linux-x86_64-debian-gcc, r-devel-linux-x86_64-fedora-clang, r-devel-linux-x86_64-fedora-gcc, r-devel-windows-ix86+x86_64, r-devel-windows-x86_64-gcc10-UCRT, r-patched-linux-x86_64, r-patched-solaris-x86